398
CDUS43 KPAH 270634
CLIEVV


CLIMATE REPORT
NATIONAL WEATHER SERVICE PADUCAH KY
131 AM CDT MON MAY 27 2019


...................................

...THE EVANSVILLE IN CLIMATE SUMMARY FOR MAY 26 2019...

CLIMATE NORMAL PERIOD 1981 TO 2010
CLIMATE RECORD PERIOD 1896 TO 2019


WEATHER ITEM   OBSERVED TIME   RECORD YEAR NORMAL DEPARTURE LAST
                VALUE   (LST)  VALUE       VALUE  FROM      YEAR
                                                  NORMAL
..................................................................
TEMPERATURE (F)
 YESTERDAY
  MAXIMUM         85   1036 AM  96    1911  80      5       88
  MINIMUM         69   1150 PM  38    1979  58     11       69
  AVERAGE         77                        69      8       79

PRECIPITATION (IN)
  YESTERDAY        0.97          3.28 1981   0.18   0.79     0.00
  MONTH TO DATE    4.16                      4.50  -0.34     1.71
  SINCE MAR 1     16.89                     13.11   3.78    10.69
  SINCE JAN 1     28.28                     19.38   8.90    22.90

SNOWFALL (IN)
  YESTERDAY        0.0           0.0  2002   0.0    0.0      0.0
                                      2001
  MONTH TO DATE    0.0                       0.0    0.0      0.0
  SINCE MAR 1      0.2                       1.1   -0.9      4.1
  SINCE JUL 1      8.8                      11.8   -3.0     12.1
  SNOW DEPTH       0

DEGREE DAYS
 HEATING
  YESTERDAY        0                         1     -1        0
  MONTH TO DATE   63                        81    -18        2
  SINCE MAR 1    996                       962     34     1091
  SINCE JUL 1   4488                      4536    -48     4477

 COOLING
  YESTERDAY       12                         5      7       14
  MONTH TO DATE  116                        79     37      218
  SINCE MAR 1    140                       106     34      226
  SINCE JAN 1    140                       106     34      233
..................................................................


WIND (MPH)
  HIGHEST WIND SPEED    22   HIGHEST WIND DIRECTION    SW (210)
  HIGHEST GUST SPEED    31   HIGHEST GUST DIRECTION    NW (330)
  AVERAGE WIND SPEED     6.2


SKY COVER
  AVERAGE SKY COVER 0.3


WEATHER CONDITIONS
 THE FOLLOWING WEATHER WAS RECORDED YESTERDAY.
  THUNDERSTORM
  HEAVY RAIN
  RAIN
  LIGHT RAIN
  FOG


RELATIVE HUMIDITY (PERCENT)
 HIGHEST   100
 LOWEST     61
 AVERAGE    81

..........................................................


THE EVANSVILLE IN CLIMATE NORMALS FOR TODAY
                         NORMAL    RECORD    YEAR
 MAXIMUM TEMPERATURE (F)   80        96      1911
 MINIMUM TEMPERATURE (F)   58        35      1961


SUNRISE AND SUNSET
MAY 27 2019...........SUNRISE   531 AM CDT   SUNSET   803 PM CDT
MAY 28 2019...........SUNRISE   531 AM CDT   SUNSET   804 PM CDT


-  INDICATES NEGATIVE NUMBERS.
R  INDICATES RECORD WAS SET OR TIED.
MM INDICATES DATA IS MISSING.
T  INDICATES TRACE AMOUNT.




$$
