000
CDUS43 KPAH 230630
CLIEVV


CLIMATE REPORT
NATIONAL WEATHER SERVICE PADUCAH KY
127 AM CDT SAT MAR 23 2019


...................................

...THE EVANSVILLE IN CLIMATE SUMMARY FOR MARCH 22 2019...

CLIMATE NORMAL PERIOD 1981 TO 2010
CLIMATE RECORD PERIOD 1896 TO 2019


WEATHER ITEM   OBSERVED TIME   RECORD YEAR NORMAL DEPARTURE LAST
                VALUE   (LST)  VALUE       VALUE  FROM      YEAR
                                                  NORMAL
..................................................................
TEMPERATURE (F)
 YESTERDAY
  MAXIMUM         60    224 PM  80    1988  59      1       53
  MINIMUM         33    431 AM  18    1996  37     -4       27
  AVERAGE         47                        48     -1       40

PRECIPITATION (IN)
  YESTERDAY        0.00          1.60 1991   0.15  -0.15     0.00
  MONTH TO DATE    4.64                      2.91   1.73     1.61
  SINCE MAR 1      4.64                      2.91   1.73     1.61
  SINCE JAN 1     16.03                      9.18   6.85    13.82

SNOWFALL (IN)
  YESTERDAY        0.0           4.8  1968   0.1   -0.1      0.0
  MONTH TO DATE    0.2                       0.9   -0.7      3.8
  SINCE MAR 1      0.2                       0.9   -0.7      3.8
  SINCE JUL 1      8.8                      11.6   -2.8     11.8
  SNOW DEPTH       0

DEGREE DAYS
 HEATING
  YESTERDAY       18                        17      1       25
  MONTH TO DATE  562                       451    111      498
  SINCE MAR 1    562                       451    111      498
  SINCE JUL 1   4054                      4025     29     3884

 COOLING
  YESTERDAY        0                         0      0        0
  MONTH TO DATE    0                         0      0        0
  SINCE MAR 1      0                         0      0        0
  SINCE JAN 1      0                         0      0        7
..................................................................


WIND (MPH)
  HIGHEST WIND SPEED    18   HIGHEST WIND DIRECTION    NW (300)
  HIGHEST GUST SPEED    29   HIGHEST GUST DIRECTION    NW (310)
  AVERAGE WIND SPEED     8.3


SKY COVER
  AVERAGE SKY COVER 0.0


WEATHER CONDITIONS
 THE FOLLOWING WEATHER WAS RECORDED YESTERDAY.
  NO SIGNIFICANT WEATHER WAS OBSERVED.


RELATIVE HUMIDITY (PERCENT)
 HIGHEST   100
 LOWEST     40
 AVERAGE    70

..........................................................


THE EVANSVILLE IN CLIMATE NORMALS FOR TODAY
                         NORMAL    RECORD    YEAR
 MAXIMUM TEMPERATURE (F)   59        84      1910
 MINIMUM TEMPERATURE (F)   37        16      1968


SUNRISE AND SUNSET
MARCH 23 2019.........SUNRISE   649 AM CDT   SUNSET   705 PM CDT
MARCH 24 2019.........SUNRISE   648 AM CDT   SUNSET   706 PM CDT


-  INDICATES NEGATIVE NUMBERS.
R  INDICATES RECORD WAS SET OR TIED.
MM INDICATES DATA IS MISSING.
T  INDICATES TRACE AMOUNT.




$$
