000
CDUS45 KSLC 240038
CLIEVW


CLIMATE REPORT
NATIONAL WEATHER SERVICE SALT LAKE CITY UT
637 PM MDT SAT MAR 23 2019


...................................

...THE EVANSTON WY CLIMATE SUMMARY FOR MARCH 23 2019...
VALID TODAY AS OF 0500 PM LOCAL TIME.

CLIMATE NORMAL PERIOD 1981 TO 2010
CLIMATE RECORD PERIOD 9999 TO 9999


WEATHER ITEM   OBSERVED TIME   RECORD YEAR NORMAL DEPARTURE LAST
                VALUE   (LST)  VALUE       VALUE  FROM      YEAR
                                                  NORMAL
..................................................................
TEMPERATURE (F)
 TODAY
  MAXIMUM         36    359 PM  MM      MM  42     -6       44
  MINIMUM         27    335 AM  MM      MM  24      3       31
  AVERAGE         32                        33     -1       38

PRECIPITATION (IN)
  TODAY            T            MM      MM   0.04  -0.04      T
  MONTH TO DATE    0.38                      0.54  -0.16     0.06
  SINCE OCT 1      4.20                      4.48  -0.28     2.18
  SINCE JAN 1      1.02                      1.69  -0.67     0.64

DEGREE DAYS
 HEATING
  TODAY           33                        32      1       27
  MONTH TO DATE  972                       814    158      752
  SINCE MAR 1    972                       814    158      752
  SINCE JUL 1   6716                      6822   -106     5918

 COOLING
  TODAY            0                         0      0        0
  MONTH TO DATE    0                         0      0        0
  SINCE MAR 1      0                         0      0        0
  SINCE JAN 1      0                         0      0        0
..................................................................


WIND (MPH)
  RESULTANT WIND SPEED  10   RESULTANT WIND DIRECTION  SW (230)
  HIGHEST WIND SPEED    15   HIGHEST WIND DIRECTION     W (260)
  HIGHEST GUST SPEED    20   HIGHEST GUST DIRECTION     S (170)
  AVERAGE WIND SPEED    10.0


SKY COVER
  POSSIBLE SUNSHINE  MM
  AVERAGE SKY COVER 0.8


WEATHER CONDITIONS
 THE FOLLOWING WEATHER WAS RECORDED TODAY.
  SNOW
  LIGHT SNOW
  FOG
  FOG W/VISIBILITY <= 1/4 MILE


RELATIVE HUMIDITY (PERCENT)
 HIGHEST   100           900 AM
 LOWEST     75           200 PM
 AVERAGE    88

..........................................................


THE EVANSTON WY CLIMATE NORMALS FOR TOMORROW
                         NORMAL    RECORD    YEAR
 MAXIMUM TEMPERATURE (F)   42        MM        MM
 MINIMUM TEMPERATURE (F)   24        MM        MM


SUNRISE AND SUNSET
MARCH 23 2019.........SUNRISE   723 AM MDT   SUNSET   739 PM MDT
MARCH 24 2019.........SUNRISE   721 AM MDT   SUNSET   740 PM MDT


-  INDICATES NEGATIVE NUMBERS.
R  INDICATES RECORD WAS SET OR TIED.
MM INDICATES DATA IS MISSING.
T  INDICATES TRACE AMOUNT.




$$
