000
CDUS45 KSLC 260034
CLIEVW


CLIMATE REPORT
NATIONAL WEATHER SERVICE SALT LAKE CITY UT
633 PM MDT SAT MAY 25 2019


...................................

...THE EVANSTON WY CLIMATE SUMMARY FOR MAY 25 2019...
VALID TODAY AS OF 0500 PM LOCAL TIME.

CLIMATE NORMAL PERIOD 1981 TO 2010
CLIMATE RECORD PERIOD 9999 TO 9999


WEATHER ITEM   OBSERVED TIME   RECORD YEAR NORMAL DEPARTURE LAST
                VALUE   (LST)  VALUE       VALUE  FROM      YEAR
                                                  NORMAL
..................................................................
TEMPERATURE (F)
 TODAY
  MAXIMUM         58    334 PM  MM      MM  64     -6       79
  MINIMUM         35    257 AM  MM      MM  39     -4       49
  AVERAGE         47                        51     -4       64

PRECIPITATION (IN)
  TODAY            0.01         MM      MM   0.04  -0.03     0.00
  MONTH TO DATE    1.02                      1.45  -0.43     0.13
  SINCE OCT 1      6.81                      7.40  -0.59     2.31
  SINCE JAN 1      3.63                      4.61  -0.98     0.77

DEGREE DAYS
 HEATING
  TODAY           18                        14      4        1
  MONTH TO DATE  506                       429     77      333
  SINCE MAR 1   2511                      2258    253     1962
  SINCE JUL 1   8255                      8266    -11     7128

 COOLING
  TODAY            0                         0      0        0
  MONTH TO DATE    0                         0      0        0
  SINCE MAR 1      0                         0      0        0
  SINCE JAN 1      0                         0      0        0
..................................................................


WIND (MPH)
  RESULTANT WIND SPEED   7   RESULTANT WIND DIRECTION   S (190)
  HIGHEST WIND SPEED    33   HIGHEST WIND DIRECTION     S (200)
  HIGHEST GUST SPEED    42   HIGHEST GUST DIRECTION     S (190)
  AVERAGE WIND SPEED     8.6


SKY COVER
  POSSIBLE SUNSHINE  MM
  AVERAGE SKY COVER 0.5


WEATHER CONDITIONS
 THE FOLLOWING WEATHER WAS RECORDED TODAY.
  LIGHT RAIN


RELATIVE HUMIDITY (PERCENT)
 HIGHEST    82           500 AM
 LOWEST     35          1200 PM
 AVERAGE    59

..........................................................


THE EVANSTON WY CLIMATE NORMALS FOR TOMORROW
                         NORMAL    RECORD    YEAR
 MAXIMUM TEMPERATURE (F)   64        MM        MM
 MINIMUM TEMPERATURE (F)   39        MM        MM


SUNRISE AND SUNSET
MAY 25 2019...........SUNRISE   557 AM MDT   SUNSET   845 PM MDT
MAY 26 2019...........SUNRISE   557 AM MDT   SUNSET   846 PM MDT


-  INDICATES NEGATIVE NUMBERS.
R  INDICATES RECORD WAS SET OR TIED.
MM INDICATES DATA IS MISSING.
T  INDICATES TRACE AMOUNT.




$$
