000
CDUS45 KSLC 270026
CLIEVW


CLIMATE REPORT
NATIONAL WEATHER SERVICE SALT LAKE CITY UT
625 PM MDT THU APR 26 2018


...................................

...THE EVANSTON WY CLIMATE SUMMARY FOR APRIL 26 2018...
VALID TODAY AS OF 0500 PM LOCAL TIME.

CLIMATE NORMAL PERIOD 1981 TO 2010
CLIMATE RECORD PERIOD 9999 TO 9999


WEATHER ITEM   OBSERVED TIME   RECORD YEAR NORMAL DEPARTURE LAST
                VALUE   (LST)  VALUE       VALUE  FROM      YEAR
                                                  NORMAL
..................................................................
TEMPERATURE (F)
 TODAY
  MAXIMUM         66    355 PM  MM      MM  53     13       46
  MINIMUM         34    556 AM  MM      MM  32      2       30
  AVERAGE         50                        42      8       38

PRECIPITATION (IN)
  TODAY            0.00         MM      MM   0.05  -0.05    MM
  MONTH TO DATE    T                         0.94  -0.94     0.31
  SINCE OCT 1      2.18                      5.74  -3.56     4.92
  SINCE JAN 1      0.64                      2.95  -2.31     3.34

DEGREE DAYS
 HEATING
  TODAY           15                        23     -8       27
  MONTH TO DATE  623                       683    -60      639
  SINCE MAR 1   1572                      1743   -171     1497
  SINCE JUL 1   6738                      7751  -1013     7074

 COOLING
  TODAY            0                         0      0        0
  MONTH TO DATE    0                         0      0        0
  SINCE MAR 1      0                         0      0        0
  SINCE JAN 1      0                         0      0        0
..................................................................


WIND (MPH)
  RESULTANT WIND SPEED   3   RESULTANT WIND DIRECTION   E (110)
  HIGHEST WIND SPEED    15   HIGHEST WIND DIRECTION     E (80)
  HIGHEST GUST SPEED    18   HIGHEST GUST DIRECTION     E (90)
  AVERAGE WIND SPEED     6.2


SKY COVER
  POSSIBLE SUNSHINE  MM
  AVERAGE SKY COVER 0.0


WEATHER CONDITIONS
 THE FOLLOWING WEATHER WAS RECORDED TODAY.
  NO SIGNIFICANT WEATHER WAS OBSERVED.


RELATIVE HUMIDITY (PERCENT)
 HIGHEST    61           600 AM
 LOWEST     16           300 PM
 AVERAGE    39

..........................................................


THE EVANSTON WY CLIMATE NORMALS FOR TOMORROW
                         NORMAL    RECORD    YEAR
 MAXIMUM TEMPERATURE (F)   54        MM        MM
 MINIMUM TEMPERATURE (F)   32        MM        MM


SUNRISE AND SUNSET
APRIL 26 2018.........SUNRISE   628 AM MDT   SUNSET   816 PM MDT
APRIL 27 2018.........SUNRISE   627 AM MDT   SUNSET   817 PM MDT


-  INDICATES NEGATIVE NUMBERS.
R  INDICATES RECORD WAS SET OR TIED.
MM INDICATES DATA IS MISSING.
T  INDICATES TRACE AMOUNT.




$$
