000
CDUS42 KMHX 230526
CLIEWN


CLIMATE REPORT
NATIONAL WEATHER SERVICE NEWPORT/MOREHEAD CITY NC
126 AM EDT THU MAY 23 2019


...................................

...THE NEW BERN NC CLIMATE SUMMARY FOR MAY 22 2019...

CLIMATE NORMAL PERIOD 1981 TO 2010
CLIMATE RECORD PERIOD 1948 TO 2019


WEATHER ITEM   OBSERVED TIME   RECORD YEAR NORMAL DEPARTURE LAST
                VALUE   (LST)  VALUE       VALUE  FROM      YEAR
                                                  NORMAL
..................................................................
TEMPERATURE (F)
 YESTERDAY
  MAXIMUM         82    133 PM  95    1975  82      0       84
  MINIMUM         62   1158 PM  45    1992  61      1       67
  AVERAGE         72                        71      1       76

PRECIPITATION (IN)
  YESTERDAY        0.00          1.27 1990   0.14  -0.14     0.00
  MONTH TO DATE    1.05                      2.84  -1.79     3.72
  SINCE MAR 1      6.43                     10.40  -3.97    11.83
  SINCE JAN 1     13.95                     18.08  -4.13    18.24

SNOWFALL (IN)
  YESTERDAY        0.0
  MONTH TO DATE    0.0
  SINCE NOV 1      0.2
  SINCE JUL 1      0.2
  SNOW DEPTH       0

DEGREE DAYS
 HEATING
  YESTERDAY        0                         1     -1        0
  MONTH TO DATE    7                        31    -24       10
  SINCE MAR 1    493                       552    -59      743
  SINCE JUL 1   2415                      2698   -283     2912

 COOLING
  YESTERDAY        7                         7      0       11
  MONTH TO DATE  170                       103     67      163
  SINCE MAR 1    257                       170     87      182
  SINCE JAN 1    269                       173     96      224
..................................................................


WIND (MPH)
  HIGHEST WIND SPEED    17   HIGHEST WIND DIRECTION     S (170)
  HIGHEST GUST SPEED    22   HIGHEST GUST DIRECTION     S (170)
  AVERAGE WIND SPEED     6.9


SKY COVER
  POSSIBLE SUNSHINE  MM
  AVERAGE SKY COVER 0.1


WEATHER CONDITIONS
 THE FOLLOWING WEATHER WAS RECORDED YESTERDAY.
  HAZE


RELATIVE HUMIDITY (PERCENT)
 HIGHEST    78           200 AM
 LOWEST     39           100 PM
 AVERAGE    59

..........................................................


THE NEW BERN NC CLIMATE NORMALS FOR TODAY
                         NORMAL    RECORD    YEAR
 MAXIMUM TEMPERATURE (F)   82        97      1953
 MINIMUM TEMPERATURE (F)   61        44      2002


SUNRISE AND SUNSET
MAY 23 2019...........SUNRISE   559 AM EDT   SUNSET   811 PM EDT
MAY 24 2019...........SUNRISE   559 AM EDT   SUNSET   812 PM EDT


-  INDICATES NEGATIVE NUMBERS.
R  INDICATES RECORD WAS SET OR TIED.
MM INDICATES DATA IS MISSING.
T  INDICATES TRACE AMOUNT.




$$
