837
CDUS42 KMHX 192145
CLIEWN


CLIMATE REPORT
NATIONAL WEATHER SERVICE NEWPORT/MOREHEAD CITY NC
545 PM EDT TUE MAR 19 2019


...................................

...THE NEW BERN NC CLIMATE SUMMARY FOR MARCH 19 2019...
VALID TODAY AS OF 0500 PM LOCAL TIME.

CLIMATE NORMAL PERIOD 1981 TO 2010
CLIMATE RECORD PERIOD 1948 TO 2019


WEATHER ITEM   OBSERVED TIME   RECORD YEAR NORMAL DEPARTURE LAST
                VALUE   (LST)  VALUE       VALUE  FROM      YEAR
                                                  NORMAL
..................................................................
TEMPERATURE (F)
 TODAY
  MAXIMUM         56    203 PM  83    1974  66    -10       65
  MINIMUM         38    532 AM  25    2007  43     -5       38
  AVERAGE         47                        54     -7       52

PRECIPITATION (IN)
  TODAY            0.00          0.90 1984   0.14  -0.14      T
  MONTH TO DATE    0.87                      2.77  -1.90     1.66
  SINCE MAR 1      0.87                      2.77  -1.90     1.66
  SINCE JAN 1      8.39                     10.45  -2.06     8.07

SNOWFALL (IN)
  TODAY            0.0
  MONTH TO DATE    0.2
  SINCE NOV 1      0.2
  SINCE JUL 1      0.2
  SNOW DEPTH       0

DEGREE DAYS
 HEATING
  TODAY           18                        11      7       13
  MONTH TO DATE  270                       257     13      346
  SINCE MAR 1    270                       257     13      346
  SINCE JUL 1   2192                      2403   -211     2515

 COOLING
  TODAY            0                         0      0        0
  MONTH TO DATE    5                         0      5        0
  SINCE MAR 1      5                         0      5        0
  SINCE JAN 1     17                         3     14       42
..................................................................


WIND (MPH)
  HIGHEST WIND SPEED    21   HIGHEST WIND DIRECTION     N (20)
  HIGHEST GUST SPEED    26   HIGHEST GUST DIRECTION     N (10)
  AVERAGE WIND SPEED    13.0


SKY COVER
  POSSIBLE SUNSHINE  MM
  AVERAGE SKY COVER 0.2


WEATHER CONDITIONS
 THE FOLLOWING WEATHER WAS RECORDED TODAY.
  NO SIGNIFICANT WEATHER WAS OBSERVED.


RELATIVE HUMIDITY (PERCENT)
 HIGHEST    92           200 AM
 LOWEST     41           400 PM
 AVERAGE    67

..........................................................


THE NEW BERN NC CLIMATE NORMALS FOR TOMORROW
                         NORMAL    RECORD    YEAR
 MAXIMUM TEMPERATURE (F)   66        81      2012
 MINIMUM TEMPERATURE (F)   43        25      1967


SUNRISE AND SUNSET
MARCH 19 2019.........SUNRISE   714 AM EDT   SUNSET   719 PM EDT
MARCH 20 2019.........SUNRISE   712 AM EDT   SUNSET   720 PM EDT


-  INDICATES NEGATIVE NUMBERS.
R  INDICATES RECORD WAS SET OR TIED.
MM INDICATES DATA IS MISSING.
T  INDICATES TRACE AMOUNT.




$$
