802
CDUS41 KOKX 230618
CLIEWR


CLIMATE REPORT
NATIONAL WEATHER SERVICE NEW YORK NY
218 AM EDT SAT MAR 23 2019


...................................

...THE NEWARK NJ CLIMATE SUMMARY FOR MARCH 22 2019...

CLIMATE NORMAL PERIOD 1981 TO 2010
CLIMATE RECORD PERIOD 1929 TO 2019


WEATHER ITEM   OBSERVED TIME   RECORD YEAR NORMAL DEPARTURE LAST
                VALUE   (LST)  VALUE       VALUE  FROM      YEAR
                                                  NORMAL
..................................................................
TEMPERATURE (F)
 YESTERDAY
  MAXIMUM         50    436 PM  80    1938  53     -3       51
  MINIMUM         38   1138 PM  17    1934  35      3       33
  AVERAGE         44                        44      0       42

PRECIPITATION (IN)
  YESTERDAY        0.43          2.60 1977   0.14   0.29     0.05
  MONTH TO DATE    4.17                      2.88   1.29     4.37
  SINCE MAR 1      4.17                      2.88   1.29     4.37
  SINCE JAN 1     11.85                      9.30   2.55    12.17

SNOWFALL (IN)
  YESTERDAY        0.0           7.7  1967   0.1   -0.1      0.4
  MONTH TO DATE    9.9                       3.8    6.1     13.2
  SINCE OCT 1     22.0                      26.8   -4.8     34.4
  SINCE JUL 1     22.0                      26.8   -4.8     34.4
  SNOW DEPTH       0

DEGREE DAYS
 HEATING
  YESTERDAY       21                        21      0       23
  MONTH TO DATE  579                       535     44      571
  SINCE MAR 1    579                       535     44      571
  SINCE JUL 1   4136                      4170    -34     3896

 COOLING
  YESTERDAY        0                         0      0        0
  MONTH TO DATE    0                         0      0        0
  SINCE MAR 1      0                         0      0        0
  SINCE JAN 1      0                         0      0        3
..................................................................


WIND (MPH)
  HIGHEST WIND SPEED    35   HIGHEST WIND DIRECTION     W (280)
  HIGHEST GUST SPEED    44   HIGHEST GUST DIRECTION     W (280)
  AVERAGE WIND SPEED    20.6


SKY COVER
  AVERAGE SKY COVER 0.8


WEATHER CONDITIONS
 THE FOLLOWING WEATHER WAS RECORDED YESTERDAY.
  RAIN
  LIGHT RAIN
  FOG


RELATIVE HUMIDITY (PERCENT)
 HIGHEST   100           100 AM
 LOWEST     42           400 PM
 AVERAGE    71

..........................................................


THE NEWARK NJ CLIMATE NORMALS FOR TODAY
                         NORMAL    RECORD    YEAR
 MAXIMUM TEMPERATURE (F)   53        82      1938
 MINIMUM TEMPERATURE (F)   36        13      1934


SUNRISE AND SUNSET
MARCH 23 2019.........SUNRISE   656 AM EDT   SUNSET   712 PM EDT
MARCH 24 2019.........SUNRISE   654 AM EDT   SUNSET   713 PM EDT


-  INDICATES NEGATIVE NUMBERS.
R  INDICATES RECORD WAS SET OR TIED.
MM INDICATES DATA IS MISSING.
T  INDICATES TRACE AMOUNT.




$$
