000
CDUS43 KIND 220532
CLIEYE


CLIMATE REPORT
NATIONAL WEATHER SERVICE INDIANAPOLIS IN
131 AM EDT WED MAY 22 2019


...................................

...THE INDIANAPOLIS EAGLE CREEK IN CLIMATE SUMMARY FOR MAY 21 2019...

CLIMATE NORMAL PERIOD 1981 TO 2010
CLIMATE RECORD PERIOD 9999 TO 9999


WEATHER ITEM   OBSERVED TIME   NORMAL DEPARTURE LAST
                VALUE   (LST)  VALUE  FROM      YEAR
                                      NORMAL
......................................................
TEMPERATURE (F)
 YESTERDAY
  MAXIMUM         58   1159 PM  74    -16       82
  MINIMUM         47    446 AM  55     -8       65
  AVERAGE         53            64    -11       74

PRECIPITATION (IN)
  YESTERDAY        0.16          0.17  -0.01     0.01
  MONTH TO DATE    2.66          3.95  -1.29     1.95
  SINCE MAR 1     12.55         11.15   1.40     9.27
  SINCE JAN 1     19.32         15.49   3.83    15.28

DEGREE DAYS
 HEATING
  YESTERDAY       12             3      9        0
  MONTH TO DATE  129           114     15        7
  SINCE MAR 1   1280          1184     96     1339
  SINCE JUL 1   5307          5309     -2     5223

 COOLING
  YESTERDAY        0             3     -3        9
  MONTH TO DATE   21            34    -13      117
  SINCE MAR 1     21            49    -28      124
  SINCE JAN 1     21            49    -28      130
......................................................


WIND (MPH)
  HIGHEST WIND SPEED    20   HIGHEST WIND DIRECTION     E (100)
  HIGHEST GUST SPEED    28   HIGHEST GUST DIRECTION     E (110)
  AVERAGE WIND SPEED    10.9


SKY COVER
  AVERAGE SKY COVER 0.4


WEATHER CONDITIONS
 THE FOLLOWING WEATHER WAS RECORDED YESTERDAY.
  RAIN
  LIGHT RAIN
  FOG


RELATIVE HUMIDITY (PERCENT)
 HIGHEST    93           400 PM
 LOWEST     66          1000 AM
 AVERAGE    80

..........................................................


THE INDIANAPOLIS EAGLE CREEK IN CLIMATE NORMALS FOR TODAY
                         NORMAL
 MAXIMUM TEMPERATURE (F)   74
 MINIMUM TEMPERATURE (F)   55


SUNRISE AND SUNSET
MAY 22 2019...........SUNRISE   625 AM EDT   SUNSET   859 PM EDT
MAY 23 2019...........SUNRISE   624 AM EDT   SUNSET   900 PM EDT


-  INDICATES NEGATIVE NUMBERS.
R  INDICATES RECORD WAS SET OR TIED.
MM INDICATES DATA IS MISSING.
T  INDICATES TRACE AMOUNT.




$$
