036
CDUS42 KKEY 230528
CLIEYW


CLIMATE REPORT
NATIONAL WEATHER SERVICE KEY WEST, FL
127 AM EDT SAT MAR 23 2019


...................................

...THE KEY WEST CLIMATE SUMMARY FOR MARCH 22 2019...

CLIMATE NORMAL PERIOD 1981 TO 2010
CLIMATE RECORD PERIOD 1871 TO 2019


WEATHER ITEM   OBSERVED TIME   RECORD YEAR NORMAL DEPARTURE LAST
                VALUE   (LST)  VALUE       VALUE  FROM      YEAR
                                                  NORMAL
..................................................................
TEMPERATURE (F)
 YESTERDAY
  MAXIMUM         74    332 PM  87    1977  79     -5       70
  MINIMUM         66   1159 PM  53    1996  69     -3       64
  AVERAGE         70                        74     -4       67

PRECIPITATION (IN)
  YESTERDAY        0.00         0.78  1941   0.05  -0.05     0.00
  MONTH TO DATE    1.80                      1.53   0.27     2.12
  SINCE MAR 1      1.80                      1.53   0.27     2.12
  SINCE JAN 1      4.84                      5.06  -0.22     3.36

SNOWFALL (IN)
  YESTERDAY        0.0
  MONTH TO DATE    0.0
  SINCE MAR 1      0.0
  SINCE JUL 1      0.0
  SNOW DEPTH       0

DEGREE DAYS
 HEATING
  YESTERDAY        0                         0      0        0
  MONTH TO DATE    0                         0      0        2
  SINCE MAR 1      0                         0      0        2
  SINCE JUL 1     12                        66    -54       44

 COOLING
  YESTERDAY        5                         9     -4        2
  MONTH TO DATE  260                       180     80      148
  SINCE MAR 1    260                       180     80      148
  SINCE JAN 1    818                       528    290      601
..................................................................


WIND (MPH)
  HIGHEST WIND SPEED    18   HIGHEST WIND DIRECTION     N (340)
  HIGHEST GUST SPEED    25   HIGHEST GUST DIRECTION     N (340)
  AVERAGE WIND SPEED    10.7


SKY COVER
  POSSIBLE SUNSHINE  MM
  AVERAGE SKY COVER  0.2


WEATHER CONDITIONS
 THE FOLLOWING WEATHER WAS RECORDED YESTERDAY.
  NO SIGNIFICANT WEATHER WAS OBSERVED.


RELATIVE HUMIDITY (PERCENT)
 HIGHEST    66
 LOWEST     46
 AVERAGE    56

..........................................................


THE KEY WEST CLIMATE NORMALS FOR TODAY
                         NORMAL    RECORD    YEAR
 MAXIMUM TEMPERATURE (F)   79        88      1874
 MINIMUM TEMPERATURE (F)   69        53      1986


SUNRISE AND SUNSET
MARCH 23 2019.........SUNRISE   728 AM EDT   SUNSET   739 PM EDT
MARCH 24 2019.........SUNRISE   727 AM EDT   SUNSET   740 PM EDT


-  INDICATES NEGATIVE NUMBERS.
R  INDICATES RECORD WAS SET OR TIED.
MM INDICATES DATA IS MISSING.
T  INDICATES TRACE AMOUNT.

$$
