000
CDUS42 KKEY 270534
CLIEYW


CLIMATE REPORT
NATIONAL WEATHER SERVICE KEY WEST, FL
132 AM EDT MON MAY 27 2019


...................................

...THE KEY WEST CLIMATE SUMMARY FOR MAY 26 2019...

CLIMATE NORMAL PERIOD 1981 TO 2010
CLIMATE RECORD PERIOD 1871 TO 2019


WEATHER ITEM   OBSERVED TIME   RECORD YEAR NORMAL DEPARTURE LAST
                VALUE   (LST)  VALUE       VALUE  FROM      YEAR
                                                  NORMAL
..................................................................
TEMPERATURE (F)
 YESTERDAY
  MAXIMUM         85    315 PM  91    1989  86     -1       80
                                      1873
  MINIMUM         78    627 AM  68    1992  77      1       75
  AVERAGE         82                        82      0       78

PRECIPITATION (IN)
  YESTERDAY        0.00          2.89 1882   0.14  -0.14     0.38
  MONTH TO DATE    3.49                      2.30   1.19    13.47
  SINCE MAR 1      7.71                      6.40   1.31    15.80
  SINCE JAN 1     10.75                      9.93   0.82    17.04

SNOWFALL (IN)
  YESTERDAY        0.0
  MONTH TO DATE    0.0
  SINCE MAR 1      0.0
  SINCE JUL 1      0.0
  SNOW DEPTH       0

DEGREE DAYS
 HEATING
  YESTERDAY        0                         0      0        0
  MONTH TO DATE    0                         0      0        0
  SINCE MAR 1      0                         7     -7        2
  SINCE JUL 1     12                        73    -61       44

 COOLING
  YESTERDAY       17                        17      0       13
  MONTH TO DATE  457                       392     65      363
  SINCE MAR 1   1241                       998    243      997
  SINCE JAN 1   1799                      1346    453     1450
..................................................................


WIND (MPH)
  HIGHEST WIND SPEED    22   HIGHEST WIND DIRECTION     E (100)
  HIGHEST GUST SPEED    27   HIGHEST GUST DIRECTION     E (110)
  AVERAGE WIND SPEED    13.8


SKY COVER
  POSSIBLE SUNSHINE  MM
  AVERAGE SKY COVER 0.2


WEATHER CONDITIONS
 THE FOLLOWING WEATHER WAS RECORDED YESTERDAY.
  NO SIGNIFICANT WEATHER WAS OBSERVED.


RELATIVE HUMIDITY (PERCENT)
 HIGHEST    79
 LOWEST     61
 AVERAGE    70

..........................................................


THE KEY WEST CLIMATE NORMALS FOR TODAY
                         NORMAL    RECORD    YEAR
 MAXIMUM TEMPERATURE (F)   86        90      2017
                                             2000
                                             1989
 MINIMUM TEMPERATURE (F)   77        70      1894


SUNRISE AND SUNSET
MAY 27 2019...........SUNRISE   639 AM EDT   SUNSET   809 PM EDT
MAY 28 2019...........SUNRISE   639 AM EDT   SUNSET   810 PM EDT


-  INDICATES NEGATIVE NUMBERS.
R  INDICATES RECORD WAS SET OR TIED.
MM INDICATES DATA IS MISSING.
T  INDICATES TRACE AMOUNT.




$$
