000
CDAK49 PAFG 270046
CLIFAI

CLIMATE REPORT
NATIONAL WEATHER SERVICE FAIRBANKS AK
446 PM AKDT TUE MAR 26 2019

...................................

...THE FAIRBANKS AK CLIMATE SUMMARY FOR MARCH 26 2019...
VALID TODAY AS OF 0400 PM LOCAL TIME.

CLIMATE NORMAL PERIOD 1981 TO 2010
CLIMATE RECORD PERIOD 1904 TO 2019


WEATHER ITEM   OBSERVED TIME   RECORD YEAR NORMAL DEPARTURE LAST
                VALUE   (LST)  VALUE       VALUE  FROM      YEAR
                                                  NORMAL
..................................................................
TEMPERATURE (F)
 TODAY
  MAXIMUM         45    259 PM  52    2015  31     14       31
  MINIMUM         34    649 AM -35    1925   3     31       -8
  AVERAGE         40                        17     23       12

PRECIPITATION (IN)
  TODAY            T             0.18 1986   0.00   0.00     0.00
  MONTH TO DATE    0.29                      0.21   0.08     0.50
  SINCE MAR 1      0.29                      0.21   0.08     0.50
  SINCE JAN 1      1.73                      1.21   0.52     3.16

SNOWFALL (IN)
  TODAY            T             2.0  1986   0.1   -0.1      0.0
  MONTH TO DATE    1.8                       4.2   -2.4      7.4
  SINCE MAR 1      1.8                       4.2   -2.4      7.4
  SINCE JUL 1     51.1                      60.5   -9.4     81.7
  SNOW DEPTH      10

DEGREE DAYS
 HEATING
  TODAY           25                        48    -23       53
  MONTH TO DATE  999                      1432   -433     1294
  SINCE MAR 1    999                      1432   -433     1294
  SINCE JUL 1  10274                     11822  -1548    10519

 COOLING
  TODAY            0                         0      0        0
  MONTH TO DATE    0                         0      0        0
  SINCE MAR 1      0                         0      0        0
  SINCE JAN 1      0                         0      0        0
..................................................................


WIND (MPH)
  HIGHEST GUST SPEED     6   HIGHEST GUST DIRECTION    NE (40)


SKY COVER
  AVERAGE SKY COVER 1.0


WEATHER CONDITIONS
 THE FOLLOWING WEATHER WAS RECORDED TODAY.
  LIGHT RAIN
  LIGHT SNOW


RELATIVE HUMIDITY (PERCENT)
 HIGHEST    92
 LOWEST     65
 AVERAGE    79

..........................................................


THE FAIRBANKS AK CLIMATE NORMALS FOR TOMORROW
                         NORMAL    RECORD    YEAR
 MAXIMUM TEMPERATURE (F)   31        53      1940
 MINIMUM TEMPERATURE (F)    4       -37      1925


SUNRISE AND SUNSET
MARCH 26 2019.........SUNRISE   730 AM AKDT  SUNSET   826 PM AKDT
MARCH 27 2019.........SUNRISE   727 AM AKDT  SUNSET   829 PM AKDT


-  INDICATES NEGATIVE NUMBERS.
R  INDICATES RECORD WAS SET OR TIED.
MM INDICATES DATA IS MISSING.
T  INDICATES TRACE AMOUNT.

&&

SNOW DEPTH IS MEASURED AT 3AM AKST/4AM AKDT

----------------------------
AVAILABLE DAYLIGHT

AMOUNT OF DAYLIGHT TODAY  (HOUR:MIN)........13:03
GAIN SINCE YESTERDAY........................7 MINUTES
----------------------------

$$
THR MAR 19
