000
CDAK49 PAFG 230950
CLIFAI

CLIMATE REPORT
NATIONAL WEATHER SERVICE FAIRBANKS AK
150 AM AKDT MON APR 23 2018

...................................

...THE FAIRBANKS AK CLIMATE SUMMARY FOR APRIL 22 2018...

CLIMATE NORMAL PERIOD 1981 TO 2010
CLIMATE RECORD PERIOD 1904 TO 2018


WEATHER ITEM   OBSERVED TIME   RECORD YEAR NORMAL DEPARTURE LAST
                VALUE   (LST)  VALUE       VALUE  FROM      YEAR
                                                  NORMAL
..................................................................
TEMPERATURE (F)
 YESTERDAY
  MAXIMUM         51    541 PM  65    1940  49      2       52
  MINIMUM         22    528 AM -20    1924  26     -4       27
  AVERAGE         37                        38     -1       40

PRECIPITATION (IN)
  YESTERDAY        0.00          0.61 1941   0.01  -0.01     0.00
  MONTH TO DATE    0.06                      0.20  -0.14     0.09
  SINCE MAR 1      0.64                      0.45   0.19     0.26
  SINCE JAN 1      3.30                      1.45   1.85     2.46

SNOWFALL (IN)
  YESTERDAY        0.0           2.9  1941   0.1   -0.1      0.0
  MONTH TO DATE    1.8                       2.4   -0.6      1.2
  SINCE MAR 1     10.7                       7.3    3.4      4.7
  SINCE JUL 1     85.0                      63.6   21.4     83.7
  SNOW DEPTH      15

DEGREE DAYS
 HEATING
  YESTERDAY       28                        27      1       25
  MONTH TO DATE  800                       776     24      684
  SINCE MAR 1   2323                      2436   -113     2783
  SINCE JUL 1  11548                     12826  -1278    12913

 COOLING
  YESTERDAY        0                         0      0        0
  MONTH TO DATE    0                         0      0        0
  SINCE MAR 1      0                         0      0        0
  SINCE JAN 1      0                         0      0        0
..................................................................


WIND (MPH)
  HIGHEST GUST SPEED    15   HIGHEST GUST DIRECTION     N (350)


SKY COVER
  AVERAGE SKY COVER 0.2


WEATHER CONDITIONS
 THE FOLLOWING WEATHER WAS RECORDED YESTERDAY.
  NO SIGNIFICANT WEATHER WAS OBSERVED.


RELATIVE HUMIDITY (PERCENT)
 HIGHEST    68
 LOWEST     26
 AVERAGE    47

..........................................................


THE FAIRBANKS AK CLIMATE NORMALS FOR TODAY
                         NORMAL    RECORD    YEAR
 MAXIMUM TEMPERATURE (F)   50        66      2016
                                             1940
 MINIMUM TEMPERATURE (F)   27       -13      1948


SUNRISE AND SUNSET
APRIL 23 2018.........SUNRISE   547 AM AKDT  SUNSET   955 PM AKDT
APRIL 24 2018.........SUNRISE   543 AM AKDT  SUNSET   958 PM AKDT


-  INDICATES NEGATIVE NUMBERS.
R  INDICATES RECORD WAS SET OR TIED.
MM INDICATES DATA IS MISSING.
T  INDICATES TRACE AMOUNT.

&&

SNOW DEPTH IS MEASURED AT 3AM AKST/4AM AKDT

----------------------------
AVAILABLE DAYLIGHT

AMOUNT OF DAYLIGHT TODAY  (HOUR:MIN)........16:08
GAIN SINCE YESTERDAY........................7 MINUTES
----------------------------

$$
AY APR 18
