000
CDAK49 PAFG 180053
CLIFAI

CLIMATE REPORT
NATIONAL WEATHER SERVICE FAIRBANKS AK
453 PM AKDT MON JUN 17 2019

...................................

...THE FAIRBANKS AK CLIMATE SUMMARY FOR JUNE 17 2019...
VALID TODAY AS OF 0400 PM LOCAL TIME.

CLIMATE NORMAL PERIOD 1981 TO 2010
CLIMATE RECORD PERIOD 1904 TO 2019


WEATHER ITEM   OBSERVED TIME   RECORD YEAR NORMAL DEPARTURE LAST
                VALUE   (LST)  VALUE       VALUE  FROM      YEAR
                                                  NORMAL
..................................................................
TEMPERATURE (F)
 TODAY
  MAXIMUM         75    217 PM  90    1948  72      3       69
  MINIMUM         50    342 AM  37    1954  50      0       49
                                      1924
  AVERAGE         63                        61      2       59

PRECIPITATION (IN)
  TODAY            0.00          0.58 1919   0.05  -0.05     0.02
  MONTH TO DATE    1.24                      0.67   0.57     0.46
  SINCE JUN 1      1.24                      0.67   0.57     0.46
  SINCE JAN 1      4.73                      2.83   1.90     5.00

SNOWFALL (IN)
  TODAY            0.0           0.0  2002   0.0    0.0      0.0
                                      2001
                                      2000
  MONTH TO DATE    0.0                       0.0    0.0      0.0
  SINCE JUN 1      0.0                       0.0    0.0      0.0
  SINCE JUL 1     57.5                      65.0   -7.5     85.7
  SNOW DEPTH       0

DEGREE DAYS
 HEATING
  TODAY            2                         4     -2        6
  MONTH TO DATE   82                       114    -32      154
  SINCE JUN 1     82                       114    -32      154
  SINCE JUL 1  11683                     13623  -1940    12375

 COOLING
  TODAY            0                         1     -1        0
  MONTH TO DATE    4                         4      0        0
  SINCE JUN 1      4                         4      0        0
  SINCE JAN 1      5                         5      0        0
..................................................................


WIND (MPH)
  HIGHEST GUST SPEED    25   HIGHEST GUST DIRECTION    SE (140)


SKY COVER
  AVERAGE SKY COVER 0.8


WEATHER CONDITIONS
 THE FOLLOWING WEATHER WAS RECORDED TODAY.
  NO SIGNIFICANT WEATHER WAS OBSERVED.


RELATIVE HUMIDITY (PERCENT)
 HIGHEST    93
 LOWEST     31
 AVERAGE    62

..........................................................


THE FAIRBANKS AK CLIMATE NORMALS FOR TOMORROW
                         NORMAL    RECORD    YEAR
 MAXIMUM TEMPERATURE (F)   73        91      1967
 MINIMUM TEMPERATURE (F)   51        35      1925
                                             1910


SUNRISE AND SUNSET
JUNE 17 2019..........SUNRISE   300 AM AKDT  SUNSET  1244 AM AKDT
JUNE 18 2019..........SUNRISE   300 AM AKDT  SUNSET  1245 AM AKDT


-  INDICATES NEGATIVE NUMBERS.
R  INDICATES RECORD WAS SET OR TIED.
MM INDICATES DATA IS MISSING.
T  INDICATES TRACE AMOUNT.

&&

SNOW DEPTH IS MEASURED AT 3AM AKST/4AM AKDT

----------------------------
AVAILABLE DAYLIGHT

AMOUNT OF DAYLIGHT TODAY  (HOUR:MIN)........21:46
GAIN SINCE YESTERDAY........................2 MINUTES
----------------------------

$$
JUN 19
