000
CDUS43 KFGF 222218
CLIFAR


CLIMATE REPORT
NATIONAL WEATHER SERVICE EASTERN NORTH DAKOTA/GRAND FORKS
518 PM CDT WED MAY 22 2019


...................................

...THE FARGO HECTOR INTL AP ND CLIMATE SUMMARY FOR MAY 22 2019...
VALID TODAY AS OF 0500 PM LOCAL TIME.

CLIMATE NORMAL PERIOD 1981 TO 2010
CLIMATE RECORD PERIOD 1881 TO 2019


WEATHER ITEM   OBSERVED TIME   RECORD YEAR NORMAL DEPARTURE LAST
                VALUE   (LST)  VALUE       VALUE  FROM      YEAR
                                                  NORMAL
..................................................................
TEMPERATURE (F)
 TODAY
  MAXIMUM         52    259 PM  93    2012  71    -19       83
                                      1980
  MINIMUM         46    355 AM  21    1963  47     -1       53
  AVERAGE         49                        59    -10       68

PRECIPITATION (IN)
  TODAY            0.76          1.63 1981   0.10   0.66     0.00
  MONTH TO DATE    1.97                      1.91   0.06     1.48
  SINCE MAR 1      4.82                      4.57   0.25     3.78
  SINCE JAN 1      7.10                      5.88   1.22     4.82

SNOWFALL (IN)
  TODAY            0.0           T    1949   0.0    0.0      0.0
  MONTH TO DATE    0.0                       0.0    0.0      0.0
  SINCE MAR 1     17.6                      12.4    5.2     22.8
  SINCE JUL 1     65.4                      50.4   15.0     50.0
  SNOW DEPTH       0

DEGREE DAYS
 HEATING
  TODAY           16                         7      9        0
  MONTH TO DATE  334                       220    114      145
  SINCE MAR 1   2382                      1998    384     2250
  SINCE JUL 1   9680                      8676   1004     8897

 COOLING
  TODAY            0                         1     -1        3
  MONTH TO DATE    0                        18    -18       19
  SINCE MAR 1      0                        21    -21       19
  SINCE JAN 1      0                        21    -21       19
..................................................................


WIND (MPH)
  HIGHEST WIND SPEED    24   HIGHEST WIND DIRECTION     E (70)
  HIGHEST GUST SPEED    36   HIGHEST GUST DIRECTION     E (70)
  AVERAGE WIND SPEED    13.6


SKY COVER
  POSSIBLE SUNSHINE  MM
  AVERAGE SKY COVER 0.9


WEATHER CONDITIONS
 THE FOLLOWING WEATHER WAS RECORDED TODAY.
  HEAVY RAIN
  RAIN
  LIGHT RAIN
  FOG


RELATIVE HUMIDITY (PERCENT)
 HIGHEST    96           300 PM
 LOWEST     86           100 AM
 AVERAGE    91

..........................................................


THE FARGO HECTOR INTL AP ND CLIMATE NORMALS FOR TOMORROW
                         NORMAL    RECORD    YEAR
 MAXIMUM TEMPERATURE (F)   71        92      1928
 MINIMUM TEMPERATURE (F)   48        31      1924


SUNRISE AND SUNSET
MAY 22 2019...........SUNRISE   545 AM CDT   SUNSET   904 PM CDT
MAY 23 2019...........SUNRISE   544 AM CDT   SUNSET   905 PM CDT


-  INDICATES NEGATIVE NUMBERS.
R  INDICATES RECORD WAS SET OR TIED.
MM INDICATES DATA IS MISSING.
T  INDICATES TRACE AMOUNT.




$$
