000
CDUS43 KFGF 252212
CLIFAR


CLIMATE REPORT
NATIONAL WEATHER SERVICE EASTERN NORTH DAKOTA/GRAND FORKS
511 PM CDT MON MAR 25 2019


...................................

...THE FARGO HECTOR INTL AP ND CLIMATE SUMMARY FOR MARCH 25 2019...
VALID TODAY AS OF 0500 PM LOCAL TIME.

CLIMATE NORMAL PERIOD 1981 TO 2010
CLIMATE RECORD PERIOD 1881 TO 2019


WEATHER ITEM   OBSERVED TIME   RECORD YEAR NORMAL DEPARTURE LAST
                VALUE   (LST)  VALUE       VALUE  FROM      YEAR
                                                  NORMAL
..................................................................
TEMPERATURE (F)
 TODAY
  MAXIMUM         34    246 PM  71    1925  41     -7       36
  MINIMUM         20    805 AM -11    1894  24     -4       32
  AVERAGE         27                        32     -5       34

PRECIPITATION (IN)
  TODAY            0.00          0.98 1927   0.04  -0.04     0.06
  MONTH TO DATE    1.66                      1.04   0.62     1.30
  SINCE MAR 1      1.66                      1.04   0.62     1.30
  SINCE JAN 1      3.94                      2.35   1.59     2.34

SNOWFALL (IN)
  TODAY            0.0          10.1  1927   0.2   -0.2      0.5
  MONTH TO DATE   11.3                       8.0    3.3      9.2
  SINCE MAR 1     11.3                       8.0    3.3      9.2
  SINCE JUL 1     59.1                      46.0   13.1     36.4
  SNOW DEPTH      MM

DEGREE DAYS
 HEATING
  TODAY           38                        33      5       31
  MONTH TO DATE 1197                       969    228      963
  SINCE MAR 1   1197                       969    228      963
  SINCE JUL 1   8495                      7647    848     7610

 COOLING
  TODAY            0                         0      0        0
  MONTH TO DATE    0                         0      0        0
  SINCE MAR 1      0                         0      0        0
  SINCE JAN 1      0                         0      0        0
..................................................................


WIND (MPH)
  HIGHEST WIND SPEED    10   HIGHEST WIND DIRECTION     N (360)
  HIGHEST GUST SPEED    12   HIGHEST GUST DIRECTION     N (360)
  AVERAGE WIND SPEED     5.1


SKY COVER
  POSSIBLE SUNSHINE  MM
  AVERAGE SKY COVER 0.8


WEATHER CONDITIONS
 THE FOLLOWING WEATHER WAS RECORDED TODAY.
  NO SIGNIFICANT WEATHER WAS OBSERVED.


RELATIVE HUMIDITY (PERCENT)
 HIGHEST    84           200 AM
 LOWEST     69           100 PM
 AVERAGE    77

..........................................................


THE FARGO HECTOR INTL AP ND CLIMATE NORMALS FOR TOMORROW
                         NORMAL    RECORD    YEAR
 MAXIMUM TEMPERATURE (F)   42        68      1946
 MINIMUM TEMPERATURE (F)   24       -12      1996


SUNRISE AND SUNSET
MARCH 25 2019.........SUNRISE   721 AM CDT   SUNSET   747 PM CDT
MARCH 26 2019.........SUNRISE   719 AM CDT   SUNSET   748 PM CDT


-  INDICATES NEGATIVE NUMBERS.
R  INDICATES RECORD WAS SET OR TIED.
MM INDICATES DATA IS MISSING.
T  INDICATES TRACE AMOUNT.




$$
