000
CDUS46 KHNX 220827
CLIFAT


CLIMATE REPORT
NATIONAL WEATHER SERVICE SAN JOAQUIN VALLEY, CA
126 AM PDT WED MAY 22 2019


...................................

...THE FRESNO CA CLIMATE SUMMARY FOR MAY 21 2019...

CLIMATE NORMAL PERIOD 1981 TO 2010
CLIMATE RECORD PERIOD 1887 TO 2019


WEATHER ITEM   OBSERVED TIME   RECORD YEAR NORMAL DEPARTURE LAST
                VALUE   (LST)  VALUE       VALUE  FROM      YEAR
                                                  NORMAL
..................................................................
TEMPERATURE (F)
 YESTERDAY
  MAXIMUM         67    118 PM 104    1892  86    -19
  MINIMUM         53    428 AM  42    1975  57     -4
  AVERAGE         60                        71    -11       67

PRECIPITATION (IN)
  YESTERDAY        0.15          0.28 2006   0.01   0.14
  MONTH TO DATE    1.79                      0.32   1.47
  SINCE OCT 1     11.26                     10.99   0.27
  SINCE JAN 1      8.93                      7.52   1.41

SNOWFALL (IN)
  YESTERDAY        0.0
  MONTH TO DATE    0.0
  SINCE MAR 1      0.0
  SINCE JUL 1      0.0
  SNOW DEPTH       0

DEGREE DAYS
 HEATING
  YESTERDAY        5                                4
  MONTH TO DATE   34                                7
  SINCE MAR 1    313                             -115
  SINCE JUL 1   1803                             -537

 COOLING
  YESTERDAY        0                               -7
  MONTH TO DATE   77                              -32
  SINCE MAR 1    196                               36
  SINCE JAN 1    196                               36
..................................................................


WIND (MPH)
  HIGHEST WIND SPEED    26   HIGHEST WIND DIRECTION     W (280)
  HIGHEST GUST SPEED    33   HIGHEST GUST DIRECTION     W (290)
  AVERAGE WIND SPEED     9.6




RELATIVE HUMIDITY (PERCENT)
 HIGHEST    89
 LOWEST     48
 AVERAGE    69

..........................................................


THE FRESNO CA CLIMATE NORMALS FOR TODAY
                         NORMAL    RECORD    YEAR
 MAXIMUM TEMPERATURE (F)   86       104      1967
 MINIMUM TEMPERATURE (F)   58        43      1909
                                             1903


SUNRISE AND SUNSET
MAY 22 2019...........SUNRISE   546 AM PDT   SUNSET   805 PM PDT
MAY 23 2019...........SUNRISE   546 AM PDT   SUNSET   806 PM PDT


-  INDICATES NEGATIVE NUMBERS.
R  INDICATES RECORD WAS SET OR TIED.
MM INDICATES DATA IS MISSING.
T  INDICATES TRACE AMOUNT.




$$
