000
CDUS46 KHNX 230826
CLIFAT


CLIMATE REPORT
NATIONAL WEATHER SERVICE SAN JOAQUIN VALLEY, CA
126 AM PDT SAT MAR 23 2019


...................................

...THE FRESNO CA CLIMATE SUMMARY FOR MARCH 22 2019...

CLIMATE NORMAL PERIOD 1981 TO 2010
CLIMATE RECORD PERIOD 1887 TO 2019


WEATHER ITEM   OBSERVED TIME   RECORD YEAR NORMAL DEPARTURE LAST
                VALUE   (LST)  VALUE       VALUE  FROM      YEAR
                                                  NORMAL
..................................................................
TEMPERATURE (F)
 YESTERDAY
  MAXIMUM         67    418 PM  83    1925  69     -2
  MINIMUM         44    616 AM  30    1898  46     -2
  AVERAGE         56                        57     -1       58

PRECIPITATION (IN)
  YESTERDAY        0.00          1.06 2018   0.06  -0.06
  MONTH TO DATE    1.14                      1.53  -0.39
  SINCE OCT 1      8.96                      9.22  -0.26
  SINCE JAN 1      6.63                      5.75   0.88

SNOWFALL (IN)
  YESTERDAY        0.0
  MONTH TO DATE    0.0
  SINCE MAR 1      0.0
  SINCE JUL 1      0.0
  SNOW DEPTH       0

DEGREE DAYS
 HEATING
  YESTERDAY        9                                1
  MONTH TO DATE  187                              -12
  SINCE MAR 1    187                              -12
  SINCE JUL 1   1677                             -434

 COOLING
  YESTERDAY        0                                0
  MONTH TO DATE    5                                5
  SINCE MAR 1      5                                5
  SINCE JAN 1      5                                5
..................................................................


WIND (MPH)
  HIGHEST WIND SPEED    12   HIGHEST WIND DIRECTION     W (260)
  HIGHEST GUST SPEED    13   HIGHEST GUST DIRECTION     W (260)
  AVERAGE WIND SPEED     3.5




RELATIVE HUMIDITY (PERCENT)
 HIGHEST    92
 LOWEST     37
 AVERAGE    65

..........................................................


THE FRESNO CA CLIMATE NORMALS FOR TODAY
                         NORMAL    RECORD    YEAR
 MAXIMUM TEMPERATURE (F)   69        85      1926
 MINIMUM TEMPERATURE (F)   46        34      1898


SUNRISE AND SUNSET
MARCH 23 2019.........SUNRISE   658 AM PDT   SUNSET   713 PM PDT
MARCH 24 2019.........SUNRISE   657 AM PDT   SUNSET   714 PM PDT


-  INDICATES NEGATIVE NUMBERS.
R  INDICATES RECORD WAS SET OR TIED.
MM INDICATES DATA IS MISSING.
T  INDICATES TRACE AMOUNT.




$$
