000
CDUS42 KRAH 262052
CLIFAY


CLIMATE REPORT
NATIONAL WEATHER SERVICE RALEIGH NC
444 PM EDT THU APR 26 2018


...................................

...THE FAYETTEVILLE REGL AIRPORT NC CLIMATE SUMMARY FOR APRIL 26 2018...
VALID TODAY AS OF 0444 PM LOCAL TIME.

CLIMATE NORMAL PERIOD 1981 TO 2010
CLIMATE RECORD PERIOD 1910 TO 2018


WEATHER ITEM   OBSERVED TIME   RECORD YEAR NORMAL DEPARTURE LAST
                VALUE   (LST)  VALUE       VALUE  FROM      YEAR
                                                  NORMAL
..................................................................
TEMPERATURE (F)
 TODAY
  MAXIMUM         77    330 PM  93    1960  78     -1       84
  MINIMUM         53    411 AM  32    1919  53      0       62
  AVERAGE         65                        65      0       73

PRECIPITATION (IN)
  TODAY            0.00          2.63 1978   0.07  -0.07     0.00
  MONTH TO DATE    2.71                      2.57   0.14     4.23
  SINCE MAR 1      5.58                      6.12  -0.54     6.91
  SINCE JAN 1     10.28                     12.18  -1.90    10.33

DEGREE DAYS
 HEATING
  TODAY            0                         3     -3        0
  MONTH TO DATE  159                       128     31       44
  SINCE MAR 1    623                       472    151      393
  SINCE JUL 1   2689                      2697     -8     2015

 COOLING
  TODAY            0                         3     -3        8
  MONTH TO DATE   31                        53    -22      109
  SINCE MAR 1     36                        65    -29      145
  SINCE JAN 1     84                        69     15      160
..................................................................


WIND (MPH)
  HIGHEST WIND SPEED    12   HIGHEST WIND DIRECTION    NE (30)
  HIGHEST GUST SPEED    13   HIGHEST GUST DIRECTION    NE (30)
  AVERAGE WIND SPEED     4.5


SKY COVER
  POSSIBLE SUNSHINE  MM
  AVERAGE SKY COVER 0.5


WEATHER CONDITIONS
 THE FOLLOWING WEATHER WAS RECORDED TODAY.
  NO SIGNIFICANT WEATHER WAS OBSERVED.


RELATIVE HUMIDITY (PERCENT)
 HIGHEST    93           400 AM
 LOWEST     46           200 PM
 AVERAGE    70

..........................................................


THE FAYETTEVILLE REGL AIRPORT NC CLIMATE NORMALS FOR TOMORROW
                         NORMAL    RECORD    YEAR
 MAXIMUM TEMPERATURE (F)   78        93      1990
 MINIMUM TEMPERATURE (F)   53        35      1972


SUNRISE AND SUNSET
APRIL 26 2018.........SUNRISE   630 AM EDT   SUNSET   757 PM EDT
APRIL 27 2018.........SUNRISE   629 AM EDT   SUNSET   758 PM EDT


-  INDICATES NEGATIVE NUMBERS.
R  INDICATES RECORD WAS SET OR TIED.
MM INDICATES DATA IS MISSING.
T  INDICATES TRACE AMOUNT.




$$
