201
CDUS42 KRAH 260543
CLIFAY


CLIMATE REPORT
NATIONAL WEATHER SERVICE RALEIGH NC
142 AM EDT TUE MAR 26 2019


...................................

...THE FAYETTEVILLE REGL AIRPORT NC CLIMATE SUMMARY FOR MARCH 25 2019...

CLIMATE NORMAL PERIOD 1981 TO 2010
CLIMATE RECORD PERIOD 1910 TO 2019


WEATHER ITEM   OBSERVED TIME   RECORD YEAR NORMAL DEPARTURE LAST
                VALUE   (LST)  VALUE       VALUE  FROM      YEAR
                                                  NORMAL
..................................................................
TEMPERATURE (F)
 YESTERDAY
  MAXIMUM         78    229 PM  87    1939  69      9       55
                                      1929
  MINIMUM         48    557 AM  23    1940  45      3       39
  AVERAGE         63                        57      6       47

PRECIPITATION (IN)
  YESTERDAY        0.44          1.65 1983   0.12   0.32     0.27
  MONTH TO DATE    2.65                      2.73  -0.08     2.82
  SINCE MAR 1      2.65                      2.73  -0.08     2.82
  SINCE JAN 1      7.47                      8.79  -1.32     7.52

DEGREE DAYS
 HEATING
  YESTERDAY        2                         8     -6       18
  MONTH TO DATE  330                       297     33      410
  SINCE MAR 1    330                       297     33      410
  SINCE JUL 1   2319                      2522   -203     2476

 COOLING
  YESTERDAY        0                         0      0        0
  MONTH TO DATE    7                         0      7        0
  SINCE MAR 1      7                         0      7        0
  SINCE JAN 1     16                         4     12       48
..................................................................


WIND (MPH)
  HIGHEST WIND SPEED    21   HIGHEST WIND DIRECTION    NW (300)
  HIGHEST GUST SPEED    27   HIGHEST GUST DIRECTION    NW (300)
  AVERAGE WIND SPEED     8.1


SKY COVER
  POSSIBLE SUNSHINE  MM
  AVERAGE SKY COVER 0.5


WEATHER CONDITIONS
 THE FOLLOWING WEATHER WAS RECORDED YESTERDAY.
  THUNDERSTORM
  HEAVY RAIN
  LIGHT RAIN
  FOG


RELATIVE HUMIDITY (PERCENT)
 HIGHEST    93          1100 PM
 LOWEST     36           200 PM
 AVERAGE    65

..........................................................


THE FAYETTEVILLE REGL AIRPORT NC CLIMATE NORMALS FOR TODAY
                         NORMAL    RECORD    YEAR
 MAXIMUM TEMPERATURE (F)   69        89      1929
 MINIMUM TEMPERATURE (F)   45        21      1940


SUNRISE AND SUNSET
MARCH 26 2019.........SUNRISE   711 AM EDT   SUNSET   732 PM EDT
MARCH 27 2019.........SUNRISE   710 AM EDT   SUNSET   733 PM EDT


-  INDICATES NEGATIVE NUMBERS.
R  INDICATES RECORD WAS SET OR TIED.
MM INDICATES DATA IS MISSING.
T  INDICATES TRACE AMOUNT.




$$
