000
CDUS42 KRAH 230120
CLIFAY


CLIMATE REPORT
NATIONAL WEATHER SERVICE RALEIGH NC
918 PM EDT WED MAY 22 2019


...................................

...THE FAYETTEVILLE REGL AIRPORT NC CLIMATE SUMMARY FOR MAY 22 2019...
VALID AS OF 0918 PM LOCAL TIME.

CLIMATE NORMAL PERIOD 1981 TO 2010
CLIMATE RECORD PERIOD 1910 TO 2019


WEATHER ITEM   OBSERVED TIME   RECORD YEAR NORMAL DEPARTURE LAST
                VALUE   (LST)  VALUE       VALUE  FROM      YEAR
                                                  NORMAL
..................................................................
TEMPERATURE (F)
 TODAY
  MAXIMUM         81    546 PM 100    1941  84     -3       89
  MINIMUM         68    743 AM  43    1992  61      7       71
                                      1954
  AVERAGE         75                        72      3       80

PRECIPITATION (IN)
  TODAY            0.00          4.40 1932   0.11  -0.11     0.00
  MONTH TO DATE    1.15                      2.03  -0.88     1.28
  SINCE MAR 1      8.70                      8.40   0.30     7.07
  SINCE JAN 1     13.52                     14.46  -0.94    11.77

DEGREE DAYS
 HEATING
  TODAY            0                         0      0        0
  MONTH TO DATE    6                        23    -17        0
  SINCE MAR 1    495                       505    -10      637
  SINCE JUL 1   2484                      2730   -246     2703

 COOLING
  TODAY           10                         8      2       15
  MONTH TO DATE  202                       120     82      220
  SINCE MAR 1    312                       199    113      261
  SINCE JAN 1    321                       203    118      309
..................................................................


WIND (MPH)
  HIGHEST WIND SPEED    14   HIGHEST WIND DIRECTION     E (70)
  HIGHEST GUST SPEED    18   HIGHEST GUST DIRECTION     E (100)
  AVERAGE WIND SPEED     6.5


SKY COVER
  POSSIBLE SUNSHINE  MM
  AVERAGE SKY COVER 0.9


WEATHER CONDITIONS
 THE FOLLOWING WEATHER WAS RECORDED TODAY.
  NO SIGNIFICANT WEATHER WAS OBSERVED.


RELATIVE HUMIDITY (PERCENT)
 HIGHEST    79           200 AM
 LOWEST     51           400 PM
 AVERAGE    65

..........................................................




SUNRISE AND SUNSET
MAY 22 2019...........SUNRISE   607 AM EDT   SUNSET   817 PM EDT
MAY 23 2019...........SUNRISE   607 AM EDT   SUNSET   818 PM EDT


-  INDICATES NEGATIVE NUMBERS.
R  INDICATES RECORD WAS SET OR TIED.
MM INDICATES DATA IS MISSING.
T  INDICATES TRACE AMOUNT.




$$
