000
CDUS43 KLMK 200630
CLIFFT


CLIMATE REPORT
NATIONAL WEATHER SERVICE LOUISVILLE KY
229 AM EDT WED MAR 20 2019


...................................

...THE FRANKFORT KY CLIMATE SUMMARY FOR MARCH 19 2019...

CLIMATE NORMAL PERIOD 1981 TO 2010
CLIMATE RECORD PERIOD 1895 TO 2019


WEATHER ITEM   OBSERVED TIME   RECORD YEAR NORMAL DEPARTURE LAST
                VALUE   (LST)  VALUE       VALUE  FROM      YEAR
                                                  NORMAL
..................................................................
TEMPERATURE (F)
 YESTERDAY
  MAXIMUM         54    357 PM  81    1948  57     -3       63
                                      1921
                                      1907
  MINIMUM         23    616 AM  15    1967  35    -12       33
                                      1959
  AVERAGE         39                        46     -7       48

PRECIPITATION (IN)
  YESTERDAY        0.00          2.88 1943   0.14  -0.14     0.20
  MONTH TO DATE    2.18                      2.61  -0.43     1.48
  SINCE MAR 1      2.18                      2.61  -0.43     1.48
  SINCE JAN 1     13.56                      9.16   4.40    12.25

SNOWFALL (IN)
  YESTERDAY       MM            MM      MM  MM     MM       MM
  MONTH TO DATE   MM                        MM     MM       MM
  SINCE MAR 1     MM                        MM     MM       MM
  SINCE JUL 1     MM                        MM     MM       MM
  SNOW DEPTH      MM

DEGREE DAYS
 HEATING
  YESTERDAY       26                        19      7       17
  MONTH TO DATE  485                       422     63      441
  SINCE MAR 1    485                       422     63      441
  SINCE JUL 1   3835                      4061   -226     3819

 COOLING
  YESTERDAY        0                         0      0        0
  MONTH TO DATE    2                         0      2        0
  SINCE MAR 1      2                         0      2        0
  SINCE JAN 1      2                         0      2        7
..................................................................


WIND (MPH)
  HIGHEST WIND SPEED    12   HIGHEST WIND DIRECTION     W (260)
  HIGHEST GUST SPEED    20   HIGHEST GUST DIRECTION     W (290)
  AVERAGE WIND SPEED     1.9


SKY COVER
  POSSIBLE SUNSHINE  MM
  AVERAGE SKY COVER 0.0


WEATHER CONDITIONS
 THE FOLLOWING WEATHER WAS RECORDED YESTERDAY.
  NO SIGNIFICANT WEATHER WAS OBSERVED.


RELATIVE HUMIDITY (PERCENT)
 HIGHEST    92           800 AM
 LOWEST     26           300 PM
 AVERAGE    59

..........................................................


THE FRANKFORT KY CLIMATE NORMALS FOR TODAY
                         NORMAL    RECORD    YEAR
 MAXIMUM TEMPERATURE (F)   58        83      2012
 MINIMUM TEMPERATURE (F)   35        17      1923


SUNRISE AND SUNSET
MARCH 20 2019.........SUNRISE   743 AM EDT   SUNSET   751 PM EDT
MARCH 21 2019.........SUNRISE   742 AM EDT   SUNSET   752 PM EDT


-  INDICATES NEGATIVE NUMBERS.
R  INDICATES RECORD WAS SET OR TIED.
MM INDICATES DATA IS MISSING.
T  INDICATES TRACE AMOUNT.




$$
