080
CDUS43 KFGF 210707
CLIFGF


CLIMATE REPORT
NATIONAL WEATHER SERVICE EASTERN NORTH DAKOTA/GRAND FORKS
205 AM CDT SAT APR 21 2018


...................................

...THE GRAND FORKS UNIV. (NWS) ND CLIMATE SUMMARY FOR APRIL 20 2018...

CLIMATE NORMAL PERIOD 1981 TO 2010
CLIMATE RECORD PERIOD 1893 TO 2018


WEATHER ITEM   OBSERVED TIME   RECORD YEAR NORMAL DEPARTURE LAST
                VALUE   (LST)  VALUE       VALUE  FROM      YEAR
                                                  NORMAL
..................................................................
TEMPERATURE (F)
 YESTERDAY
  MAXIMUM         54        MM  89    1980  58     -4       61
  MINIMUM         33        MM  18    2013  34     -1       41
                                      1938
  AVERAGE         44                        46     -2       51

PRECIPITATION (IN)
  YESTERDAY        0.00          0.94 1967   0.03  -0.03     0.00
  MONTH TO DATE    0.18                      0.57  -0.39     0.68
  SINCE MAR 1      1.60                      1.59   0.01     1.52
  SINCE JAN 1      2.73                      2.89  -0.16     2.62

SNOWFALL (IN)
  YESTERDAY        0.0           9.0  1893   0.0    0.0      0.0
  MONTH TO DATE    1.6                       0.8    0.8      0.0
  SINCE MAR 1     18.4                       7.2   11.2      0.1
  SINCE JUL 1     57.0                      42.5   14.5     43.0
  SNOW DEPTH       0

DEGREE DAYS
 HEATING
  YESTERDAY       21                        19      2       14
  MONTH TO DATE  742                       492    250      395
  SINCE MAR 1   1968                      1698    270     1576
  SINCE JUL 1   8948                      8658    290     7524

 COOLING
  YESTERDAY        0                         0      0        0
  MONTH TO DATE    0                         0      0        0
  SINCE MAR 1      0                         0      0        0
  SINCE JAN 1      0                         0      0        0
..................................................................


WIND (MPH)
  RESULTANT WIND SPEED  MM   RESULTANT WIND DIRECTION  MM
  HIGHEST WIND SPEED    MM   HIGHEST WIND DIRECTION    MM
  HIGHEST GUST SPEED    MM   HIGHEST GUST DIRECTION    MM
  AVERAGE WIND SPEED    MM


SKY COVER
  POSSIBLE SUNSHINE  MM
  AVERAGE SKY COVER  MM


WEATHER CONDITIONS
 THE FOLLOWING WEATHER WAS RECORDED YESTERDAY.
  NO SIGNIFICANT WEATHER WAS OBSERVED.


RELATIVE HUMIDITY (PERCENT)
 HIGHEST    MM
 LOWEST     MM
 AVERAGE    MM

..........................................................


THE GRAND FORKS UNIV. (NWS) ND CLIMATE NORMALS FOR TODAY
                         NORMAL    RECORD    YEAR
 MAXIMUM TEMPERATURE (F)   58        98      1980
 MINIMUM TEMPERATURE (F)   34        16      1945


SUNRISE AND SUNSET
APRIL 21 2018.........SUNRISE   628 AM CDT   SUNSET   827 PM CDT
APRIL 22 2018.........SUNRISE   626 AM CDT   SUNSET   829 PM CDT


-  INDICATES NEGATIVE NUMBERS.
R  INDICATES RECORD WAS SET OR TIED.
MM INDICATES DATA IS MISSING.
T  INDICATES TRACE AMOUNT.




$$
