000
CDUS43 KFGF 250650
CLIFGF


CLIMATE REPORT
NATIONAL WEATHER SERVICE EASTERN NORTH DAKOTA/GRAND FORKS
145 AM CDT SAT MAY 25 2019


...................................

...THE GRAND FORKS UNIV. (NWS) ND CLIMATE SUMMARY FOR MAY 24 2019...

CLIMATE NORMAL PERIOD 1981 TO 2010
CLIMATE RECORD PERIOD 1893 TO 2019


WEATHER ITEM   OBSERVED TIME   RECORD YEAR NORMAL DEPARTURE LAST
                VALUE   (LST)  VALUE       VALUE  FROM      YEAR
                                                  NORMAL
..................................................................
TEMPERATURE (F)
 YESTERDAY
  MAXIMUM         58        MM  91    2018  71    -13       91
  MINIMUM         50        MM  27    2002  46      4       65
  AVERAGE         54                        58     -4       78

PRECIPITATION (IN)
  YESTERDAY        0.94          1.40 2010   0.09   0.85     0.00
  MONTH TO DATE    1.68                      2.00  -0.32     1.34
  SINCE MAR 1      4.84                      4.00   0.84     3.38
  SINCE JAN 1      6.60                      5.30   1.30     4.51

SNOWFALL (IN)
  YESTERDAY        0.0           0.0    MM   0.0    0.0      0.0
  MONTH TO DATE    0.0                       0.1   -0.1      0.0
  SINCE MAR 1     19.8                       8.1   11.7     18.4
  SINCE JUL 1     80.3                      43.4   36.9     57.0
  SNOW DEPTH       0

DEGREE DAYS
 HEATING
  YESTERDAY       11                         7      4        0
  MONTH TO DATE  349                       265     84      177
  SINCE MAR 1   2441                      2120    321     2301
  SINCE JUL 1   9997                      9080    917     9281

 COOLING
  YESTERDAY        0                         1     -1       13
  MONTH TO DATE    0                        19    -19       31
  SINCE MAR 1      0                        22    -22       31
  SINCE JAN 1      0                        22    -22       31
..................................................................


WIND (MPH)
  HIGHEST WIND SPEED    MM   HIGHEST WIND DIRECTION    MM
  HIGHEST GUST SPEED    MM   HIGHEST GUST DIRECTION    MM
  AVERAGE WIND SPEED    MM


SKY COVER
  POSSIBLE SUNSHINE  MM
  AVERAGE SKY COVER  MM


WEATHER CONDITIONS
 THE FOLLOWING WEATHER WAS RECORDED YESTERDAY.
  THUNDERSTORM
  HEAVY RAIN
  RAIN
  LIGHT RAIN
  FOG


RELATIVE HUMIDITY (PERCENT)
 HIGHEST    MM
 LOWEST     MM
 AVERAGE    MM

..........................................................


THE GRAND FORKS UNIV. (NWS) ND CLIMATE NORMALS FOR TODAY
                         NORMAL    RECORD    YEAR
 MAXIMUM TEMPERATURE (F)   71        93      2018
 MINIMUM TEMPERATURE (F)   47        29      1893


SUNRISE AND SUNSET
MAY 25 2019...........SUNRISE   539 AM CDT   SUNSET   912 PM CDT
MAY 26 2019...........SUNRISE   538 AM CDT   SUNSET   913 PM CDT


-  INDICATES NEGATIVE NUMBERS.
R  INDICATES RECORD WAS SET OR TIED.
MM INDICATES DATA IS MISSING.
T  INDICATES TRACE AMOUNT.




$$
