000
CDUS43 KFGF 222219
CLIFGF


CLIMATE REPORT
NATIONAL WEATHER SERVICE EASTERN NORTH DAKOTA/GRAND FORKS
519 PM CDT FRI MAR 22 2019


...................................

...THE GRAND FORKS UNIV. (NWS) ND CLIMATE SUMMARY FOR MARCH 22 2019...
VALID TODAY AS OF 0500 PM LOCAL TIME.

CLIMATE NORMAL PERIOD 1981 TO 2010
CLIMATE RECORD PERIOD 1893 TO 2019


WEATHER ITEM   OBSERVED TIME   RECORD YEAR NORMAL DEPARTURE LAST
                VALUE   (LST)  VALUE       VALUE  FROM      YEAR
                                                  NORMAL
..................................................................
TEMPERATURE (F)
 TODAY
  MAXIMUM         40        MM  83    1910  38      2       38
  MINIMUM         19        MM -12    1940  20     -1       28
  AVERAGE         30                        29      1       33

PRECIPITATION (IN)
  TODAY            0.00          0.50 2009   0.04  -0.04     0.00
  MONTH TO DATE    1.20                      0.71   0.49     1.04
  SINCE MAR 1      1.20                      0.71   0.49     1.04
  SINCE JAN 1      2.96                      2.01   0.95     2.17

SNOWFALL (IN)
  TODAY            0.0           3.8  1962   0.2   -0.2      0.0
  MONTH TO DATE   12.8                       5.3    7.5      9.1
  SINCE MAR 1     12.8                       5.3    7.5      9.1
  SINCE JUL 1     73.3                      40.6   32.7     47.7
  SNOW DEPTH      15

DEGREE DAYS
 HEATING
  TODAY           35                        36     -1       32
  MONTH TO DATE 1078                       909    169      881
  SINCE MAR 1   1078                       909    169      881
  SINCE JUL 1   8634                      7869    765     7861

 COOLING
  TODAY            0                         0      0        0
  MONTH TO DATE    0                         0      0        0
  SINCE MAR 1      0                         0      0        0
  SINCE JAN 1      0                         0      0        0
..................................................................


WIND (MPH)
  HIGHEST WIND SPEED    MM   HIGHEST WIND DIRECTION    MM
  HIGHEST GUST SPEED    MM   HIGHEST GUST DIRECTION    MM
  AVERAGE WIND SPEED    MM


SKY COVER
  POSSIBLE SUNSHINE  MM
  AVERAGE SKY COVER  MM


WEATHER CONDITIONS
 THE FOLLOWING WEATHER WAS RECORDED TODAY.
  NO SIGNIFICANT WEATHER WAS OBSERVED.


RELATIVE HUMIDITY (PERCENT)
 HIGHEST    MM
 LOWEST     MM
 AVERAGE    MM

..........................................................


THE GRAND FORKS UNIV. (NWS) ND CLIMATE NORMALS FOR TOMORROW
                         NORMAL    RECORD    YEAR
 MAXIMUM TEMPERATURE (F)   38        78      1910
 MINIMUM TEMPERATURE (F)   21       -19      1974


SUNRISE AND SUNSET
MARCH 22 2019.........SUNRISE   728 AM CDT   SUNSET   744 PM CDT
MARCH 23 2019.........SUNRISE   726 AM CDT   SUNSET   745 PM CDT


-  INDICATES NEGATIVE NUMBERS.
R  INDICATES RECORD WAS SET OR TIED.
MM INDICATES DATA IS MISSING.
T  INDICATES TRACE AMOUNT.




$$
