000
CDUS45 KFGZ 240743
CLIFLG


CLIMATE REPORT
NATIONAL WEATHER SERVICE FLAGSTAFF, AZ
1243 AM MST SUN MAR 24 2019


...................................

...THE FLAGSTAFF AZ AIRPORT CLIMATE SUMMARY FOR MARCH 23 2019...

CLIMATE NORMAL PERIOD 1981 TO 2010
CLIMATE RECORD PERIOD 1898 TO 2019


WEATHER ITEM   OBSERVED TIME   RECORD YEAR NORMAL DEPARTURE LAST
                VALUE   (LST)  VALUE       VALUE  FROM      YEAR
                                                  NORMAL
..................................................................
TEMPERATURE (F)
 YESTERDAY
  MAXIMUM         53    344 PM  67    1990  52      1       56
                                      1940
  MINIMUM         24    639 AM  -1    1973  25     -1       28
  AVERAGE         39                        38      1

PRECIPITATION (IN)
  YESTERDAY        0.00          1.09 1954   0.06  -0.06     0.07
  MONTH TO DATE    2.59                      1.66   0.93     0.93
  SINCE OCT 1     17.41                     11.16   6.25     5.02
  SINCE JAN 1     11.49                      5.87   5.62     5.01

SNOWFALL (IN)
  YESTERDAY        0.0          11.4  1964   0.6   -0.6      0.0
  MONTH TO DATE   13.5                      16.7   -3.2      3.1
  SINCE JUL 1    117.2                      89.9   27.3     37.4
  SNOW DEPTH       0

DEGREE DAYS
 HEATING
  YESTERDAY       26                        27     -1       23
  MONTH TO DATE  660                       659      1      637
  SINCE JUL 1   5534                      5498     36     4778

 COOLING
  YESTERDAY        0                         0      0        0
  MONTH TO DATE    0                         0      0        0
  SINCE JAN 1      0                         0      0        0
..................................................................


WIND (MPH)
  HIGHEST WIND SPEED    21   HIGHEST WIND DIRECTION    SW (220)
  HIGHEST GUST SPEED    28   HIGHEST GUST DIRECTION    SW (210)
  AVERAGE WIND SPEED     6.7


SKY COVER
  POSSIBLE SUNSHINE  MM
  AVERAGE SKY COVER 0.1


WEATHER CONDITIONS
 THE FOLLOWING WEATHER WAS RECORDED YESTERDAY.
  NO SIGNIFICANT WEATHER WAS OBSERVED.


RELATIVE HUMIDITY (PERCENT)
 HIGHEST    92           200 AM
 LOWEST     29          1200 PM
 AVERAGE    61

..........................................................


THE FLAGSTAFF AZ AIRPORT CLIMATE NORMALS FOR TODAY
                         NORMAL    RECORD    YEAR
 MAXIMUM TEMPERATURE (F)   52        70      1956
 MINIMUM TEMPERATURE (F)   25         0      1904


SUNRISE AND SUNSET
MARCH 24 2019.........SUNRISE   625 AM MST   SUNSET   642 PM MST
MARCH 25 2019.........SUNRISE   623 AM MST   SUNSET   642 PM MST


-  INDICATES NEGATIVE NUMBERS.
R  INDICATES RECORD WAS SET OR TIED.
MM INDICATES DATA IS MISSING.
T  INDICATES TRACE AMOUNT.




$$
