000
CDUS45 KFGZ 220735
CLIFLG


CLIMATE REPORT
NATIONAL WEATHER SERVICE FLAGSTAFF, AZ
1235 AM MST WED MAY 22 2019


...................................

...THE FLAGSTAFF AZ AIRPORT CLIMATE SUMMARY FOR MAY 21 2019...

CLIMATE NORMAL PERIOD 1981 TO 2010
CLIMATE RECORD PERIOD 1898 TO 2019


WEATHER ITEM   OBSERVED TIME   RECORD YEAR NORMAL DEPARTURE LAST
                VALUE   (LST)  VALUE       VALUE  FROM      YEAR
                                                  NORMAL
..................................................................
TEMPERATURE (F)
 YESTERDAY
  MAXIMUM         49   1225 PM  82    2005  70    -21       69
  MINIMUM         30    603 AM  21    1974  36     -6       32
  AVERAGE         40                        53    -13

PRECIPITATION (IN)
  YESTERDAY        0.01          0.52 1975   0.02  -0.01     0.00
  MONTH TO DATE    2.13                      0.43   1.70     0.62
  SINCE OCT 1     20.20                     13.20   7.00     5.70
  SINCE JAN 1     14.28                      7.91   6.37     5.69

SNOWFALL (IN)
  YESTERDAY       MM             4.7  1975   0.0   MM        0.0
  MONTH TO DATE    0.9                       0.6    0.3      0.6
  SINCE JUL 1    118.1                     101.6   16.5     38.0
  SNOW DEPTH      MM

DEGREE DAYS
 HEATING
  YESTERDAY       25                        12     13       14
  MONTH TO DATE  393                       308     85      278
  SINCE JUL 1   6683                      6664     19     5763

 COOLING
  YESTERDAY        0                         0      0        0
  MONTH TO DATE    0                         0      0        0
  SINCE JAN 1      0                         0      0        0
..................................................................


WIND (MPH)
  HIGHEST WIND SPEED    38   HIGHEST WIND DIRECTION    SW (220)
  HIGHEST GUST SPEED    49   HIGHEST GUST DIRECTION    SW (230)
  AVERAGE WIND SPEED    14.7


SKY COVER
  POSSIBLE SUNSHINE  MM
  AVERAGE SKY COVER 0.7


WEATHER CONDITIONS
 THE FOLLOWING WEATHER WAS RECORDED YESTERDAY.
  LIGHT RAIN


RELATIVE HUMIDITY (PERCENT)
 HIGHEST   100           300 AM
 LOWEST     45           500 PM
 AVERAGE    73

..........................................................


THE FLAGSTAFF AZ AIRPORT CLIMATE NORMALS FOR TODAY
                         NORMAL    RECORD    YEAR
 MAXIMUM TEMPERATURE (F)   70        85      1984
 MINIMUM TEMPERATURE (F)   36        21      1972


SUNRISE AND SUNSET
MAY 22 2019...........SUNRISE   518 AM MST   SUNSET   729 PM MST
MAY 23 2019...........SUNRISE   518 AM MST   SUNSET   730 PM MST


-  INDICATES NEGATIVE NUMBERS.
R  INDICATES RECORD WAS SET OR TIED.
MM INDICATES DATA IS MISSING.
T  INDICATES TRACE AMOUNT.




$$
