674
CDUS42 KMFL 192020
CLIFLL


CLIMATE REPORT
NATIONAL WEATHER SERVICE MIAMI, FL
419 PM EDT TUE MAR 19 2019


...................................

...THE FORT LAUDERDALE CLIMATE SUMMARY FOR MARCH 19 2019...
VALID TODAY AS OF 0400 PM LOCAL TIME.

CLIMATE NORMAL PERIOD 1981 TO 2010
CLIMATE RECORD PERIOD 1912 TO 2019


WEATHER ITEM   OBSERVED TIME   RECORD YEAR NORMAL DEPARTURE LAST
                VALUE   (LST)  VALUE       VALUE  FROM      YEAR
                                                  NORMAL
..................................................................
TEMPERATURE (F)
 TODAY
  MAXIMUM         71    101 AM  90    1953  80     -9       87
                                      1921
  MINIMUM         67    909 AM  44    1928  66      1       68
  AVERAGE         69                        73     -4       78

PRECIPITATION (IN)
  TODAY            1.18          2.96 1990   0.12   1.06     0.00
  MONTH TO DATE    1.22                      1.99  -0.77     1.25
  SINCE NOV 1     11.92                     14.28  -2.36    10.75
  SINCE JAN 1      7.55                      8.58  -1.03     4.12

SNOWFALL (IN)
  TODAY            0.0
  MONTH TO DATE    0.0
  SINCE MAR 1      0.0
  SINCE JUL 1      0.0
  SNOW DEPTH       0

DEGREE DAYS
 HEATING
  TODAY            0                         0      0        0
  MONTH TO DATE    4                         7     -3       13
  SINCE MAR 1      4                         7     -3       13
  SINCE JUL 1     72                       109    -37      139

 COOLING
  TODAY            4                         8     -4       13
  MONTH TO DATE  198                       148     50       96
  SINCE MAR 1    198                       148     50       96
  SINCE JAN 1    633                       504    129      520
..................................................................


WIND (MPH)
  HIGHEST WIND SPEED    21   HIGHEST WIND DIRECTION    NE (60)
  HIGHEST GUST SPEED    30   HIGHEST GUST DIRECTION    NE (40)
  AVERAGE WIND SPEED    11.4


SKY COVER
  AVERAGE SKY COVER 1.0


WEATHER CONDITIONS
 THE FOLLOWING WEATHER WAS RECORDED TODAY.
  RAIN
  LIGHT RAIN
  FOG


RELATIVE HUMIDITY (PERCENT)
 HIGHEST    93
 LOWEST     78
 AVERAGE    86

..........................................................


THE FORT LAUDERDALE CLIMATE NORMALS FOR TOMORROW
                         NORMAL    RECORD    YEAR
 MAXIMUM TEMPERATURE (F)   80        91      1965
 MINIMUM TEMPERATURE (F)   66        45      1956


SUNRISE AND SUNSET
MARCH 19 2019.........SUNRISE   726 AM EDT   SUNSET   731 PM EDT
MARCH 20 2019.........SUNRISE   725 AM EDT   SUNSET   732 PM EDT


-  INDICATES NEGATIVE NUMBERS.
R  INDICATES RECORD WAS SET OR TIED.
MM INDICATES DATA IS MISSING.
T  INDICATES TRACE AMOUNT.




$$
