000
CDUS42 KMFL 230842
CLIFLL


CLIMATE REPORT
NATIONAL WEATHER SERVICE MIAMI, FL
442 AM EDT THU MAY 23 2019


...................................

...THE FORT LAUDERDALE CLIMATE SUMMARY FOR MAY 22 2019...

CLIMATE NORMAL PERIOD 1981 TO 2010
CLIMATE RECORD PERIOD 1912 TO 2019


WEATHER ITEM   OBSERVED TIME   RECORD YEAR NORMAL DEPARTURE LAST
                VALUE   (LST)  VALUE       VALUE  FROM      YEAR
                                                  NORMAL
..................................................................
TEMPERATURE (F)
 YESTERDAY
  MAXIMUM         87    238 PM  95    1990  87      0       82
  MINIMUM         77    605 AM  58    1919  75      2       77
  AVERAGE         82                        81      1       80

PRECIPITATION (IN)
  YESTERDAY        T             5.06 1932   0.19  -0.19     0.00
  MONTH TO DATE    3.97                      2.70   1.27    11.43
  SINCE NOV 1     18.31                     21.24  -2.93    24.45
  SINCE JAN 1     13.94                     15.54  -1.60    17.82

SNOWFALL (IN)
  YESTERDAY        0.0
  MONTH TO DATE    0.0
  SINCE MAR 1      0.0
  SINCE JUL 1      0.0
  SNOW DEPTH       0

DEGREE DAYS
 HEATING
  YESTERDAY        0                         0      0        0
  MONTH TO DATE    0                         0      0        0
  SINCE MAR 1      4                        10     -6       15
  SINCE JUL 1     72                       112    -40      141

 COOLING
  YESTERDAY       17                        16      1       15
  MONTH TO DATE  352                       320     32      296
  SINCE MAR 1   1028                       911    117      850
  SINCE JAN 1   1463                      1267    196     1274
..................................................................


WIND (MPH)
  HIGHEST WIND SPEED    20   HIGHEST WIND DIRECTION     E (80)
  HIGHEST GUST SPEED    25   HIGHEST GUST DIRECTION     E (90)
  AVERAGE WIND SPEED    10.6


SKY COVER
  AVERAGE SKY COVER 0.4


WEATHER CONDITIONS
 THE FOLLOWING WEATHER WAS RECORDED YESTERDAY.
  NO SIGNIFICANT WEATHER WAS OBSERVED.


RELATIVE HUMIDITY (PERCENT)
 HIGHEST    74
 LOWEST     55
 AVERAGE    65

..........................................................


THE FORT LAUDERDALE CLIMATE NORMALS FOR TODAY
                         NORMAL    RECORD    YEAR
 MAXIMUM TEMPERATURE (F)   87        94      1951
 MINIMUM TEMPERATURE (F)   75        61      1920


SUNRISE AND SUNSET
MAY 23 2019...........SUNRISE   631 AM EDT   SUNSET   804 PM EDT
MAY 24 2019...........SUNRISE   631 AM EDT   SUNSET   804 PM EDT


-  INDICATES NEGATIVE NUMBERS.
R  INDICATES RECORD WAS SET OR TIED.
MM INDICATES DATA IS MISSING.
T  INDICATES TRACE AMOUNT.




$$
