000
CDUS42 KILM 182048
CLIFLO


CLIMATE REPORT
NATIONAL WEATHER SERVICE WILMINGTON NC
448 PM EDT MON MAR 18 2019


...................................

...THE FLORENCE SOUTH  CAROLINA CLIMATE SUMMARY FOR MARCH 18 2019...
VALID TODAY AS OF 0400 PM LOCAL TIME.

CLIMATE NORMAL PERIOD 1981 TO 2010
CLIMATE RECORD PERIOD 1948 TO 2019


WEATHER ITEM   OBSERVED TIME   RECORD YEAR NORMAL DEPARTURE LAST
                VALUE   (LST)  VALUE       VALUE  FROM      YEAR
                                                  NORMAL
..................................................................
TEMPERATURE (F)
 TODAY
  MAXIMUM         68    235 PM  88    1963  68      0       67
  MINIMUM         34    635 AM  25    1967  44    -10       53
  AVERAGE         51                        56     -5       60

PRECIPITATION (IN)
  TODAY            0.00          1.66 1969   0.10  -0.10     0.00
  MONTH TO DATE    1.88                      1.99  -0.11     2.17
  SINCE MAR 1      1.88                      1.99  -0.11     2.17
  SINCE JAN 1      6.39                      8.14  -1.75     5.21

SNOWFALL (IN)
  TODAY           MM             0.0  2002   0.0
  MONTH TO DATE   MM                         0.1
  SINCE MAR 1     MM                         0.1
  SINCE JUL 1     MM                         1.5
  SNOW DEPTH      MM

DEGREE DAYS
 HEATING
  TODAY           14                         9      5        5
  MONTH TO DATE  189                       207    -18      247
  SINCE MAR 1    189                       207    -18      247
  SINCE JUL 1   1935                      2273   -338     2141

 COOLING
  TODAY            0                         1     -1        0
  MONTH TO DATE   11                         5      6        4
  SINCE MAR 1     11                         5      6        4
  SINCE JAN 1     25                        11     14       56
..................................................................


WIND (MPH)
  RESULTANT WIND SPEED   2   RESULTANT WIND DIRECTION   W (290)
  HIGHEST WIND SPEED    20   HIGHEST WIND DIRECTION    NW (320)
  HIGHEST GUST SPEED    23   HIGHEST GUST DIRECTION    NW (310)
  AVERAGE WIND SPEED     2.9


SKY COVER
  POSSIBLE SUNSHINE  MM
  AVERAGE SKY COVER 0.0


WEATHER CONDITIONS
 THE FOLLOWING WEATHER WAS RECORDED TODAY.
  FOG
  HAZE


RELATIVE HUMIDITY (PERCENT)
 HIGHEST    92           400 AM
 LOWEST     22           300 PM
 AVERAGE    57

..........................................................


THE FLORENCE SOUTH  CAROLINA CLIMATE NORMALS FOR TOMORROW
                         NORMAL    RECORD    YEAR
 MAXIMUM TEMPERATURE (F)   69        85      2012
 MINIMUM TEMPERATURE (F)   44        24      1967


SUNRISE AND SUNSET
MARCH 18 2019.........SUNRISE   726 AM EDT   SUNSET   729 PM EDT
MARCH 19 2019.........SUNRISE   724 AM EDT   SUNSET   730 PM EDT


-  INDICATES NEGATIVE NUMBERS.
R  INDICATES RECORD WAS SET OR TIED.
MM INDICATES DATA IS MISSING.
T  INDICATES TRACE AMOUNT.




$$

21
