000
CDUS42 KILM 230842
CLIFLO


CLIMATE REPORT
NATIONAL WEATHER SERVICE WILMINGTON NC
441 AM EDT THU MAY 23 2019


...................................

...THE FLORENCE SOUTH  CAROLINA CLIMATE SUMMARY FOR MAY 22 2019...

CLIMATE NORMAL PERIOD 1981 TO 2010
CLIMATE RECORD PERIOD 1948 TO 2019


WEATHER ITEM   OBSERVED TIME   RECORD YEAR NORMAL DEPARTURE LAST
                VALUE   (LST)  VALUE       VALUE  FROM      YEAR
                                                  NORMAL
..................................................................
TEMPERATURE (F)
 YESTERDAY
  MAXIMUM         87    252 PM  97    1962  84      3       87
  MINIMUM         68   1159 PM  47    2002  61      7       69
                                      1954
  AVERAGE         78                        73      5       78

PRECIPITATION (IN)
  YESTERDAY        0.00          2.27 1967   0.12  -0.12     0.03
  MONTH TO DATE    1.83                      2.13  -0.30     2.29
  SINCE MAR 1      8.23                      8.08   0.15    11.09
  SINCE JAN 1     12.74                     14.23  -1.49    14.13

DEGREE DAYS
 HEATING
  YESTERDAY        0                         0      0        0
  MONTH TO DATE    0                        22    -22        0
  SINCE MAR 1    404                       456    -52      532
  SINCE JUL 1   2150                      2522   -372     2426

 COOLING
  YESTERDAY       13                         8      5       13
  MONTH TO DATE  242                       128    114      215
  SINCE MAR 1    368                       218    150      276
  SINCE JAN 1    382                       224    158      328
..................................................................


WIND (MPH)
  RESULTANT WIND SPEED   8   RESULTANT WIND DIRECTION   E (110)
  HIGHEST WIND SPEED    17   HIGHEST WIND DIRECTION    SE (130)
  HIGHEST GUST SPEED    20   HIGHEST GUST DIRECTION    SE (130)
  AVERAGE WIND SPEED     8.9


SKY COVER
  POSSIBLE SUNSHINE  MM
  AVERAGE SKY COVER 0.6


WEATHER CONDITIONS
 THE FOLLOWING WEATHER WAS RECORDED YESTERDAY.
  FOG


RELATIVE HUMIDITY (PERCENT)
 HIGHEST   100           400 AM
 LOWEST     57           300 PM
 AVERAGE    79

..........................................................


THE FLORENCE SOUTH  CAROLINA CLIMATE NORMALS FOR TODAY
                         NORMAL    RECORD    YEAR
 MAXIMUM TEMPERATURE (F)   84       100      1953
 MINIMUM TEMPERATURE (F)   62        46      2002


SUNRISE AND SUNSET
MAY 23 2019...........SUNRISE   612 AM EDT   SUNSET   819 PM EDT
MAY 24 2019...........SUNRISE   612 AM EDT   SUNSET   820 PM EDT


-  INDICATES NEGATIVE NUMBERS.
R  INDICATES RECORD WAS SET OR TIED.
MM INDICATES DATA IS MISSING.
T  INDICATES TRACE AMOUNT.




$$
