000
CDUS42 KTBW 262118
CLIFMY


CLIMATE REPORT
NATIONAL WEATHER SERVICE TAMPA BAY FL
516 PM EDT SUN MAY 26 2019


...................................

...THE FORT MYERS CLIMATE SUMMARY FOR MAY 26 2019...
VALID TODAY AS OF 0500 PM LOCAL TIME.

CLIMATE NORMAL PERIOD 1981 TO 2010
CLIMATE RECORD PERIOD 1902 TO 2019


WEATHER ITEM   OBSERVED TIME   RECORD YEAR NORMAL DEPARTURE LAST
                VALUE   (LST)  VALUE       VALUE  FROM      YEAR
                                                  NORMAL
..................................................................
TEMPERATURE (F)
 TODAY
  MAXIMUM         92    336 PM  99    1989  91      1       79
                                      1953
  MINIMUM         71    625 AM  60    1979  71      0       67
                                      1892
  AVERAGE         82                        81      1       73

PRECIPITATION (IN)
  TODAY            0.00          3.22 1961   0.13  -0.13     0.75
  MONTH TO DATE    4.77                      1.93   2.84    10.31
  SINCE MAR 1      7.94                      6.99   0.95    11.80
  SINCE JAN 1     15.50                     11.08   4.42    13.84

DEGREE DAYS
 HEATING
  TODAY            0                         0      0        0
  MONTH TO DATE    0                         0      0        0
  SINCE MAR 1     16                        27    -11       22
  SINCE JUL 1    196                       287    -91      208

 COOLING
  TODAY           17                        16      1        8
  MONTH TO DATE  401                       355     46      369
  SINCE MAR 1    922                       800    122      878
  SINCE JAN 1   1223                       985    238     1242
..................................................................


WIND (MPH)
  RESULTANT WIND SPEED   8   RESULTANT WIND DIRECTION   E (90)
  HIGHEST WIND SPEED    17   HIGHEST WIND DIRECTION     E (100)
  HIGHEST GUST SPEED    23   HIGHEST GUST DIRECTION     E (110)
  AVERAGE WIND SPEED     8.3


SKY COVER
  POSSIBLE SUNSHINE  MM
  AVERAGE SKY COVER 0.2


WEATHER CONDITIONS
 THE FOLLOWING WEATHER WAS RECORDED TODAY.
  NO SIGNIFICANT WEATHER WAS OBSERVED.


RELATIVE HUMIDITY (PERCENT)
 HIGHEST    90           200 AM
 LOWEST     47           400 PM

..........................................................


THE FORT MYERS CLIMATE NORMALS FOR TOMORROW
                         NORMAL    RECORD    YEAR
 MAXIMUM TEMPERATURE (F)   91        98      1989
 MINIMUM TEMPERATURE (F)   71        60      1979


SUNRISE AND SUNSET
MAY 26 2019...........SUNRISE   636 AM EDT   SUNSET   813 PM EDT
MAY 27 2019...........SUNRISE   636 AM EDT   SUNSET   814 PM EDT


-  INDICATES NEGATIVE NUMBERS.
R  INDICATES RECORD WAS SET OR TIED.
MM INDICATES DATA IS MISSING.
T  INDICATES TRACE AMOUNT.




$$


&&
------------------------------------------------------------------
******************** SUPPLEMENTAL DATA ***************************

...GULF WATER TEMPERATURE AT FORT MYERS BEACH 83 DEGREES
