000
CDUS42 KTBW 192112
CLIFMY


CLIMATE REPORT
NATIONAL WEATHER SERVICE TAMPA BAY FL
511 PM EDT TUE MAR 19 2019


...................................

...THE FORT MYERS CLIMATE SUMMARY FOR MARCH 19 2019...
VALID TODAY AS OF 0500 PM LOCAL TIME.

CLIMATE NORMAL PERIOD 1981 TO 2010
CLIMATE RECORD PERIOD 1902 TO 2019


WEATHER ITEM   OBSERVED TIME   RECORD YEAR NORMAL DEPARTURE LAST
                VALUE   (LST)  VALUE       VALUE  FROM      YEAR
                                                  NORMAL
..................................................................
TEMPERATURE (F)
 TODAY
  MAXIMUM         65    212 PM  93    1980  81    -16       84
  MINIMUM         55    651 AM  40    1892  60     -5       64
  AVERAGE         60                        70    -10       74

PRECIPITATION (IN)
  TODAY            0.66          2.67 1998   0.10   0.56     0.00
  MONTH TO DATE    0.70                      1.79  -1.09     0.32
  SINCE MAR 1      0.70                      1.79  -1.09     0.32
  SINCE JAN 1      8.26                      5.88   2.38     2.36

DEGREE DAYS
 HEATING
  TODAY            5                         1      4        0
  MONTH TO DATE   15                        19     -4       20
  SINCE MAR 1     15                        19     -4       20
  SINCE JUL 1    195                       279    -84      206

 COOLING
  TODAY            0                         6     -6        9
  MONTH TO DATE  146                       100     46       66
  SINCE MAR 1    146                       100     46       66
  SINCE JAN 1    447                       285    162      430
..................................................................


WIND (MPH)
  RESULTANT WIND SPEED  12   RESULTANT WIND DIRECTION  NE (50)
  HIGHEST WIND SPEED    22   HIGHEST WIND DIRECTION    NE (40)
  HIGHEST GUST SPEED    27   HIGHEST GUST DIRECTION    NE (30)
  AVERAGE WIND SPEED    12.5


SKY COVER
  POSSIBLE SUNSHINE  MM
  AVERAGE SKY COVER 0.9


WEATHER CONDITIONS
 THE FOLLOWING WEATHER WAS RECORDED TODAY.
  RAIN
  LIGHT RAIN
  FOG


RELATIVE HUMIDITY (PERCENT)
 HIGHEST   100           100 AM
 LOWEST     87           100 PM

..........................................................


THE FORT MYERS CLIMATE NORMALS FOR TOMORROW
                         NORMAL    RECORD    YEAR
 MAXIMUM TEMPERATURE (F)   81        88      2003
                                             1955
                                             1948
 MINIMUM TEMPERATURE (F)   60        40      1892


SUNRISE AND SUNSET
MARCH 19 2019.........SUNRISE   733 AM EDT   SUNSET   738 PM EDT
MARCH 20 2019.........SUNRISE   732 AM EDT   SUNSET   739 PM EDT


-  INDICATES NEGATIVE NUMBERS.
R  INDICATES RECORD WAS SET OR TIED.
MM INDICATES DATA IS MISSING.
T  INDICATES TRACE AMOUNT.




$$


&&
------------------------------------------------------------------
******************** SUPPLEMENTAL DATA ***************************

...GULF WATER TEMPERATURE AT FORT MYERS BEACH 74 DEGREES
