000
CDUS42 KMLB 222017
CLIFPR


CLIMATE REPORT
NATIONAL WEATHER SERVICE MELBOURNE FL
416 PM EDT WED MAY 22 2019


...................................

...THE FORT PIERCE CLIMATE SUMMARY FOR MAY 22 2019...
VALID TODAY AS OF 0400 PM LOCAL TIME.

CLIMATE NORMAL PERIOD 1981 TO 2010
CLIMATE RECORD PERIOD 1901 TO 2019


WEATHER ITEM   OBSERVED TIME   RECORD YEAR NORMAL DEPARTURE LAST
                VALUE   (LST)  VALUE       VALUE  FROM      YEAR
                                                  NORMAL
..................................................................
TEMPERATURE (F)
 TODAY
  MAXIMUM         85    207 PM  95    1988  86     -1       78
  MINIMUM         62    540 AM  56    1994  68     -6       70
                                      1904
  AVERAGE         74                        77     -3       74

PRECIPITATION (IN)
  TODAY            0.00          2.11 2018   0.15  -0.15     2.11
  MONTH TO DATE    3.91                      2.21   1.70     8.06
  SINCE MAR 1      7.99                      8.61  -0.62    13.45
  SINCE JAN 1     13.11                     13.93  -0.82    16.15

SNOWFALL (IN)
  TODAY            0.0                                       0.0
  MONTH TO DATE    0.0                                       0.0
  SINCE MAR 1      0.0                                       0.0
  SINCE JUL 1      0.0                                       0.0

DEGREE DAYS
 HEATING
  TODAY            0                         0      0        0
  MONTH TO DATE    0                         0      0        0
  SINCE MAR 1     36                        63    -27      110
  SINCE JUL 1    292                       441   -149      387

 COOLING
  TODAY            9                        12     -3        9
  MONTH TO DATE  273                       226     47      226
  SINCE MAR 1    644                       542    102      524
  SINCE JAN 1    851                       669    182      791
..................................................................


WIND (MPH)
  HIGHEST WIND SPEED    16   HIGHEST WIND DIRECTION     E (90)
  HIGHEST GUST SPEED    21   HIGHEST GUST DIRECTION     E (80)
  AVERAGE WIND SPEED     6.2


SKY COVER
  AVERAGE SKY COVER 0.1


WEATHER CONDITIONS
 THE FOLLOWING WEATHER WAS RECORDED TODAY.
  NO SIGNIFICANT WEATHER WAS OBSERVED.


RELATIVE HUMIDITY (PERCENT)
 HIGHEST    93           400 AM
 LOWEST     55          1000 AM
 AVERAGE    74

..........................................................


THE FORT PIERCE CLIMATE NORMALS FOR TOMORROW
                         NORMAL    RECORD    YEAR
 MAXIMUM TEMPERATURE (F)   86        96      2017
 MINIMUM TEMPERATURE (F)   68        58      1994


SUNRISE AND SUNSET
MAY 22 2019...........SUNRISE   629 AM EDT   SUNSET   807 PM EDT
MAY 23 2019...........SUNRISE   629 AM EDT   SUNSET   808 PM EDT


-  INDICATES NEGATIVE NUMBERS.
R  INDICATES RECORD WAS SET OR TIED.
MM INDICATES DATA IS MISSING.
T  INDICATES TRACE AMOUNT.




$$
