000
CDUS43 KFSD 250627
CLIFSD


CLIMATE REPORT
NATIONAL WEATHER SERVICE SIOUX FALLS SD
124 AM CDT MON MAR 25 2019


...................................

...THE SIOUX FALLS SD CLIMATE SUMMARY FOR MARCH 24 2019...

CLIMATE NORMAL PERIOD 1981 TO 2010
CLIMATE RECORD PERIOD 1893 TO 2019


WEATHER ITEM   OBSERVED TIME   RECORD YEAR NORMAL DEPARTURE LAST
                VALUE   (LST)  VALUE       VALUE  FROM      YEAR
                                                  NORMAL
..................................................................
TEMPERATURE (F)
 YESTERDAY
  MAXIMUM         55    201 PM  83    1967  47      8       34
  MINIMUM         37   1159 PM   0    1974  26     11       28
  AVERAGE         46                        36     10       31

PRECIPITATION (IN)
  YESTERDAY        0.00          0.60 2007   0.07  -0.07     0.19
                                      1937
  MONTH TO DATE    3.64                      1.19   2.45     1.92
  SINCE MAR 1      3.64                      1.19   2.45     1.92
  SINCE JAN 1      5.76                      2.35   3.41     3.46

SNOWFALL (IN)
  YESTERDAY        0.0           2.7  1975   0.3   -0.3      1.5
  MONTH TO DATE    5.4                       6.8   -1.4      7.4
  SINCE MAR 1      5.4                       6.8   -1.4      7.4
  SINCE JUL 1     45.5                      38.3    7.2     39.0
  SNOW DEPTH       0

DEGREE DAYS
 HEATING
  YESTERDAY       19                        29    -10       34
  MONTH TO DATE  919                       807    112      766
  SINCE MAR 1    919                       807    112      766
  SINCE JUL 1   6893                      6657    236     6418

 COOLING
  YESTERDAY        0                         0      0        0
  MONTH TO DATE    0                         0      0        0
  SINCE MAR 1      0                         0      0        0
  SINCE JAN 1      0                         0      0        0
..................................................................


WIND (MPH)
  HIGHEST WIND SPEED    20   HIGHEST WIND DIRECTION    NE (40)
  HIGHEST GUST SPEED    25   HIGHEST GUST DIRECTION     N (10)
  AVERAGE WIND SPEED     9.5


SKY COVER
  POSSIBLE SUNSHINE  MM
  AVERAGE SKY COVER 1.0


WEATHER CONDITIONS
 THE FOLLOWING WEATHER WAS RECORDED YESTERDAY.
  FOG


RELATIVE HUMIDITY (PERCENT)
 HIGHEST    92           700 PM
 LOWEST     61           200 PM
 AVERAGE    77

..........................................................


THE SIOUX FALLS SD CLIMATE NORMALS FOR TODAY
                         NORMAL    RECORD    YEAR
 MAXIMUM TEMPERATURE (F)   48        82      1910
 MINIMUM TEMPERATURE (F)   26        -4      1894


SUNRISE AND SUNSET
MARCH 25 2019.........SUNRISE   721 AM CDT   SUNSET   745 PM CDT
MARCH 26 2019.........SUNRISE   720 AM CDT   SUNSET   746 PM CDT


-  INDICATES NEGATIVE NUMBERS.
R  INDICATES RECORD WAS SET OR TIED.
MM INDICATES DATA IS MISSING.
T  INDICATES TRACE AMOUNT.




$$
