462
CDUS43 KFSD 222225
CLIFSD


CLIMATE REPORT
NATIONAL WEATHER SERVICE SIOUX FALLS SD
525 PM CDT WED MAY 22 2019


...................................

...THE SIOUX FALLS SD CLIMATE SUMMARY FOR MAY 22 2019...
VALID TODAY AS OF 0500 PM LOCAL TIME.

CLIMATE NORMAL PERIOD 1981 TO 2010
CLIMATE RECORD PERIOD 1893 TO 2019


WEATHER ITEM   OBSERVED TIME   RECORD YEAR NORMAL DEPARTURE LAST
                VALUE   (LST)  VALUE       VALUE  FROM      YEAR
                                                  NORMAL
..................................................................
TEMPERATURE (F)
 TODAY
  MAXIMUM         58   1113 AM  92    1964  72    -14       79
  MINIMUM         49   1213 AM  27    1963  48      1       46
  AVERAGE         54                        60     -6       63

PRECIPITATION (IN)
  TODAY            0.08          3.50 1898   0.11  -0.03     0.00
  MONTH TO DATE    3.30                      2.36   0.94     2.19
  SINCE MAR 1     11.93                      7.13   4.80     7.59
  SINCE JAN 1     14.05                      8.29   5.76     9.13

SNOWFALL (IN)
  TODAY            0.0          MM      MM   0.0    0.0      0.0
  MONTH TO DATE    T                         0.4   -0.4      0.0
  SINCE MAR 1     12.3                      13.4   -1.1     38.8
  SINCE JUL 1     52.4                      44.9    7.5     70.4
  SNOW DEPTH       0

DEGREE DAYS
 HEATING
  TODAY           11                         6      5        2
  MONTH TO DATE  264                       202     62      121
  SINCE MAR 1   1890                      1759    131     1911
  SINCE JUL 1   7864                      7609    255     7563

 COOLING
  TODAY            0                         1     -1        0
  MONTH TO DATE    7                        18    -11        9
  SINCE MAR 1      9                        23    -14       16
  SINCE JAN 1      9                        23    -14       16
..................................................................


WIND (MPH)
  HIGHEST WIND SPEED    18   HIGHEST WIND DIRECTION    SW (240)
  HIGHEST GUST SPEED    32   HIGHEST GUST DIRECTION    SW (240)
  AVERAGE WIND SPEED    11.5


SKY COVER
  POSSIBLE SUNSHINE  MM
  AVERAGE SKY COVER 0.9


WEATHER CONDITIONS
 THE FOLLOWING WEATHER WAS RECORDED TODAY.
  LIGHT RAIN
  FOG


RELATIVE HUMIDITY (PERCENT)
 HIGHEST    96           200 AM
 LOWEST     66           400 PM
 AVERAGE    81

..........................................................


THE SIOUX FALLS SD CLIMATE NORMALS FOR TOMORROW
                         NORMAL    RECORD    YEAR
 MAXIMUM TEMPERATURE (F)   72        94      1950
 MINIMUM TEMPERATURE (F)   49        33      1893


SUNRISE AND SUNSET
MAY 22 2019...........SUNRISE   556 AM CDT   SUNSET   852 PM CDT
MAY 23 2019...........SUNRISE   555 AM CDT   SUNSET   853 PM CDT


-  INDICATES NEGATIVE NUMBERS.
R  INDICATES RECORD WAS SET OR TIED.
MM INDICATES DATA IS MISSING.
T  INDICATES TRACE AMOUNT.




$$
