000
CDUS44 KTSA 250807
CLIFSM

CLIMATE REPORT
NATIONAL WEATHER SERVICE TULSA OK
307 AM CDT MON MAR 25 2019

...................................

...THE FORT SMITH ARKANSAS CLIMATE SUMMARY FOR MARCH 24 2019...

CLIMATE NORMAL PERIOD 1981 TO 2010
CLIMATE RECORD PERIOD 1882 TO 2019


WEATHER ITEM   OBSERVED TIME   RECORD YEAR NORMAL DEPARTURE LAST
                VALUE   (LST)  VALUE       VALUE  FROM      YEAR
                                                  NORMAL
..................................................................
TEMPERATURE (F)
 YESTERDAY
  MAXIMUM         76    407 PM  92    1929  67      9       81
  MINIMUM         53    806 AM  25    1974  43     10       57
  AVERAGE         65                        55     10       69

PRECIPITATION (IN)
  YESTERDAY        0.08          2.45 1973   0.13  -0.05     0.00
  MONTH TO DATE    2.50                      2.90  -0.40     0.57
  SINCE MAR 1      2.50                      2.90  -0.40     0.57
  SINCE JAN 1     11.49                      8.47   3.02     9.83

SNOWFALL (IN)
  YESTERDAY        0.0                                       0.0
  MONTH TO DATE    T                                         0.0
  SINCE MAR 1      T                                         0.0
  SINCE JUL 1      1.0                                        T

DEGREE DAYS
 HEATING
  YESTERDAY        0                        10    -10        0
  MONTH TO DATE  392                       321     71      264
  SINCE MAR 1    392                       321     71      264
  SINCE JUL 1   3027                      2994     33     2739

 COOLING
  YESTERDAY        0                         1     -1        4
  MONTH TO DATE    0                         2     -2        6
  SINCE MAR 1      0                         2     -2        6
  SINCE JAN 1      0                         3     -3        8
..................................................................


WIND (MPH)
  HIGHEST WIND SPEED    21   HIGHEST WIND DIRECTION     N (340)
  HIGHEST GUST SPEED    25   HIGHEST GUST DIRECTION    NW (330)
  AVERAGE WIND SPEED     7.9


SKY COVER
  POSSIBLE SUNSHINE  MM
  AVERAGE SKY COVER 0.8


WEATHER CONDITIONS
 THE FOLLOWING WEATHER WAS RECORDED YESTERDAY.
  THUNDERSTORM
  RAIN
  LIGHT RAIN
  FOG


RELATIVE HUMIDITY (PERCENT)
 HIGHEST    93           800 AM
 LOWEST     64           400 PM
 AVERAGE    79

..........................................................


THE FORT SMITH ARKANSAS CLIMATE NORMALS FOR TODAY
                         NORMAL    RECORD    YEAR
 MAXIMUM TEMPERATURE (F)   68        86      2015
                                             1910
 MINIMUM TEMPERATURE (F)   43        21      1955


SUNRISE AND SUNSET
MARCH 25 2019.........SUNRISE   714 AM CDT   SUNSET   733 PM CDT
MARCH 26 2019.........SUNRISE   713 AM CDT   SUNSET   734 PM CDT


-  INDICATES NEGATIVE NUMBERS.
R  INDICATES RECORD WAS SET OR TIED.
MM INDICATES DATA IS MISSING.
T  INDICATES TRACE AMOUNT.




$$

&&
...........................................................

THE ARKANSAS RIVER AT VAN BUREN

                   OBSERVED      24 HOUR     24 HOUR
                    VALUE        CHANGE      FORECAST

 STAGE (FEET)
  THIS MORNING       19.6         +0.2

 MEAN FLOW (CFS)
  TODAY                                        5366
...........................................................
ALL DATA MEASURED AT THE FORT SMITH REGIONAL AIRPORT
