000
CDUS44 KTSA 242118
CLIFSM

CLIMATE REPORT
NATIONAL WEATHER SERVICE TULSA OK
417 PM CDT FRI MAY 24 2019


...................................

...THE FORT SMITH ARKANSAS CLIMATE SUMMARY FOR MAY 24 2019...
VALID TODAY AS OF 0400 PM LOCAL TIME.

CLIMATE NORMAL PERIOD 1981 TO 2010
CLIMATE RECORD PERIOD 1882 TO 2019


WEATHER ITEM   OBSERVED TIME   RECORD YEAR NORMAL DEPARTURE LAST
                VALUE   (LST)  VALUE       VALUE  FROM      YEAR
                                                  NORMAL
..................................................................
TEMPERATURE (F)
 TODAY
  MAXIMUM         90    239 PM  95    1962  82      8       89
  MINIMUM         69    441 AM  45    1983  62      7       67
  AVERAGE         80                        72      8       78

PRECIPITATION (IN)
  TODAY            0.00          2.90 1909   0.17  -0.17     0.27
  MONTH TO DATE    5.30                      4.31   0.99     1.86
  SINCE MAR 1     14.87                     12.46   2.41     8.56
  SINCE JAN 1     23.86                     18.03   5.83    17.82

DEGREE DAYS
 COOLING
  TODAY           15                         7      8       13
  MONTH TO DATE  140                       119     21      255
  SINCE MAR 1    209                       184     25      273
  SINCE JAN 1    209                       185     24      275
..................................................................


WIND (MPH)
  HIGHEST WIND SPEED    15   HIGHEST WIND DIRECTION     S (180)
  HIGHEST GUST SPEED    22   HIGHEST GUST DIRECTION     S (160)
  AVERAGE WIND SPEED     6.7


SKY COVER
  POSSIBLE SUNSHINE  MM
  AVERAGE SKY COVER 0.1


WEATHER CONDITIONS
 THE FOLLOWING WEATHER WAS RECORDED TODAY.
  NO SIGNIFICANT WEATHER WAS OBSERVED.


RELATIVE HUMIDITY (PERCENT)
 HIGHEST    90           500 AM
 LOWEST     47           200 PM
 AVERAGE    69

..........................................................


THE FORT SMITH ARKANSAS CLIMATE NORMALS FOR TOMORROW
                         NORMAL    RECORD    YEAR
 MAXIMUM TEMPERATURE (F)   83        95      1964
 MINIMUM TEMPERATURE (F)   62        47      2001
                                             1979


SUNRISE AND SUNSET
MAY 24 2019...........SUNRISE   607 AM CDT   SUNSET   822 PM CDT
MAY 25 2019...........SUNRISE   607 AM CDT   SUNSET   822 PM CDT


-  INDICATES NEGATIVE NUMBERS.
R  INDICATES RECORD WAS SET OR TIED.
MM INDICATES DATA IS MISSING.
T  INDICATES TRACE AMOUNT.




$$

&&
...........................................................

THE ARKANSAS RIVER AT VAN BUREN

                   OBSERVED      24 HOUR     24 HOUR
                    VALUE        CHANGE      FORECAST

 STAGE (FEET)
  THIS AFTERNOON     33.3         +12.4

 MEAN FLOW (CFS)
  TODAY                                        47718
...........................................................
ALL DATA MEASURED AT THE FORT SMITH REGIONAL AIRPORT
