100
CDUS46 KSGX 270021
CLIFUL


CLIMATE REPORT
NATIONAL WEATHER SERVICE SAN DIEGO, CA
521 PM PDT SUN MAY 26 2019


...................................

...THE FULLERTON AIRPORT CA CLIMATE SUMMARY FOR MAY 26 2019...
VALID TODAY AS OF 0500 PM LOCAL TIME.

CLIMATE NORMAL PERIOD 1981 TO 2010
CLIMATE RECORD PERIOD 1998 TO 2019


WEATHER ITEM   OBSERVED TIME   RECORD YEAR NORMAL DEPARTURE LAST
                VALUE   (LST)  VALUE       VALUE  FROM      YEAR
                                                  NORMAL
..................................................................
TEMPERATURE (F)
 TODAY
  MAXIMUM         62    139 PM  83    2014  75    -13       73
  MINIMUM         57    654 AM  50    2008  59     -2       59
  AVERAGE         60                        67     -7       66

PRECIPITATION (IN)
  TODAY            0.03R         T    2015   0.00   0.03      T
                                      2015
                                      2018
  MONTH TO DATE    1.17                      0.24   0.93     0.04
  SINCE OCT 1     17.12                     13.45   3.67     3.11
  SINCE JAN 1     13.79                      9.55   4.24     3.03

DEGREE DAYS
 HEATING
  TODAY            5                         1      4        0
  MONTH TO DATE   32                        31      1       18
  SINCE MAR 1    192                       303   -111      185
  SINCE JUL 1    968                      1225   -257      635

 COOLING
  TODAY            0                         3     -3        1
  MONTH TO DATE   20                        56    -36       52
  SINCE MAR 1     83                        99    -16      107
  SINCE JAN 1     85                       108    -23      144
..................................................................


WIND (MPH)
  RESULTANT WIND SPEED   4   RESULTANT WIND DIRECTION   S (180)
  HIGHEST WIND SPEED    12   HIGHEST WIND DIRECTION     S (170)
  HIGHEST GUST SPEED    15   HIGHEST GUST DIRECTION     S (160)
  AVERAGE WIND SPEED     5.7


SKY COVER
  POSSIBLE SUNSHINE  MM
  AVERAGE SKY COVER 1.0


WEATHER CONDITIONS
 THE FOLLOWING WEATHER WAS RECORDED TODAY.
  LIGHT RAIN
  FOG


RELATIVE HUMIDITY (PERCENT)
 HIGHEST    86           500 AM
 LOWEST     55          1000 AM
 AVERAGE    71

..........................................................


THE FULLERTON AIRPORT CA CLIMATE NORMALS FOR TOMORROW
                         NORMAL    RECORD    YEAR
 MAXIMUM TEMPERATURE (F)   75        90      2000
 MINIMUM TEMPERATURE (F)   59        53      2008


SUNRISE AND SUNSET
MAY 26 2019...........SUNRISE   544 AM PDT   SUNSET   754 PM PDT
MAY 27 2019...........SUNRISE   544 AM PDT   SUNSET   754 PM PDT


-  INDICATES NEGATIVE NUMBERS.
R  INDICATES RECORD WAS SET OR TIED.
MM INDICATES DATA IS MISSING.
T  INDICATES TRACE AMOUNT.




$$
