976
CDUS46 KSGX 220026
CLIFUL


CLIMATE REPORT
NATIONAL WEATHER SERVICE SAN DIEGO, CA
525 PM PDT THU MAR 21 2019


...................................

...THE FULLERTON AIRPORT CA CLIMATE SUMMARY FOR MARCH 21 2019...
VALID TODAY AS OF 0500 PM LOCAL TIME.

CLIMATE NORMAL PERIOD 1981 TO 2010
CLIMATE RECORD PERIOD 1998 TO 2019


WEATHER ITEM   OBSERVED TIME   RECORD YEAR NORMAL DEPARTURE LAST
                VALUE   (LST)  VALUE       VALUE  FROM      YEAR
                                                  NORMAL
..................................................................
TEMPERATURE (F)
 TODAY
  MAXIMUM         60    300 PM  83    2008  70    -10       70
  MINIMUM         51        MM  46    2011  50      1       55
  AVERAGE         56                        60     -4       63

PRECIPITATION (IN)
  TODAY            0.06          0.31 2011   0.03   0.03     0.06
  MONTH TO DATE    1.86                      1.81   0.05     1.21
  SINCE OCT 1     15.82                     11.99   3.83     2.70
  SINCE JAN 1     12.49                      8.09   4.40     2.62

DEGREE DAYS
 HEATING
  TODAY            9                         5      4        2
  MONTH TO DATE  111                       120     -9      102
  SINCE MAR 1    111                       120     -9      102
  SINCE JUL 1    887                      1042   -155      552

 COOLING
  TODAY            0                         0      0        0
  MONTH TO DATE    4                         8     -4        1
  SINCE MAR 1      4                         8     -4        1
  SINCE JAN 1      6                        17    -11       38
..................................................................


WIND (MPH)
  RESULTANT WIND SPEED   1   RESULTANT WIND DIRECTION  SE (120)
  HIGHEST WIND SPEED     7   HIGHEST WIND DIRECTION     E (99)
  HIGHEST GUST SPEED    MM   HIGHEST GUST DIRECTION    MM
  AVERAGE WIND SPEED     1.4


SKY COVER
  POSSIBLE SUNSHINE  MM
  AVERAGE SKY COVER 0.6


WEATHER CONDITIONS
 THE FOLLOWING WEATHER WAS RECORDED TODAY.
  LIGHT RAIN


RELATIVE HUMIDITY (PERCENT)
 HIGHEST    83           300 AM
 LOWEST     57          1000 AM
 AVERAGE    70

..........................................................


THE FULLERTON AIRPORT CA CLIMATE NORMALS FOR TOMORROW
                         NORMAL    RECORD    YEAR
 MAXIMUM TEMPERATURE (F)   70        90      2008
 MINIMUM TEMPERATURE (F)   50        43      2006


SUNRISE AND SUNSET
MARCH 21 2019.........SUNRISE   654 AM PDT   SUNSET   704 PM PDT
MARCH 22 2019.........SUNRISE   653 AM PDT   SUNSET   705 PM PDT


-  INDICATES NEGATIVE NUMBERS.
R  INDICATES RECORD WAS SET OR TIED.
MM INDICATES DATA IS MISSING.
T  INDICATES TRACE AMOUNT.




$$
