000
CDUS41 KCAR 202026
CLIFVE


CLIMATE REPORT
NATIONAL WEATHER SERVICE CARIBOU, ME
426 PM EDT SUN MAY 20 2018


...................................

...THE FRENCHVILLE ME CLIMATE SUMMARY FOR MAY 20 2018...
VALID TODAY AS OF 0400 PM LOCAL TIME.

CLIMATE NORMAL PERIOD 1981 TO 2010
CLIMATE RECORD PERIOD 9999 TO 9999


WEATHER ITEM   OBSERVED TIME   RECORD YEAR NORMAL DEPARTURE LAST
                VALUE   (LST)  VALUE       VALUE  FROM      YEAR
                                                  NORMAL
..................................................................
TEMPERATURE (F)
 TODAY
  MAXIMUM         63    100 PM              62      1
  MINIMUM         43    101 AM              42      1
  AVERAGE         53                        52      1

PRECIPITATION (IN)
  TODAY            0.07         MM      MM   0.11  -0.04     0.00
  MONTH TO DATE    1.02                      1.84  -0.82     4.15
  SINCE MAR 1      5.76                      6.13  -0.37     8.44
  SINCE JAN 1      8.14                      8.70  -0.56    11.06

SNOWFALL (IN)
  TODAY           MM            MM      MM  MM     MM       MM
  MONTH TO DATE   MM                        MM     MM       MM
  SINCE MAR 1     MM                        MM     MM       MM
  SINCE JUL 1     MM                        MM     MM       MM
  SNOW DEPTH      MM

DEGREE DAYS
 HEATING
  TODAY           12                               -1
  MONTH TO DATE  286                              -41
  SINCE JUL 1   9138                             -321

 COOLING
  TODAY            0                                0
  MONTH TO DATE    0                                0
  SINCE JAN 1      0                                0
..................................................................


WIND (MPH)
  HIGHEST WIND SPEED    25   HIGHEST WIND DIRECTION    NW (330)
  HIGHEST GUST SPEED    33   HIGHEST GUST DIRECTION     N (340)
  AVERAGE WIND SPEED    12.7




..........................................................


THE FRENCHVILLE ME CLIMATE NORMALS FOR TOMORROW
                         NORMAL
 MAXIMUM TEMPERATURE (F)   63
 MINIMUM TEMPERATURE (F)   42


SUNRISE AND SUNSET
MAY 20 2018...........SUNRISE   451 AM EDT   SUNSET   809 PM EDT
MAY 21 2018...........SUNRISE   450 AM EDT   SUNSET   810 PM EDT


-  INDICATES NEGATIVE NUMBERS.
R  INDICATES RECORD WAS SET OR TIED.
MM INDICATES DATA IS MISSING.
T  INDICATES TRACE AMOUNT.




$$
