000
CDUS43 KIWX 250524
CLIFWA


CLIMATE REPORT
NATIONAL WEATHER SERVICE NORTHERN INDIANA
123 AM EDT SAT MAY 25 2019


...................................

...THE FORT WAYNE CLIMATE SUMMARY FOR MAY 24 2019...

CLIMATE NORMAL PERIOD 1981 TO 2010
CLIMATE RECORD PERIOD 1897 TO 2019


WEATHER ITEM   OBSERVED TIME   RECORD YEAR NORMAL DEPARTURE LAST
                VALUE   (LST)  VALUE       VALUE  FROM      YEAR
                                                  NORMAL
..................................................................
TEMPERATURE (F)
 YESTERDAY
  MAXIMUM         76    535 PM  91    2007  74      2       84
  MINIMUM         55    538 AM  36    1963  52      3       53
                                      1931
                                      1925
  AVERAGE         66                        63      3       69

PRECIPITATION (IN)
  YESTERDAY        T             1.46 1971   0.15  -0.15     0.00
  MONTH TO DATE    2.77                      3.12  -0.35     2.60
  SINCE MAR 1     12.27                      9.35   2.92     7.69
  SINCE JAN 1     16.82                     13.65   3.17    13.31

SNOWFALL (IN)
  YESTERDAY        0.0           T    1925   0.0    0.0      0.0
  MONTH TO DATE    0.0                       0.0    0.0      0.0
  SINCE MAR 1      2.8                       5.1   -2.3      4.5
  SINCE JUL 1     24.7                      33.5   -8.8     32.7
  SNOW DEPTH       0

DEGREE DAYS
 HEATING
  YESTERDAY        0                         4     -4        0
  MONTH TO DATE  165                       167     -2       35
  SINCE MAR 1   1481                      1451     30     1541
  SINCE JUL 1   5847                      6049   -202     5869

 COOLING
  YESTERDAY        1                         2     -1        4
  MONTH TO DATE   22                        29     -7       48
  SINCE MAR 1     22                        37    -15       49
  SINCE JAN 1     22                        37    -15       49
..................................................................


WIND (MPH)
  HIGHEST WIND SPEED    16   HIGHEST WIND DIRECTION     N (20)
  HIGHEST GUST SPEED    21   HIGHEST GUST DIRECTION     N (10)
  AVERAGE WIND SPEED     5.8


SKY COVER
  AVERAGE SKY COVER 0.7


WEATHER CONDITIONS
 THE FOLLOWING WEATHER WAS RECORDED YESTERDAY.
  THUNDERSTORM
  LIGHT RAIN


RELATIVE HUMIDITY (PERCENT)
 HIGHEST    93           500 AM
 LOWEST     61          1200 PM
 AVERAGE    77

..........................................................


THE FORT WAYNE CLIMATE NORMALS FOR TODAY
                         NORMAL    RECORD    YEAR
 MAXIMUM TEMPERATURE (F)   74        93      2012
 MINIMUM TEMPERATURE (F)   52        33      1925


SUNRISE AND SUNSET
MAY 25 2019...........SUNRISE   615 AM EDT   SUNSET   901 PM EDT
MAY 26 2019...........SUNRISE   614 AM EDT   SUNSET   902 PM EDT


-  INDICATES NEGATIVE NUMBERS.
R  INDICATES RECORD WAS SET OR TIED.
MM INDICATES DATA IS MISSING.
T  INDICATES TRACE AMOUNT.




$$
