000
CDUS43 KIWX 230521
CLIFWA


CLIMATE REPORT
NATIONAL WEATHER SERVICE NORTHERN INDIANA
121 AM EDT SAT MAR 23 2019


...................................

...THE FORT WAYNE CLIMATE SUMMARY FOR MARCH 22 2019...

CLIMATE NORMAL PERIOD 1981 TO 2010
CLIMATE RECORD PERIOD 1897 TO 2019


WEATHER ITEM   OBSERVED TIME   RECORD YEAR NORMAL DEPARTURE LAST
                VALUE   (LST)  VALUE       VALUE  FROM      YEAR
                                                  NORMAL
..................................................................
TEMPERATURE (F)
 YESTERDAY
  MAXIMUM         48    157 PM  83    2012  51     -3       48
                                      1907
  MINIMUM         30   1159 PM  10    1906  31     -1       22
  AVERAGE         39                        41     -2       35

PRECIPITATION (IN)
  YESTERDAY        0.00          0.95 1898   0.09  -0.09     0.00
  MONTH TO DATE    1.87                      1.81   0.06     1.00
  SINCE MAR 1      1.87                      1.81   0.06     1.00
  SINCE JAN 1      6.42                      6.11   0.31     6.62

SNOWFALL (IN)
  YESTERDAY        0.0           5.2  1977   0.1   -0.1      0.0
  MONTH TO DATE    1.3                       3.4   -2.1      2.1
  SINCE MAR 1      1.3                       3.4   -2.1      2.1
  SINCE JUL 1     23.2                      31.8   -8.6     30.3
  SNOW DEPTH       0

DEGREE DAYS
 HEATING
  YESTERDAY       26                        24      2       30
  MONTH TO DATE  681                       625     56      664
  SINCE MAR 1    681                       625     56      664
  SINCE JUL 1   5047                      5223   -176     4992

 COOLING
  YESTERDAY        0                         0      0        0
  MONTH TO DATE    0                         0      0        0
  SINCE MAR 1      0                         0      0        0
  SINCE JAN 1      0                         0      0        0
..................................................................


WIND (MPH)
  HIGHEST WIND SPEED    25   HIGHEST WIND DIRECTION     N (340)
  HIGHEST GUST SPEED    35   HIGHEST GUST DIRECTION     N (340)
  AVERAGE WIND SPEED    14.0


SKY COVER
  AVERAGE SKY COVER 0.3


WEATHER CONDITIONS
 THE FOLLOWING WEATHER WAS RECORDED YESTERDAY.
  FOG


RELATIVE HUMIDITY (PERCENT)
 HIGHEST    92          1200 AM
 LOWEST     45           300 PM
 AVERAGE    69

..........................................................


THE FORT WAYNE CLIMATE NORMALS FOR TODAY
                         NORMAL    RECORD    YEAR
 MAXIMUM TEMPERATURE (F)   51        76      1910
 MINIMUM TEMPERATURE (F)   31         7      1906


SUNRISE AND SUNSET
MARCH 23 2019.........SUNRISE   740 AM EDT   SUNSET   756 PM EDT
MARCH 24 2019.........SUNRISE   738 AM EDT   SUNSET   757 PM EDT


-  INDICATES NEGATIVE NUMBERS.
R  INDICATES RECORD WAS SET OR TIED.
MM INDICATES DATA IS MISSING.
T  INDICATES TRACE AMOUNT.




$$
