000
CDUS43 KIWX 210544
CLIFWA


CLIMATE REPORT
NATIONAL WEATHER SERVICE NORTHERN INDIANA
144 AM EDT SAT APR 21 2018


...................................

...THE FORT WAYNE CLIMATE SUMMARY FOR APRIL 20 2018...

CLIMATE NORMAL PERIOD 1981 TO 2010
CLIMATE RECORD PERIOD 1897 TO 2018


WEATHER ITEM   OBSERVED TIME   RECORD YEAR NORMAL DEPARTURE LAST
                VALUE   (LST)  VALUE       VALUE  FROM      YEAR
                                                  NORMAL
..................................................................
TEMPERATURE (F)
 YESTERDAY
  MAXIMUM         61    540 PM  84    1985  63     -2       81
  MINIMUM         29    628 AM  20    1904  40    -11       54
  AVERAGE         45                        52     -7       68

PRECIPITATION (IN)
  YESTERDAY        0.00          1.44 1920   0.11  -0.11     0.29
  MONTH TO DATE    2.12                      2.40  -0.28     2.47
  SINCE MAR 1      4.96                      5.11  -0.15     6.28
  SINCE JAN 1     10.58                      9.41   1.17    12.75

SNOWFALL (IN)
  YESTERDAY        0.0           0.2  1953   0.0    0.0      0.0
  MONTH TO DATE    2.4                       0.9    1.5      0.4
  SINCE MAR 1      4.5                       5.0   -0.5      3.4
  SINCE JUL 1     32.7                      33.4   -0.7     18.5
  SNOW DEPTH       0

DEGREE DAYS
 HEATING
  YESTERDAY       20                        14      6        0
  MONTH TO DATE  484                       341    143      212
  SINCE MAR 1   1366                      1167    199      996
  SINCE JUL 1   5694                      5765    -71     4690

 COOLING
  YESTERDAY        0                         0      0        3
  MONTH TO DATE    1                         0      1       13
  SINCE MAR 1      1                         0      1       13
  SINCE JAN 1      1                         0      1       13
..................................................................


WIND (MPH)
  HIGHEST WIND SPEED    12   HIGHEST WIND DIRECTION     N (10)
  HIGHEST GUST SPEED    15   HIGHEST GUST DIRECTION     N (340)
  AVERAGE WIND SPEED     4.0


SKY COVER
  AVERAGE SKY COVER 0.2


WEATHER CONDITIONS
 THE FOLLOWING WEATHER WAS RECORDED YESTERDAY.
  NO SIGNIFICANT WEATHER WAS OBSERVED.


RELATIVE HUMIDITY (PERCENT)
 HIGHEST    78           400 AM
 LOWEST     19           600 PM
 AVERAGE    49

..........................................................


THE FORT WAYNE CLIMATE NORMALS FOR TODAY
                         NORMAL    RECORD    YEAR
 MAXIMUM TEMPERATURE (F)   63        87      1985
                                             1899
 MINIMUM TEMPERATURE (F)   41        21      1907


SUNRISE AND SUNSET
APRIL 21 2018.........SUNRISE   653 AM EDT   SUNSET   827 PM EDT
APRIL 22 2018.........SUNRISE   651 AM EDT   SUNSET   828 PM EDT


-  INDICATES NEGATIVE NUMBERS.
R  INDICATES RECORD WAS SET OR TIED.
MM INDICATES DATA IS MISSING.
T  INDICATES TRACE AMOUNT.




$$
