000
CDUS44 KTSA 192123 RRA
CLIFYV

CLIMATE REPORT
NATIONAL WEATHER SERVICE TULSA OK
417 PM CDT SUN MAY 19 2019


...................................

...THE FAYETTEVILLE ARKANSAS CLIMATE SUMMARY FOR MAY 19 2019...
VALID TODAY AS OF 0400 PM LOCAL TIME.

CLIMATE NORMAL PERIOD 1981 TO 2010
CLIMATE RECORD PERIOD 1905 TO 2019


WEATHER ITEM   OBSERVED TIME   RECORD YEAR NORMAL DEPARTURE LAST
                VALUE   (LST)  VALUE       VALUE  FROM      YEAR
                                                  NORMAL
..................................................................
TEMPERATURE (F)
 TODAY
  MAXIMUM         75    258 PM  89    1956  77     -2       87
  MINIMUM         62    327 AM  38    2002  55      7       61
  AVERAGE         69                        66      3       74

PRECIPITATION (IN)
  TODAY            0.01                      0.20  -0.19     0.00
  MONTH TO DATE    4.17                      3.75   0.42     3.89
  SINCE MAR 1     13.60                     12.27   1.33    10.83
  SINCE JAN 1     20.13                     17.92   2.21    20.45

DEGREE DAYS
 COOLING
  TODAY            4                         3      1        9
  MONTH TO DATE   42                        37      5      112
  SINCE MAR 1     64                        65     -1      120
  SINCE JAN 1     64                        65     -1      123
..................................................................


WIND (MPH)
  HIGHEST WIND SPEED    20   HIGHEST WIND DIRECTION    NW (300)
  HIGHEST GUST SPEED    26   HIGHEST GUST DIRECTION    SW (240)
  AVERAGE WIND SPEED    10.1


SKY COVER
  POSSIBLE SUNSHINE  MM
  AVERAGE SKY COVER 0.3


WEATHER CONDITIONS
 THE FOLLOWING WEATHER WAS RECORDED TODAY.
  LIGHT RAIN


RELATIVE HUMIDITY (PERCENT)
 HIGHEST    93          1200 AM
 LOWEST     57           200 PM
 AVERAGE    75

..........................................................


THE FAYETTEVILLE ARKANSAS CLIMATE NORMALS FOR TOMORROW
                         NORMAL    RECORD    YEAR
 MAXIMUM TEMPERATURE (F)   77        89      2006
                                             2005
                                             1998
 MINIMUM TEMPERATURE (F)   55        37      1954


SUNRISE AND SUNSET
MAY 19 2019...........SUNRISE   608 AM CDT   SUNSET   819 PM CDT
MAY 20 2019...........SUNRISE   607 AM CDT   SUNSET   819 PM CDT


-  INDICATES NEGATIVE NUMBERS.
R  INDICATES RECORD WAS SET OR TIED.
MM INDICATES DATA IS MISSING.
T  INDICATES TRACE AMOUNT.




$$
