000
CDUS44 KTSA 210832 RRA
CLIFYV

CLIMATE REPORT
NATIONAL WEATHER SERVICE TULSA OK
332 AM CDT THU MAR 21 2019


...................................

...THE FAYETTEVILLE ARKANSAS CLIMATE SUMMARY FOR MARCH 20 2019...

CLIMATE NORMAL PERIOD 1981 TO 2010
CLIMATE RECORD PERIOD 1905 TO 2019


WEATHER ITEM   OBSERVED TIME   RECORD YEAR NORMAL DEPARTURE LAST
                VALUE   (LST)  VALUE       VALUE  FROM      YEAR
                                                  NORMAL
..................................................................
TEMPERATURE (F)
 YESTERDAY
  MAXIMUM         54    355 PM  85    2017  61     -7       54
  MINIMUM         35   1159 PM   8    1965  37     -2       34
  AVERAGE         45                        49     -4       44

PRECIPITATION (IN)
  YESTERDAY        0.09                      0.13  -0.04     0.01
  MONTH TO DATE    2.01                      2.48  -0.47     0.17
  SINCE MAR 1      2.01                      2.48  -0.47     0.17
  SINCE JAN 1      8.54                      8.13   0.41     9.79

SNOWFALL (IN)
  YESTERDAY       MM                                         0.0
  MONTH TO DATE    0.8                                       0.0
  SINCE MAR 1      0.8                                       0.0
  SINCE JUL 1      2.0                                       0.4

DEGREE DAYS
 HEATING
  YESTERDAY       20                        16      4       21
  MONTH TO DATE  465                       370     95      342
  SINCE MAR 1    465                       370     95      342
  SINCE JUL 1   3763                      3673     90     3471

 COOLING
  YESTERDAY        0                         0      0        0
  MONTH TO DATE    0                         0      0        0
  SINCE MAR 1      0                         0      0        0
  SINCE JAN 1      0                         0      0        3
..................................................................


WIND (MPH)
  HIGHEST WIND SPEED    16   HIGHEST WIND DIRECTION    NW (320)
  HIGHEST GUST SPEED    21   HIGHEST GUST DIRECTION    NW (330)
  AVERAGE WIND SPEED     6.6


SKY COVER
  POSSIBLE SUNSHINE  MM
  AVERAGE SKY COVER 0.7


WEATHER CONDITIONS
 THE FOLLOWING WEATHER WAS RECORDED YESTERDAY.
  LIGHT RAIN
  FOG
  HAZE


RELATIVE HUMIDITY (PERCENT)
 HIGHEST    92          1100 PM
 LOWEST     54           200 AM
 AVERAGE    73

..........................................................


THE FAYETTEVILLE ARKANSAS CLIMATE NORMALS FOR TODAY
                         NORMAL    RECORD    YEAR
 MAXIMUM TEMPERATURE (F)   62        84      1997
 MINIMUM TEMPERATURE (F)   38        16      1965


SUNRISE AND SUNSET
MARCH 21 2019.........SUNRISE   719 AM CDT   SUNSET   729 PM CDT
MARCH 22 2019.........SUNRISE   718 AM CDT   SUNSET   730 PM CDT


-  INDICATES NEGATIVE NUMBERS.
R  INDICATES RECORD WAS SET OR TIED.
MM INDICATES DATA IS MISSING.
T  INDICATES TRACE AMOUNT.




$$
