000
CDUS43 KUNR 250841
CLIGCC


CLIMATE REPORT
NATIONAL WEATHER SERVICE RAPID CITY SD
238 AM MDT MON MAR 25 2019


...................................

...THE GILLETTE AIRPORT WY CLIMATE SUMMARY FOR MARCH 24 2019...

CLIMATE NORMAL PERIOD 1981 TO 2010
CLIMATE RECORD PERIOD 9999 TO 9999


WEATHER ITEM   OBSERVED TIME   NORMAL DEPARTURE LAST
                VALUE   (LST)  VALUE  FROM      YEAR
                                      NORMAL
......................................................
TEMPERATURE (F)
 YESTERDAY
  MAXIMUM         46   1234 PM  50     -4       63
  MINIMUM         37    424 AM  24     13       24
  AVERAGE         42            37      5       44

PRECIPITATION (IN)
  YESTERDAY        0.18          0.04   0.14     0.00
  MONTH TO DATE    0.46          0.69  -0.23     0.57
  SINCE MAR 1      0.46          0.69  -0.23     0.57
  SINCE JAN 1      1.08          1.47  -0.39     2.36

DEGREE DAYS
 HEATING
  YESTERDAY       23            28     -5       21
  MONTH TO DATE  936           746    190      668
  SINCE MAR 1    936           746    190      668
  SINCE JUL 1   6668          6154    514     6152

 COOLING
  YESTERDAY        0             0      0        0
  MONTH TO DATE    0             0      0        0
  SINCE MAR 1      0             0      0        0
  SINCE JAN 1      0             0      0        0
......................................................


WIND (MPH)
  HIGHEST WIND SPEED    13   HIGHEST WIND DIRECTION     S (170)
  HIGHEST GUST SPEED    18   HIGHEST GUST DIRECTION     S (160)
  AVERAGE WIND SPEED     5.7


SKY COVER
  AVERAGE SKY COVER 1.0


WEATHER CONDITIONS
 THE FOLLOWING WEATHER WAS RECORDED YESTERDAY.
  LIGHT RAIN
  FOG


RELATIVE HUMIDITY (PERCENT)
 HIGHEST   100           800 PM
 LOWEST     76           100 PM
 AVERAGE    88

..........................................................




SUNRISE AND SUNSET
MARCH 25 2019.........SUNRISE   656 AM MDT   SUNSET   721 PM MDT
MARCH 26 2019.........SUNRISE   655 AM MDT   SUNSET   722 PM MDT


-  INDICATES NEGATIVE NUMBERS.
R  INDICATES RECORD WAS SET OR TIED.
MM INDICATES DATA IS MISSING.
T  INDICATES TRACE AMOUNT.




$$
