668
CDUS43 KUNR 220905
CLIGCC


CLIMATE REPORT
NATIONAL WEATHER SERVICE RAPID CITY SD
248 AM MDT WED MAY 22 2019


...................................

...THE GILLETTE AIRPORT WY CLIMATE SUMMARY FOR MAY 21 2019...

CLIMATE NORMAL PERIOD 1981 TO 2010
CLIMATE RECORD PERIOD 9999 TO 9999


WEATHER ITEM   OBSERVED TIME   NORMAL DEPARTURE LAST
                VALUE   (LST)  VALUE  FROM      YEAR
                                      NORMAL
......................................................
TEMPERATURE (F)
 YESTERDAY
  MAXIMUM         37   1125 AM  67    -30       79
  MINIMUM         31   1117 PM  41    -10       44
  AVERAGE         34            54    -20       62

PRECIPITATION (IN)
  YESTERDAY        1.05          0.09   0.96     0.00
  MONTH TO DATE    3.37          1.60   1.77     0.66
  SINCE MAR 1      6.06          4.03   2.03     3.54
  SINCE JAN 1      6.68          4.81   1.87     5.33

DEGREE DAYS
 HEATING
  YESTERDAY       31            11     20        3
  MONTH TO DATE  426           290    136      222
  SINCE MAR 1   2137          1898    239     1832
  SINCE JUL 1   7869          7306    563     7316

 COOLING
  YESTERDAY        0             0      0        0
  MONTH TO DATE    0             0      0        1
  SINCE MAR 1      0             0      0        1
  SINCE JAN 1      0             0      0        1
......................................................


WIND (MPH)
  HIGHEST WIND SPEED    15   HIGHEST WIND DIRECTION     N (340)
  HIGHEST GUST SPEED    21   HIGHEST GUST DIRECTION     N (350)
  AVERAGE WIND SPEED     9.0


SKY COVER
  AVERAGE SKY COVER 1.0


WEATHER CONDITIONS
 THE FOLLOWING WEATHER WAS RECORDED YESTERDAY.
  SNOW
  LIGHT SNOW
  FOG


RELATIVE HUMIDITY (PERCENT)
 HIGHEST   100           100 AM
 LOWEST     92          1200 AM
 AVERAGE    96

..........................................................




SUNRISE AND SUNSET
MAY 22 2019...........SUNRISE   528 AM MDT   SUNSET   830 PM MDT
MAY 23 2019...........SUNRISE   527 AM MDT   SUNSET   831 PM MDT


-  INDICATES NEGATIVE NUMBERS.
R  INDICATES RECORD WAS SET OR TIED.
MM INDICATES DATA IS MISSING.
T  INDICATES TRACE AMOUNT.




$$
