000
CDUS43 KDDC 231436
CLIGCK


CLIMATE REPORT
NATIONAL WEATHER SERVICE DODGE CITY KS
936 AM CDT SAT MAR 23 2019


...................................

...THE GARDEN CITY REGIONAL ARPT KS CLIMATE SUMMARY FOR MARCH 23 2019...
VALID AS OF 0900 AM LOCAL TIME.

CLIMATE NORMAL PERIOD 1981 TO 2010
CLIMATE RECORD PERIOD 1948 TO 2019


WEATHER ITEM   OBSERVED TIME   RECORD YEAR NORMAL DEPARTURE LAST
                VALUE   (LST)  VALUE       VALUE  FROM      YEAR
                                                  NORMAL
..................................................................
TEMPERATURE (F)
 TODAY
  MAXIMUM         45    543 AM  91    2018  60    -15       91
  MINIMUM         41    750 AM  10    1965  31     10       47
  AVERAGE         43                        46     -3       69

PRECIPITATION (IN)
  TODAY            0.00          1.55 1973   0.06  -0.06     0.00
  MONTH TO DATE    1.59                      0.99   0.60     0.33
  SINCE MAR 1      1.59                      0.99   0.60     0.33
  SINCE JAN 1      2.34                      1.87   0.47     0.33

..................................................................


WIND (MPH)
  HIGHEST WIND SPEED    20   HIGHEST WIND DIRECTION     S (170)
  HIGHEST GUST SPEED    28   HIGHEST GUST DIRECTION     S (180)



WEATHER CONDITIONS
 THE FOLLOWING WEATHER WAS RECORDED TODAY.
  FOG


RELATIVE HUMIDITY (PERCENT)
 HIGHEST   100           500 AM
 LOWEST     89           800 AM

..........................................................


THE GARDEN CITY REGIONAL ARPT KS CLIMATE NORMALS FOR TOMORROW
                         NORMAL    RECORD    YEAR
 MAXIMUM TEMPERATURE (F)   60        83      1967
 MINIMUM TEMPERATURE (F)   32        10      1965


SUNRISE AND SUNSET
MARCH 23 2019.........SUNRISE   742 AM CDT   SUNSET   757 PM CDT
MARCH 24 2019.........SUNRISE   741 AM CDT   SUNSET   758 PM CDT


-  INDICATES NEGATIVE NUMBERS.
R  INDICATES RECORD WAS SET OR TIED.
MM INDICATES DATA IS MISSING.
T  INDICATES TRACE AMOUNT.




$$
