715
CDUS43 KDDC 221429
CLIGCK


CLIMATE REPORT
NATIONAL WEATHER SERVICE DODGE CITY KS
926 AM CDT WED MAY 22 2019


...................................

...THE GARDEN CITY REGIONAL ARPT KS CLIMATE SUMMARY FOR MAY 22 2019...
VALID AS OF 0900 AM LOCAL TIME.

CLIMATE NORMAL PERIOD 1981 TO 2010
CLIMATE RECORD PERIOD 1948 TO 2019


WEATHER ITEM   OBSERVED TIME   RECORD YEAR NORMAL DEPARTURE LAST
                VALUE   (LST)  VALUE       VALUE  FROM      YEAR
                                                  NORMAL
..................................................................
TEMPERATURE (F)
 TODAY
  MAXIMUM         47    756 AM  99    1996  78    -31       87
  MINIMUM         34R   602 AM  41    1963  52    -18       58
  AVERAGE         41                        65    -24       73

PRECIPITATION (IN)
  TODAY            0.00          1.38 1991   0.10  -0.10     0.00
  MONTH TO DATE    3.76                      1.92   1.84     1.29
  SINCE MAR 1      5.52                      5.10   0.42     2.07
  SINCE JAN 1      6.27                      5.98   0.29     2.07

..................................................................


WIND (MPH)
  HIGHEST WIND SPEED    13   HIGHEST WIND DIRECTION    NW (310)
  HIGHEST GUST SPEED    17   HIGHEST GUST DIRECTION    NW (300)



WEATHER CONDITIONS
 THE FOLLOWING WEATHER WAS RECORDED TODAY.
  NO SIGNIFICANT WEATHER WAS OBSERVED.


RELATIVE HUMIDITY (PERCENT)
 HIGHEST   100           200 AM
 LOWEST     71           800 AM

..........................................................


THE GARDEN CITY REGIONAL ARPT KS CLIMATE NORMALS FOR TOMORROW
                         NORMAL    RECORD    YEAR
 MAXIMUM TEMPERATURE (F)   78       101      1964
 MINIMUM TEMPERATURE (F)   53        39      2017


SUNRISE AND SUNSET
MAY 22 2019...........SUNRISE   628 AM CDT   SUNSET   852 PM CDT
MAY 23 2019...........SUNRISE   627 AM CDT   SUNSET   853 PM CDT


-  INDICATES NEGATIVE NUMBERS.
R  INDICATES RECORD WAS SET OR TIED.
MM INDICATES DATA IS MISSING.
T  INDICATES TRACE AMOUNT.




$$
