000
CDUS43 KDDC 211426
CLIGCK


CLIMATE REPORT
NATIONAL WEATHER SERVICE DODGE CITY KS
926 AM CDT SAT APR 21 2018


...................................

...THE GARDEN CITY REGIONAL ARPT KS CLIMATE SUMMARY FOR APRIL 21 2018...
VALID AS OF 0900 AM LOCAL TIME.

CLIMATE NORMAL PERIOD 1981 TO 2010
CLIMATE RECORD PERIOD 1948 TO 2018


WEATHER ITEM   OBSERVED TIME   RECORD YEAR NORMAL DEPARTURE LAST
                VALUE   (LST)  VALUE       VALUE  FROM      YEAR
                                                  NORMAL
..................................................................
TEMPERATURE (F)
 TODAY
  MAXIMUM         MM        MM  93    1989  69     MM       54
  MINIMUM         MM        MM  23    1982  41     MM       39
  AVERAGE         MM                        55     MM       47

PRECIPITATION (IN)
  TODAY           MM             1.14 2007   0.06  MM        0.34
  MONTH TO DATE    0.16                      1.12  -0.96     1.49
  SINCE MAR 1      0.54                      2.58  -2.04     3.99
  SINCE JAN 1      0.54                      3.46  -2.92     5.28

..................................................................


WIND (MPH)
  HIGHEST WIND SPEED    MM   HIGHEST WIND DIRECTION    MM
  HIGHEST GUST SPEED    MM   HIGHEST GUST DIRECTION    MM



WEATHER CONDITIONS
 THE FOLLOWING WEATHER WAS RECORDED TODAY.
  NO SIGNIFICANT WEATHER WAS OBSERVED.


RELATIVE HUMIDITY (PERCENT)
 HIGHEST    MM
 LOWEST     MM

..........................................................


THE GARDEN CITY REGIONAL ARPT KS CLIMATE NORMALS FOR TOMORROW
                         NORMAL    RECORD    YEAR
 MAXIMUM TEMPERATURE (F)   69       100      1989
 MINIMUM TEMPERATURE (F)   41        25      1982


SUNRISE AND SUNSET
APRIL 21 2018.........SUNRISE   659 AM CDT   SUNSET   824 PM CDT
APRIL 22 2018.........SUNRISE   658 AM CDT   SUNSET   825 PM CDT


-  INDICATES NEGATIVE NUMBERS.
R  INDICATES RECORD WAS SET OR TIED.
MM INDICATES DATA IS MISSING.
T  INDICATES TRACE AMOUNT.




$$
