000
CDUS41 KPHI 262133
CLIGED


CLIMATE REPORT
NATIONAL WEATHER SERVICE MOUNT HOLLY NJ
532 PM EDT SUN MAY 26 2019


...................................

...THE GEORGETOWN DE CLIMATE SUMMARY FOR MAY 26 2019...
VALID TODAY AS OF 0500 PM LOCAL TIME.

CLIMATE NORMAL PERIOD 1981 TO 2010
CLIMATE RECORD PERIOD 1948 TO 2019


WEATHER ITEM   OBSERVED TIME   RECORD YEAR NORMAL DEPARTURE LAST
                VALUE   (LST)  VALUE       VALUE  FROM      YEAR
                                                  NORMAL
..................................................................
TEMPERATURE (F)
 TODAY
  MAXIMUM         90    257 PM  92    2011  77     13       90
                                      1965
  MINIMUM         67    355 AM  40    1967  56     11       68
                                      1956
  AVERAGE         79                        66     13       79

PRECIPITATION (IN)
  TODAY            T             2.89 1948   0.13  -0.13     0.00
  MONTH TO DATE    4.01                      2.91   1.10     5.89
  SINCE MAR 1     10.44                     10.59  -0.15    13.10
  SINCE JAN 1     17.07                     16.30   0.77    19.92

DEGREE DAYS
 HEATING
  TODAY            0                         2     -2        0
  MONTH TO DATE   55                       125    -70       25
  SINCE MAR 1    819                      1105   -286     1099
  SINCE JUL 1   3656                      4385   -729     4057

 COOLING
  TODAY           14                         4     10       14
  MONTH TO DATE   86                        54     32      138
  SINCE MAR 1    126                        74     52      153
  SINCE JAN 1    126                        74     52      160
..................................................................


WIND (MPH)
  HIGHEST WIND SPEED    15   HIGHEST WIND DIRECTION     S (190)
  HIGHEST GUST SPEED    20   HIGHEST GUST DIRECTION     W (290)
  AVERAGE WIND SPEED     7.4


SKY COVER
  POSSIBLE SUNSHINE  MM
  AVERAGE SKY COVER 0.1


WEATHER CONDITIONS
 THE FOLLOWING WEATHER WAS RECORDED TODAY.
  LIGHT RAIN


RELATIVE HUMIDITY (PERCENT)
 HIGHEST   100           400 AM
 LOWEST     41           100 PM
 AVERAGE    71

..........................................................


THE GEORGETOWN DE CLIMATE NORMALS FOR TOMORROW
                         NORMAL    RECORD    YEAR
 MAXIMUM TEMPERATURE (F)   77        95      1965
 MINIMUM TEMPERATURE (F)   56        39      1967


SUNRISE AND SUNSET
MAY 26 2019...........SUNRISE   542 AM EDT   SUNSET   816 PM EDT
MAY 27 2019...........SUNRISE   541 AM EDT   SUNSET   817 PM EDT


-  INDICATES NEGATIVE NUMBERS.
R  INDICATES RECORD WAS SET OR TIED.
MM INDICATES DATA IS MISSING.
T  INDICATES TRACE AMOUNT.




$$
