000
CDUS46 KOTX 192350
CLIGEG


CLIMATE REPORT
NATIONAL WEATHER SERVICE SPOKANE, WA
450 PM PDT SUN MAY 19 2019


...................................

...THE SPOKANE WA AIRPORT CLIMATE SUMMARY FOR MAY 19 2019...
VALID AS OF 0400 PM LOCAL TIME.

CLIMATE NORMAL PERIOD 1981 TO 2010
CLIMATE RECORD PERIOD 1881 TO 2019


WEATHER ITEM   OBSERVED TIME   RECORD YEAR NORMAL DEPARTURE LAST
                VALUE   (LST)  VALUE       VALUE  FROM      YEAR
                                                  NORMAL
..................................................................
TEMPERATURE (F)
 TODAY
  MAXIMUM         66    209 PM  85    2006  68     -2       71
                                      1897
  MINIMUM         44    700 AM  32    2003  45     -1       51
  AVERAGE         55                        56     -1       61

PRECIPITATION (IN)
  TODAY            0.00          1.62 1907   0.06  -0.06      T
  MONTH TO DATE    1.17                      0.91   0.26     1.40
  SINCE OCT 1     13.72                     12.70   1.02    16.04
  SINCE JAN 1      7.50                      6.92   0.58     8.88

SNOWFALL (IN)
  TODAY            0.0           T    1975   0.0    0.0      0.0
  MONTH TO DATE    0.0                       0.1   -0.1      0.0
  SINCE MAR 1      3.8                       4.6   -0.8      4.9
  SINCE JUL 1     53.6                      44.9    8.7     49.3
  SNOW DEPTH      MM

DEGREE DAYS
 HEATING
  TODAY           10                         9      1        4
  MONTH TO DATE  130                       225    -95       96
  SINCE MAR 1   1568                      1532     36     1422
  SINCE JUL 1   6420                      6361     59     6069

 COOLING
  TODAY            0                         0      0        0
  MONTH TO DATE    3                         0      3       13
  SINCE MAR 1      3                         0      3       14
  SINCE JAN 1      3                         0      3       14
..................................................................


WIND (MPH)
  HIGHEST WIND SPEED    24   HIGHEST WIND DIRECTION    NE (40)
  HIGHEST GUST SPEED    32   HIGHEST GUST DIRECTION    NE (30)
  AVERAGE WIND SPEED    13.3


SKY COVER
  POSSIBLE SUNSHINE  MM
  AVERAGE SKY COVER 0.6


WEATHER CONDITIONS
 THE FOLLOWING WEATHER WAS RECORDED TODAY.
  NO SIGNIFICANT WEATHER WAS OBSERVED.


RELATIVE HUMIDITY (PERCENT)
 HIGHEST    71          1200 AM
 LOWEST     37           300 PM
 AVERAGE    54

..........................................................


THE SPOKANE WA AIRPORT CLIMATE NORMALS FOR TOMORROW
                         NORMAL    RECORD    YEAR
 MAXIMUM TEMPERATURE (F)   68        86      1928
                                             1889
 MINIMUM TEMPERATURE (F)   45        32      1987


SUNRISE AND SUNSET
MAY 19 2019...........SUNRISE   508 AM PDT   SUNSET   826 PM PDT
MAY 20 2019...........SUNRISE   507 AM PDT   SUNSET   827 PM PDT


-  INDICATES NEGATIVE NUMBERS.
R  INDICATES RECORD WAS SET OR TIED.
MM INDICATES DATA IS MISSING.
T  INDICATES TRACE AMOUNT.




$$
