000
CDUS46 KOTX 210450
CLIGEG


CLIMATE REPORT
NATIONAL WEATHER SERVICE SPOKANE, WA
950 PM PDT WED MAR 20 2019


...................................

...THE SPOKANE WA AIRPORT CLIMATE SUMMARY FOR MARCH 20 2019...
VALID TODAY AS OF 0900 PM LOCAL TIME.

CLIMATE NORMAL PERIOD 1981 TO 2010
CLIMATE RECORD PERIOD 1881 TO 2019


WEATHER ITEM   OBSERVED TIME   RECORD YEAR NORMAL DEPARTURE LAST
                VALUE   (LST)  VALUE       VALUE  FROM      YEAR
                                                  NORMAL
..................................................................
TEMPERATURE (F)
 TODAY
  MAXIMUM         64    435 PM  70    1999  50     14       51
  MINIMUM         37    703 AM  12    1913  33      4       31
  AVERAGE         51                        42      9       41

PRECIPITATION (IN)
  TODAY            0.00          0.40 2013   0.05  -0.05     0.00
  MONTH TO DATE    0.48                      1.05  -0.57     0.81
  SINCE OCT 1     10.85                      9.95   0.90    12.12
  SINCE JAN 1      4.63                      4.17   0.46     4.96

DEGREE DAYS
 HEATING
  TODAY           14                        23     -9       24
  MONTH TO DATE  718                       525    193      525
  SINCE MAR 1    718                       525    193      525
  SINCE JUL 1   5570                      5354    216     5172

 COOLING
  TODAY            0                         0      0        0
  MONTH TO DATE    0                         0      0        0
  SINCE MAR 1      0                         0      0        0
  SINCE JAN 1      0                         0      0        0
..................................................................


WIND (MPH)
  HIGHEST WIND SPEED    13   HIGHEST WIND DIRECTION    NE (60)
  HIGHEST GUST SPEED    15   HIGHEST GUST DIRECTION     E (70)
  AVERAGE WIND SPEED     6.6


SKY COVER
  POSSIBLE SUNSHINE  MM
  AVERAGE SKY COVER 0.1


WEATHER CONDITIONS
 THE FOLLOWING WEATHER WAS RECORDED TODAY.
  NO SIGNIFICANT WEATHER WAS OBSERVED.


RELATIVE HUMIDITY (PERCENT)
 HIGHEST    59           500 AM
 LOWEST     20           400 PM
 AVERAGE    40

..........................................................


THE SPOKANE WA AIRPORT CLIMATE NORMALS FOR TOMORROW
                         NORMAL    RECORD    YEAR
 MAXIMUM TEMPERATURE (F)   51        71      1915
 MINIMUM TEMPERATURE (F)   33        13      1913


SUNRISE AND SUNSET
MARCH 20 2019.........SUNRISE   653 AM PDT   SUNSET   703 PM PDT
MARCH 21 2019.........SUNRISE   651 AM PDT   SUNSET   704 PM PDT


-  INDICATES NEGATIVE NUMBERS.
R  INDICATES RECORD WAS SET OR TIED.
MM INDICATES DATA IS MISSING.
T  INDICATES TRACE AMOUNT.




$$
