000
CDUS45 KRIW 260033
CLIGEY


CLIMATE REPORT
NATIONAL WEATHER SERVICE RIVERTON WY
632 PM MDT MON MAR 25 2019


...................................

...THE GREYBULL WY CLIMATE SUMMARY FOR MARCH 25 2019...
VALID TODAY AS OF 0500 PM LOCAL TIME.

CLIMATE NORMAL PERIOD 1981 TO 2010
CLIMATE RECORD PERIOD 1998 TO 2019


WEATHER ITEM   OBSERVED TIME   RECORD YEAR NORMAL DEPARTURE LAST
                VALUE   (LST)  VALUE       VALUE  FROM      YEAR
                                                  NORMAL
..................................................................
TEMPERATURE (F)
 TODAY
  MAXIMUM         56        MM  75    1999  55      1       50
  MINIMUM         39        MM  12    2013  26     13       36
  AVERAGE         48

PRECIPITATION (IN)
  TODAY            T   R         T    2010   0.02  -0.02     0.00
                                      2010
                                      2016
  MONTH TO DATE    0.02                      0.29  -0.27     0.19
  SINCE MAR 1      0.02                      0.29  -0.27     0.19
  SINCE JAN 1      0.17                      0.70  -0.53     0.46

DEGREE DAYS
 HEATING
  TODAY           17                        25     -8       22
  MONTH TO DATE  916                       729    187      718
  SINCE MAR 1    916                       729    187      718
  SINCE JUL 1   6863                      6700    163     6905

 COOLING
  TODAY            0                         0      0        0
  MONTH TO DATE    0                         0      0        0
  SINCE MAR 1      0                         0      0        0
  SINCE JAN 1      0                         0      0        0
..................................................................


WIND (MPH)
  HIGHEST WIND SPEED    15   HIGHEST WIND DIRECTION    NW (300)
  HIGHEST GUST SPEED    20   HIGHEST GUST DIRECTION    SE (150)
  AVERAGE WIND SPEED     9.2


SKY COVER
  POSSIBLE SUNSHINE  MM
  AVERAGE SKY COVER 0.7


WEATHER CONDITIONS
 THE FOLLOWING WEATHER WAS RECORDED TODAY.
  LIGHT RAIN


RELATIVE HUMIDITY (PERCENT)
 HIGHEST    92           400 AM
 LOWEST     43           300 PM
 AVERAGE    68

..........................................................


THE GREYBULL WY CLIMATE NORMALS FOR TOMORROW
                         NORMAL    RECORD    YEAR
 MAXIMUM TEMPERATURE (F)   55        74      2012
                                             2004
 MINIMUM TEMPERATURE (F)   26        14      2009


SUNRISE AND SUNSET
MARCH 25 2019.........SUNRISE   706 AM MDT   SUNSET   731 PM MDT
MARCH 26 2019.........SUNRISE   705 AM MDT   SUNSET   732 PM MDT


-  INDICATES NEGATIVE NUMBERS.
R  INDICATES RECORD WAS SET OR TIED.
MM INDICATES DATA IS MISSING.
T  INDICATES TRACE AMOUNT.




$$
