000
CDUS45 KRIW 230047
CLIGEY


CLIMATE REPORT
NATIONAL WEATHER SERVICE RIVERTON WY
646 PM MDT WED MAY 22 2019


...................................

...THE GREYBULL WY CLIMATE SUMMARY FOR MAY 22 2019...
VALID TODAY AS OF 0500 PM LOCAL TIME.

CLIMATE NORMAL PERIOD 1981 TO 2010
CLIMATE RECORD PERIOD 1998 TO 2019


WEATHER ITEM   OBSERVED TIME   RECORD YEAR NORMAL DEPARTURE LAST
                VALUE   (LST)  VALUE       VALUE  FROM      YEAR
                                                  NORMAL
..................................................................
TEMPERATURE (F)
 TODAY
  MAXIMUM         54        MM  89    2006  72    -18       81
  MINIMUM         39        MM  37    2007  45     -6       47
  AVERAGE         47

PRECIPITATION (IN)
  TODAY            0.00          0.74 2007   0.06  -0.06     0.42
  MONTH TO DATE    0.91                      1.01  -0.10     1.03
  SINCE MAR 1      1.42                      2.12  -0.70     2.23
  SINCE JAN 1      1.57                      2.53  -0.96     2.50

DEGREE DAYS
 HEATING
  TODAY           18                         7     11        1
  MONTH TO DATE  305                       226     79      138
  SINCE MAR 1   1861                      1654    207     1618
  SINCE JUL 1   7808                      7625    183     7805

 COOLING
  TODAY            0                         1     -1        0
  MONTH TO DATE    7                         7      0        6
  SINCE MAR 1      7                         8     -1        6
  SINCE JAN 1      7                         8     -1        6
..................................................................


WIND (MPH)
  HIGHEST WIND SPEED    28   HIGHEST WIND DIRECTION    NW (330)
  HIGHEST GUST SPEED    39   HIGHEST GUST DIRECTION    NW (330)
  AVERAGE WIND SPEED    18.2


SKY COVER
  POSSIBLE SUNSHINE  MM
  AVERAGE SKY COVER 0.4


WEATHER CONDITIONS
 THE FOLLOWING WEATHER WAS RECORDED TODAY.
  NO SIGNIFICANT WEATHER WAS OBSERVED.


RELATIVE HUMIDITY (PERCENT)
 HIGHEST    79          1200 AM
 LOWEST     50           200 PM
 AVERAGE    65

..........................................................


THE GREYBULL WY CLIMATE NORMALS FOR TOMORROW
                         NORMAL    RECORD    YEAR
 MAXIMUM TEMPERATURE (F)   73        86      2014
 MINIMUM TEMPERATURE (F)   45        33      2002


SUNRISE AND SUNSET
MAY 22 2019...........SUNRISE   538 AM MDT   SUNSET   841 PM MDT
MAY 23 2019...........SUNRISE   537 AM MDT   SUNSET   842 PM MDT


-  INDICATES NEGATIVE NUMBERS.
R  INDICATES RECORD WAS SET OR TIED.
MM INDICATES DATA IS MISSING.
T  INDICATES TRACE AMOUNT.




$$
