000
CDUS43 KIND 210534
CLIGEZ


CLIMATE REPORT
NATIONAL WEATHER SERVICE INDIANAPOLIS IN
133 AM EDT TUE MAY 21 2019


...................................

...THE SHELBYVILLE IN CLIMATE SUMMARY FOR MAY 20 2019...

CLIMATE NORMAL PERIOD 1981 TO 2010
CLIMATE RECORD PERIOD 9999 TO 9999


WEATHER ITEM   OBSERVED TIME   NORMAL DEPARTURE LAST
                VALUE   (LST)  VALUE  FROM      YEAR
                                      NORMAL
......................................................
TEMPERATURE (F)
 YESTERDAY
  MAXIMUM         67    248 PM  75     -8       86
  MINIMUM         49   1159 PM  54     -5       64
  AVERAGE         58            64     -6       75

PRECIPITATION (IN)
  YESTERDAY        0.00          0.17  -0.17     0.33
  MONTH TO DATE    2.27          3.63  -1.36     1.40
  SINCE MAR 1     10.32         11.38  -1.06     9.67
  SINCE JAN 1     19.09         16.13   2.96    17.85

DEGREE DAYS
 HEATING
  YESTERDAY        7             4      3        0
  MONTH TO DATE   93           109    -16        5
  SINCE MAR 1   1193          1206    -13     1306
  SINCE JUL 1   5176          5369   -193     5214

 COOLING
  YESTERDAY        0             3     -3       10
  MONTH TO DATE   40            31      9      131
  SINCE MAR 1     41            44     -3      139
  SINCE JAN 1     41            44     -3      144
......................................................


WIND (MPH)
  HIGHEST WIND SPEED    18   HIGHEST WIND DIRECTION    NW (310)
  HIGHEST GUST SPEED    25   HIGHEST GUST DIRECTION    NW (300)
  AVERAGE WIND SPEED     9.8


SKY COVER
  AVERAGE SKY COVER 0.2


WEATHER CONDITIONS
 THE FOLLOWING WEATHER WAS RECORDED YESTERDAY.
  NO SIGNIFICANT WEATHER WAS OBSERVED.


RELATIVE HUMIDITY (PERCENT)
 HIGHEST    90          1200 AM
 LOWEST     52           300 PM
 AVERAGE    71

..........................................................


THE SHELBYVILLE IN CLIMATE NORMALS FOR TODAY
                         NORMAL
 MAXIMUM TEMPERATURE (F)   75
 MINIMUM TEMPERATURE (F)   54


SUNRISE AND SUNSET
MAY 21 2019...........SUNRISE   624 AM EDT   SUNSET   856 PM EDT
MAY 22 2019...........SUNRISE   623 AM EDT   SUNSET   857 PM EDT


-  INDICATES NEGATIVE NUMBERS.
R  INDICATES RECORD WAS SET OR TIED.
MM INDICATES DATA IS MISSING.
T  INDICATES TRACE AMOUNT.




$$
