000
CDUS43 KFGF 250650
CLIGFK


CLIMATE REPORT
NATIONAL WEATHER SERVICE EASTERN NORTH DAKOTA/GRAND FORKS
145 AM CDT SAT MAY 25 2019


...................................

...THE GRAND FORKS INTL AP ND CLIMATE SUMMARY FOR MAY 24 2019...

CLIMATE NORMAL PERIOD 1981 TO 2010
CLIMATE RECORD PERIOD 1941 TO 2019


WEATHER ITEM   OBSERVED TIME   RECORD YEAR NORMAL DEPARTURE LAST
                VALUE   (LST)  VALUE       VALUE  FROM      YEAR
                                                  NORMAL
..................................................................
TEMPERATURE (F)
 YESTERDAY
  MAXIMUM         58    506 PM  91    2018  70    -12       91
                                      1980
  MINIMUM         45   1253 AM  24    2002  45      0       62
  AVERAGE         52                        58     -6       77

PRECIPITATION (IN)
  YESTERDAY        1.04          1.13 2010   0.09   0.95     0.00
  MONTH TO DATE    1.72                      1.99  -0.27     1.19
  SINCE MAR 1      4.64                      3.96   0.68     3.39
  SINCE JAN 1      6.21                      5.03   1.18     4.32

SNOWFALL (IN)
  YESTERDAY        0.0           T    2010   0.0    0.0      0.0
  MONTH TO DATE    0.0                       0.1   -0.1      0.0
  SINCE MAR 1     21.0                      10.2   10.8     16.9
  SINCE JUL 1     69.6                      47.4   22.2     52.4
  SNOW DEPTH       0

DEGREE DAYS
 HEATING
  YESTERDAY       13                         8      5        0
  MONTH TO DATE  383                       284     99      221
  SINCE MAR 1   2568                      2212    356     2423
  SINCE JUL 1  10473                      9362   1111     9413

 COOLING
  YESTERDAY        0                         1     -1       12
  MONTH TO DATE    0                         9     -9       25
  SINCE MAR 1      0                        10    -10       25
  SINCE JAN 1      0                        10    -10       25
..................................................................


WIND (MPH)
  HIGHEST WIND SPEED    18   HIGHEST WIND DIRECTION    SE (130)
  HIGHEST GUST SPEED    24   HIGHEST GUST DIRECTION    SE (120)
  AVERAGE WIND SPEED    10.6


SKY COVER
  POSSIBLE SUNSHINE  MM
  AVERAGE SKY COVER 0.9


WEATHER CONDITIONS
 THE FOLLOWING WEATHER WAS RECORDED YESTERDAY.
  THUNDERSTORM
  HEAVY RAIN
  RAIN
  LIGHT RAIN
  FOG


RELATIVE HUMIDITY (PERCENT)
 HIGHEST    93           200 PM
 LOWEST     77           300 AM
 AVERAGE    85

..........................................................


THE GRAND FORKS INTL AP ND CLIMATE NORMALS FOR TODAY
                         NORMAL    RECORD    YEAR
 MAXIMUM TEMPERATURE (F)   71        94      2018
 MINIMUM TEMPERATURE (F)   45        30      2007


SUNRISE AND SUNSET
MAY 25 2019...........SUNRISE   539 AM CDT   SUNSET   913 PM CDT
MAY 26 2019...........SUNRISE   538 AM CDT   SUNSET   914 PM CDT


-  INDICATES NEGATIVE NUMBERS.
R  INDICATES RECORD WAS SET OR TIED.
MM INDICATES DATA IS MISSING.
T  INDICATES TRACE AMOUNT.




$$
