905
CDUS43 KFGF 230635
CLIGFK


CLIMATE REPORT
NATIONAL WEATHER SERVICE EASTERN NORTH DAKOTA/GRAND FORKS
134 AM CDT SAT MAR 23 2019


...................................

...THE GRAND FORKS INTL AP ND CLIMATE SUMMARY FOR MARCH 22 2019...

CLIMATE NORMAL PERIOD 1981 TO 2010
CLIMATE RECORD PERIOD 1941 TO 2019


WEATHER ITEM   OBSERVED TIME   RECORD YEAR NORMAL DEPARTURE LAST
                VALUE   (LST)  VALUE       VALUE  FROM      YEAR
                                                  NORMAL
..................................................................
TEMPERATURE (F)
 YESTERDAY
  MAXIMUM         37    530 PM  68    1945  37      0       38
  MINIMUM         18    705 AM -15    1974  19     -1       25
  AVERAGE         28                        28      0       32

PRECIPITATION (IN)
  YESTERDAY        0.00          0.54 2009   0.04  -0.04     0.00
  MONTH TO DATE    1.19                      0.68   0.51     1.26
  SINCE MAR 1      1.19                      0.68   0.51     1.26
  SINCE JAN 1      2.76                      1.75   1.01     2.19

SNOWFALL (IN)
  YESTERDAY        0.0           4.0  1962   0.2   -0.2      0.0
  MONTH TO DATE   10.9                       5.8    5.1      7.1
  SINCE MAR 1     10.9                       5.8    5.1      7.1
  SINCE JUL 1     59.5                      43.0   16.5     42.6
  SNOW DEPTH      14

DEGREE DAYS
 HEATING
  YESTERDAY       37                        37      0       33
  MONTH TO DATE 1142                       932    210      895
  SINCE MAR 1   1142                       932    210      895
  SINCE JUL 1   9047                      8082    965     7885

 COOLING
  YESTERDAY        0                         0      0        0
  MONTH TO DATE    0                         0      0        0
  SINCE MAR 1      0                         0      0        0
  SINCE JAN 1      0                         0      0        0
..................................................................


WIND (MPH)
  HIGHEST WIND SPEED    10   HIGHEST WIND DIRECTION    NW (330)
  HIGHEST GUST SPEED    12   HIGHEST GUST DIRECTION    NW (300)
  AVERAGE WIND SPEED     4.7


SKY COVER
  POSSIBLE SUNSHINE  MM
  AVERAGE SKY COVER 0.0


WEATHER CONDITIONS
 THE FOLLOWING WEATHER WAS RECORDED YESTERDAY.
  NO SIGNIFICANT WEATHER WAS OBSERVED.


RELATIVE HUMIDITY (PERCENT)
 HIGHEST    92           400 AM
 LOWEST     64           500 PM
 AVERAGE    78

..........................................................


THE GRAND FORKS INTL AP ND CLIMATE NORMALS FOR TODAY
                         NORMAL    RECORD    YEAR
 MAXIMUM TEMPERATURE (F)   38        67      1945
 MINIMUM TEMPERATURE (F)   20       -21      1974


SUNRISE AND SUNSET
MARCH 23 2019.........SUNRISE   726 AM CDT   SUNSET   746 PM CDT
MARCH 24 2019.........SUNRISE   724 AM CDT   SUNSET   747 PM CDT


-  INDICATES NEGATIVE NUMBERS.
R  INDICATES RECORD WAS SET OR TIED.
MM INDICATES DATA IS MISSING.
T  INDICATES TRACE AMOUNT.




$$
