000
CDUS41 KALY 220624
CLIGFL


CLIMATE REPORT
NATIONAL WEATHER SERVICE ALBANY NY
223 AM EDT FRI MAR 22 2019


...................................

...THE GLENS FALLS NY CLIMATE SUMMARY FOR MARCH 21 2019...

CLIMATE NORMAL PERIOD 1981 TO 2010
CLIMATE RECORD PERIOD 1893 TO 2019


WEATHER ITEM   OBSERVED TIME   RECORD YEAR NORMAL DEPARTURE LAST
                VALUE   (LST)  VALUE       VALUE  FROM      YEAR
                                                  NORMAL
..................................................................
TEMPERATURE (F)
 YESTERDAY
  MAXIMUM         45   1154 AM  78    2012  44      1       36
  MINIMUM         30    527 AM  -5    2007  22      8       17
  AVERAGE         38                        33      5       27

PRECIPITATION (IN)
  YESTERDAY        0.16          0.90 1974   0.10   0.06     0.00
  MONTH TO DATE    0.54                      1.98  -1.44     1.24
  SINCE MAR 1      0.54                      1.98  -1.44     1.24
  SINCE JAN 1      7.12                      6.92   0.20     6.00

DEGREE DAYS
 HEATING
  YESTERDAY       27                        32     -5       38
  MONTH TO DATE  785                       752     33      730
  SINCE MAR 1    785                       752     33      730
  SINCE JUL 1   6121                      6372   -251     6030

 COOLING
  YESTERDAY        0                         0      0        0
  MONTH TO DATE    0                         0      0        0
  SINCE MAR 1      0                         0      0        0
  SINCE JAN 1      0                         0      0        0
..................................................................


WIND (MPH)
  HIGHEST WIND SPEED    15   HIGHEST WIND DIRECTION     S (190)
  HIGHEST GUST SPEED    19   HIGHEST GUST DIRECTION     S (190)
  AVERAGE WIND SPEED     4.5


SKY COVER
  AVERAGE SKY COVER 0.8



RELATIVE HUMIDITY (PERCENT)
 HIGHEST    92           600 PM
 LOWEST     52          1200 AM
 AVERAGE    72

..........................................................


THE GLENS FALLS NY CLIMATE NORMALS FOR TODAY
                         NORMAL    RECORD    YEAR
 MAXIMUM TEMPERATURE (F)   45        80      2012
 MINIMUM TEMPERATURE (F)   23         4      1956


SUNRISE AND SUNSET
MARCH 22 2019.........SUNRISE   655 AM EDT   SUNSET   709 PM EDT
MARCH 23 2019.........SUNRISE   653 AM EDT   SUNSET   710 PM EDT


-  INDICATES NEGATIVE NUMBERS.
R  INDICATES RECORD WAS SET OR TIED.
MM INDICATES DATA IS MISSING.
T  INDICATES TRACE AMOUNT.




$$
