012
CDUS41 KALY 192048
CLIGFL


CLIMATE REPORT
NATIONAL WEATHER SERVICE ALBANY NY
447 PM EDT SUN MAY 19 2019


...................................

...THE GLENS FALLS NY CLIMATE SUMMARY FOR MAY 19 2019...
VALID TODAY AS OF 0400 PM LOCAL TIME.

CLIMATE NORMAL PERIOD 1981 TO 2010
CLIMATE RECORD PERIOD 1893 TO 2019


WEATHER ITEM   OBSERVED TIME   RECORD YEAR NORMAL DEPARTURE LAST
                VALUE   (LST)  VALUE       VALUE  FROM      YEAR
                                                  NORMAL
..................................................................
TEMPERATURE (F)
 TODAY
  MAXIMUM         81    247 PM  88    1989  69     12       57
                                      1971
                                      1962
  MINIMUM         45    442 AM  28    2002  44      1       40
                                      1944
  AVERAGE         63                        56      7       49

PRECIPITATION (IN)
  TODAY            0.52          1.92 1922   0.12   0.40     0.42
  MONTH TO DATE    2.07                      2.20  -0.13     0.74
  SINCE MAR 1      9.17                      8.14   1.03     6.17
  SINCE JAN 1     15.75                     13.08   2.67    10.93

DEGREE DAYS
 HEATING
  TODAY            2                         9     -7       16
  MONTH TO DATE  211                       223    -12      141
  SINCE MAR 1   1846                      1879    -33     1938
  SINCE JUL 1   7182                      7499   -317     7238

 COOLING
  TODAY            0                         0      0        0
  MONTH TO DATE    0                         0      0        9
  SINCE MAR 1      0                         1     -1        9
  SINCE JAN 1      0                         1     -1        9
..................................................................


WIND (MPH)
  HIGHEST WIND SPEED    17   HIGHEST WIND DIRECTION     S (180)
  HIGHEST GUST SPEED    22   HIGHEST GUST DIRECTION     S (180)
  AVERAGE WIND SPEED     6.7


SKY COVER
  AVERAGE SKY COVER 0.3



RELATIVE HUMIDITY (PERCENT)
 HIGHEST    92           400 AM
 LOWEST     54           300 PM
 AVERAGE    73

..........................................................


THE GLENS FALLS NY CLIMATE NORMALS FOR TOMORROW
                         NORMAL    RECORD    YEAR
 MAXIMUM TEMPERATURE (F)   69        90      1975
                                             1903
 MINIMUM TEMPERATURE (F)   44        27      2002


SUNRISE AND SUNSET
MAY 19 2019...........SUNRISE   527 AM EDT   SUNSET   816 PM EDT
MAY 20 2019...........SUNRISE   526 AM EDT   SUNSET   817 PM EDT


-  INDICATES NEGATIVE NUMBERS.
R  INDICATES RECORD WAS SET OR TIED.
MM INDICATES DATA IS MISSING.
T  INDICATES TRACE AMOUNT.




$$
