000
CDUS44 KSHV 222133
CLIGGG


CLIMATE REPORT
NATIONAL WEATHER SERVICE SHREVEPORT, LA
431 PM CDT FRI MAR 22 2019


...................................

...THE LONGVIEW CLIMATE SUMMARY FOR MARCH 22 2019...
VALID TODAY AS OF 0400 PM LOCAL TIME.

CLIMATE NORMAL PERIOD 1981 TO 2010
CLIMATE RECORD PERIOD 1902 TO 2019


WEATHER ITEM   OBSERVED TIME   RECORD YEAR NORMAL DEPARTURE LAST
                VALUE   (LST)  VALUE       VALUE  FROM      YEAR
                                                  NORMAL
..................................................................
TEMPERATURE (F)
 TODAY
  MAXIMUM         76    259 PM  88    1941  71      5       77
  MINIMUM         42    619 AM  28    1915  48     -6       44
  AVERAGE         59                        59      0       61

PRECIPITATION (IN)
  TODAY            0.00          1.39 1982   0.14  -0.14     0.00
  MONTH TO DATE    1.96                      3.10  -1.14     2.26
  SINCE DEC 1     16.70                     14.95   1.75    19.46
  SINCE JAN 1      7.71                     10.46  -2.75    14.13

SNOWFALL (IN)
  TODAY            0.0
  MONTH TO DATE    0.0
  SINCE MAR 1      0.0
  SINCE JUL 1      T
  SNOW DEPTH       0

DEGREE DAYS
 HEATING
  TODAY            6                         7     -1        4
  MONTH TO DATE  253                       199     54      139
  SINCE MAR 1    253                       199     54      139
  SINCE JUL 1   2148                      2103     45     1933

 COOLING
  TODAY            0                         1     -1        0
  MONTH TO DATE    8                        22    -14       28
  SINCE MAR 1      8                        22    -14       28
  SINCE JAN 1     32                        34     -2       64
..................................................................


WIND (MPH)
  HIGHEST WIND SPEED    10   HIGHEST WIND DIRECTION     W (270)
  HIGHEST GUST SPEED    13   HIGHEST GUST DIRECTION     W (270)
  AVERAGE WIND SPEED     2.1


SKY COVER
  POSSIBLE SUNSHINE  MM
  AVERAGE SKY COVER 0.0


WEATHER CONDITIONS
 THE FOLLOWING WEATHER WAS RECORDED TODAY.
  NO SIGNIFICANT WEATHER WAS OBSERVED.


RELATIVE HUMIDITY (PERCENT)
 HIGHEST    96           700 AM
 LOWEST     29           200 PM
 AVERAGE    63

..........................................................


THE LONGVIEW CLIMATE NORMALS FOR TOMORROW
                         NORMAL    RECORD    YEAR
 MAXIMUM TEMPERATURE (F)   71        89      1995
 MINIMUM TEMPERATURE (F)   48        30      1952


SUNRISE AND SUNSET
MARCH 22 2019.........SUNRISE   720 AM CDT   SUNSET   732 PM CDT
MARCH 23 2019.........SUNRISE   719 AM CDT   SUNSET   732 PM CDT


-  INDICATES NEGATIVE NUMBERS.
R  INDICATES RECORD WAS SET OR TIED.
MM INDICATES DATA IS MISSING.
T  INDICATES TRACE AMOUNT.




$$
