000
CDUS44 KSHV 250736
CLIGGG


CLIMATE REPORT
NATIONAL WEATHER SERVICE SHREVEPORT, LA
236 AM CDT SAT MAY 25 2019


...................................

...THE LONGVIEW CLIMATE SUMMARY FOR MAY 24 2019...

CLIMATE NORMAL PERIOD 1981 TO 2010
CLIMATE RECORD PERIOD 1902 TO 2019


WEATHER ITEM   OBSERVED TIME   RECORD YEAR NORMAL DEPARTURE LAST
                VALUE   (LST)  VALUE       VALUE  FROM      YEAR
                                                  NORMAL
..................................................................
TEMPERATURE (F)
 YESTERDAY
  MAXIMUM         90    320 PM  99    1936  85      5       91
  MINIMUM         71    536 AM  50    1931  64      7       66
  AVERAGE         81                        75      6       79

PRECIPITATION (IN)
  YESTERDAY        0.00          2.05 1952   0.15  -0.15     0.00
  MONTH TO DATE   11.73                      3.66   8.07     0.63
  SINCE DEC 1     36.72                     23.08  13.64    29.18
  SINCE JAN 1     27.73                     18.59   9.14    23.85

SNOWFALL (IN)
  YESTERDAY        0.0
  MONTH TO DATE    0.0
  SINCE MAR 1      0.0
  SINCE JUL 1      T
  SNOW DEPTH       0

DEGREE DAYS
 HEATING
  YESTERDAY        0                         0      0        0
  MONTH TO DATE    5                         8     -3        0
  SINCE MAR 1    376                       353     23      283
  SINCE JUL 1   2271                      2257     14     2077

 COOLING
  YESTERDAY       16                        10      6       14
  MONTH TO DATE  214                       180     34      293
  SINCE MAR 1    323                       291     32      403
  SINCE JAN 1    347                       303     44      439
..................................................................


WIND (MPH)
  HIGHEST WIND SPEED    15   HIGHEST WIND DIRECTION    SE (150)
  HIGHEST GUST SPEED    20   HIGHEST GUST DIRECTION     S (170)
  AVERAGE WIND SPEED     8.8


SKY COVER
  POSSIBLE SUNSHINE  MM
  AVERAGE SKY COVER 0.2


WEATHER CONDITIONS
 THE FOLLOWING WEATHER WAS RECORDED YESTERDAY.
  NO SIGNIFICANT WEATHER WAS OBSERVED.


RELATIVE HUMIDITY (PERCENT)
 HIGHEST   100           500 AM
 LOWEST     50           500 PM
 AVERAGE    75

..........................................................


THE LONGVIEW CLIMATE NORMALS FOR TODAY
                         NORMAL    RECORD    YEAR
 MAXIMUM TEMPERATURE (F)   86        99      1937
 MINIMUM TEMPERATURE (F)   65        50      1967


SUNRISE AND SUNSET
MAY 25 2019...........SUNRISE   615 AM CDT   SUNSET   817 PM CDT
MAY 26 2019...........SUNRISE   615 AM CDT   SUNSET   817 PM CDT


-  INDICATES NEGATIVE NUMBERS.
R  INDICATES RECORD WAS SET OR TIED.
MM INDICATES DATA IS MISSING.
T  INDICATES TRACE AMOUNT.




$$
