000
CDUS45 KGGW 250025
CLIGGW


CLIMATE REPORT
NATIONAL WEATHER SERVICE GLASGOW MT
625 PM MDT SUN MAR 24 2019


...................................

...THE GLASGOW MT CLIMATE SUMMARY FOR MARCH 24 2019...
VALID TODAY AS OF 0500 PM LOCAL TIME.

CLIMATE NORMAL PERIOD 1981 TO 2010
CLIMATE RECORD PERIOD 1893 TO 2019


WEATHER ITEM   OBSERVED TIME   RECORD YEAR NORMAL DEPARTURE LAST
                VALUE   (LST)  VALUE       VALUE  FROM      YEAR
                                                  NORMAL
..................................................................
TEMPERATURE (F)
 TODAY
  MAXIMUM         40    219 AM  76    2007  47     -7       38
                                      1911
  MINIMUM         32    503 PM -16    1965  24      8       29
  AVERAGE         36                        36      0       34

PRECIPITATION (IN)
  TODAY            0.15          1.00 1904   0.02   0.13      T
  MONTH TO DATE    0.15                      0.30  -0.15     1.21
  SINCE OCT 1      4.45                      2.48   1.97     4.13
  SINCE JAN 1      1.85                      0.93   0.92     2.33

SNOWFALL (IN)
  TODAY            0.0           3.4  1937   0.2   -0.2      0.0
  MONTH TO DATE    0.1                       3.8   -3.7     18.6
  SINCE MAR 1      0.1                       3.8   -3.7     18.6
  SINCE JUL 1     45.4                      30.8   14.6     56.7
  SNOW DEPTH       0

DEGREE DAYS
 HEATING
  TODAY           29                        29      0       31
  MONTH TO DATE 1128                       840    288      998
  SINCE MAR 1   1128                       840    288      998
  SINCE JUL 1   7691                      7210    481     7864

 COOLING
  TODAY            0                         0      0        0
  MONTH TO DATE    0                         0      0        0
  SINCE MAR 1      0                         0      0        0
  SINCE JAN 1      0                         0      0        0
..................................................................


WIND (MPH)
  HIGHEST WIND SPEED    25   HIGHEST WIND DIRECTION     E (80)
  HIGHEST GUST SPEED    30   HIGHEST GUST DIRECTION     E (90)
  AVERAGE WIND SPEED    18.4


SKY COVER
  POSSIBLE SUNSHINE  MM
  AVERAGE SKY COVER 1.0


WEATHER CONDITIONS
 THE FOLLOWING WEATHER WAS RECORDED TODAY.
  LIGHT RAIN
  LT FREEZING RAIN
  FOG


RELATIVE HUMIDITY (PERCENT)
 HIGHEST    89           400 AM
 LOWEST     78          1200 PM
 AVERAGE    84

..........................................................


THE GLASGOW MT CLIMATE NORMALS FOR TOMORROW
                         NORMAL    RECORD    YEAR
 MAXIMUM TEMPERATURE (F)   47        74      2007
 MINIMUM TEMPERATURE (F)   25       -15      1908


SUNRISE AND SUNSET
MARCH 24 2019.........SUNRISE   701 AM MDT   SUNSET   725 PM MDT
MARCH 25 2019.........SUNRISE   659 AM MDT   SUNSET   726 PM MDT


-  INDICATES NEGATIVE NUMBERS.
R  INDICATES RECORD WAS SET OR TIED.
MM INDICATES DATA IS MISSING.
T  INDICATES TRACE AMOUNT.




$$
