000
CDUS45 KGJT 262341
CLIGJT


CLIMATE REPORT
NATIONAL WEATHER SERVICE GRAND JUNCTION CO
530 PM MDT TUE MAR 26 2019


...................................

...THE GRAND JUNCTION CO CLIMATE SUMMARY FOR MARCH 26 2019...
VALID TODAY AS OF 0500 PM LOCAL TIME.

CLIMATE NORMAL PERIOD 1981 TO 2010
CLIMATE RECORD PERIOD 1893 TO 2019


WEATHER ITEM   OBSERVED TIME   RECORD YEAR NORMAL DEPARTURE LAST
                VALUE   (LST)  VALUE       VALUE  FROM      YEAR
                                                  NORMAL
..................................................................
TEMPERATURE (F)
 TODAY
  MAXIMUM         66    305 PM  81    1971  59      7       53
  MINIMUM         35    612 AM  16    1917  33      2       31
  AVERAGE         51                        46      5       42

PRECIPITATION (IN)
  TODAY            0.00          0.38 1975   0.04  -0.04     0.00
  MONTH TO DATE    2.28                      0.75   1.53     0.59
  SINCE MAR 1      2.28                      0.75   1.53     0.59
  SINCE JAN 1      3.72                      1.87   1.85     2.07

SNOWFALL (IN)
  TODAY            0.0           4.0  1975   0.1   -0.1      0.0
  MONTH TO DATE    0.0                       2.2   -2.2      0.2
  SINCE MAR 1      0.0                       2.2   -2.2      0.2
  SINCE JUL 1     17.4                      17.7   -0.3      9.0
  SNOW DEPTH       0

DEGREE DAYS
 HEATING
  TODAY           14                        19     -5       23
  MONTH TO DATE  567                       563      4      525
  SINCE MAR 1    567                       563      4      525
  SINCE JUL 1   5022                      4942     80     4495

 COOLING
  TODAY            0                         0      0        0
  MONTH TO DATE    0                         0      0        0
  SINCE MAR 1      0                         0      0        0
  SINCE JAN 1      0                         0      0        0
..................................................................


WIND (MPH)
  HIGHEST WIND SPEED    22   HIGHEST WIND DIRECTION    SE (120)
  HIGHEST GUST SPEED    28   HIGHEST GUST DIRECTION     E (110)
  AVERAGE WIND SPEED    12.5


SKY COVER
  POSSIBLE SUNSHINE  MM
  AVERAGE SKY COVER 0.0


WEATHER CONDITIONS
 THE FOLLOWING WEATHER WAS RECORDED TODAY.
  NO SIGNIFICANT WEATHER WAS OBSERVED.


RELATIVE HUMIDITY (PERCENT)
 HIGHEST    70           100 AM
 LOWEST     24           300 PM
 AVERAGE    47

..........................................................


THE GRAND JUNCTION CO CLIMATE NORMALS FOR TOMORROW
                         NORMAL    RECORD    YEAR
 MAXIMUM TEMPERATURE (F)   60        77      1988
 MINIMUM TEMPERATURE (F)   33        16      1975
                                             1931


SUNRISE AND SUNSET
MARCH 26 2019.........SUNRISE   708 AM MDT   SUNSET   732 PM MDT
MARCH 27 2019.........SUNRISE   707 AM MDT   SUNSET   733 PM MDT


-  INDICATES NEGATIVE NUMBERS.
R  INDICATES RECORD WAS SET OR TIED.
MM INDICATES DATA IS MISSING.
T  INDICATES TRACE AMOUNT.




$$
