000
CDUS45 KGJT 250731
CLIGJT


CLIMATE REPORT
NATIONAL WEATHER SERVICE GRAND JUNCTION CO
130 AM MDT TUE JUN 25 2019


...................................

...THE GRAND JUNCTION CO CLIMATE SUMMARY FOR JUNE 24 2019...

CLIMATE NORMAL PERIOD 1981 TO 2010
CLIMATE RECORD PERIOD 1893 TO 2019


WEATHER ITEM   OBSERVED TIME   RECORD YEAR NORMAL DEPARTURE LAST
                VALUE   (LST)  VALUE       VALUE  FROM      YEAR
                                                  NORMAL
..................................................................
TEMPERATURE (F)
 YESTERDAY
  MAXIMUM         85    539 PM 103    1971  91     -6       86
  MINIMUM         50    441 AM  43    1906  59     -9       61
  AVERAGE         68                        75     -7       74

PRECIPITATION (IN)
  YESTERDAY        0.00          1.08 1969   0.01  -0.01     0.00
  MONTH TO DATE    0.76                      0.38   0.38     0.09
  SINCE JUN 1      0.76                      0.38   0.38     0.09
  SINCE JAN 1      6.60                      4.21   2.39     3.04

SNOWFALL (IN)
  YESTERDAY        0.0           0.0  2002   0.0    0.0      0.0
                                      2001
  MONTH TO DATE    0.0                       0.0    0.0      0.0
  SINCE JUN 1      0.0                       0.0    0.0      0.0
  SINCE JUL 1     17.4                      19.1   -1.7      9.0
  SNOW DEPTH       0

DEGREE DAYS
 HEATING
  YESTERDAY        0                         0      0        0
  MONTH TO DATE   25                        20      5        0
  SINCE JUN 1     25                        20      5        0
  SINCE JUL 1   5681                      5609     72     4959

 COOLING
  YESTERDAY        3                        10     -7        9
  MONTH TO DATE  118                       165    -47      259
  SINCE JUN 1    118                       165    -47      259
  SINCE JAN 1    130                       216    -86      345
..................................................................


WIND (MPH)
  HIGHEST WIND SPEED    17   HIGHEST WIND DIRECTION    SE (130)
  HIGHEST GUST SPEED    22   HIGHEST GUST DIRECTION    SE (120)
  AVERAGE WIND SPEED     8.5


SKY COVER
  POSSIBLE SUNSHINE  MM
  AVERAGE SKY COVER 0.0


WEATHER CONDITIONS
 THE FOLLOWING WEATHER WAS RECORDED YESTERDAY.
  NO SIGNIFICANT WEATHER WAS OBSERVED.


RELATIVE HUMIDITY (PERCENT)
 HIGHEST    63           600 AM
 LOWEST     12           600 PM
 AVERAGE    38

..........................................................


THE GRAND JUNCTION CO CLIMATE NORMALS FOR TODAY
                         NORMAL    RECORD    YEAR
 MAXIMUM TEMPERATURE (F)   91       103      1994
 MINIMUM TEMPERATURE (F)   59        45      1969


SUNRISE AND SUNSET
JUNE 25 2019..........SUNRISE   549 AM MDT   SUNSET   844 PM MDT
JUNE 26 2019..........SUNRISE   550 AM MDT   SUNSET   844 PM MDT


-  INDICATES NEGATIVE NUMBERS.
R  INDICATES RECORD WAS SET OR TIED.
MM INDICATES DATA IS MISSING.
T  INDICATES TRACE AMOUNT.




$$
