000
CDUS44 KJAN 250641
CLIGLH


CLIMATE REPORT
NATIONAL WEATHER SERVICE JACKSON MS
128 AM CDT MON MAR 25 2019


...................................

...THE GREENVILLE CLIMATE SUMMARY FOR MARCH 24 2019...

CLIMATE NORMAL PERIOD 1981 TO 2010
CLIMATE RECORD PERIOD 1903 TO 2019


WEATHER ITEM   OBSERVED TIME   RECORD YEAR NORMAL DEPARTURE LAST
                VALUE   (LST)  VALUE       VALUE  FROM      YEAR
                                                  NORMAL
..................................................................
TEMPERATURE (F)
 YESTERDAY
  MAXIMUM         76    307 PM  91    1929  68      8       73
  MINIMUM         53    447 AM  28    1968  46      7       61
  AVERAGE         65                        57      8       67

PRECIPITATION (IN)
  YESTERDAY        T             3.03 1958   0.17  -0.17     0.00
  MONTH TO DATE    2.38                      3.28  -0.90     3.56
  SINCE MAR 1      2.38                      3.28  -0.90     3.56
  SINCE JAN 1     19.89                     13.27   6.62    16.55

SNOWFALL (IN)
  YESTERDAY        0.0

DEGREE DAYS
 HEATING
  YESTERDAY        0                         9     -9        0
  MONTH TO DATE  314                       279     35      247
  SINCE MAR 1    314                       279     35      247
  SINCE JUL 1   2465                      2588   -123     2460

 COOLING
  YESTERDAY        0                         1     -1        2
  MONTH TO DATE    3                        10     -7       10
  SINCE MAR 1      3                        10     -7       10
  SINCE JAN 1     14                        15     -1       32
..................................................................


WIND (MPH)
  HIGHEST WIND SPEED    20   HIGHEST WIND DIRECTION     S (200)
  HIGHEST GUST SPEED    25   HIGHEST GUST DIRECTION     S (190)
  AVERAGE WIND SPEED     9.2


SKY COVER
  POSSIBLE SUNSHINE  MM
  AVERAGE SKY COVER 0.5


WEATHER CONDITIONS
 THE FOLLOWING WEATHER WAS RECORDED YESTERDAY.
  LIGHT RAIN


RELATIVE HUMIDITY (PERCENT)
 HIGHEST    77           500 AM
 LOWEST     49          1100 AM
 AVERAGE    63

..........................................................


THE GREENVILLE CLIMATE NORMALS FOR TODAY
                         NORMAL    RECORD    YEAR
 MAXIMUM TEMPERATURE (F)   68        87      1935
                                             1910
 MINIMUM TEMPERATURE (F)   46        27      1940


SUNRISE AND SUNSET
MARCH 25 2019.........SUNRISE   701 AM CDT   SUNSET   719 PM CDT
MARCH 26 2019.........SUNRISE   700 AM CDT   SUNSET   720 PM CDT


-  INDICATES NEGATIVE NUMBERS.
R  INDICATES RECORD WAS SET OR TIED.
MM INDICATES DATA IS MISSING.
T  INDICATES TRACE AMOUNT.




$$
