000
CDUS44 KJAN 262107
CLIGLH


CLIMATE REPORT
NATIONAL WEATHER SERVICE JACKSON MS
405 PM CDT SAT MAY 26 2018


...................................

...THE GREENVILLE CLIMATE SUMMARY FOR MAY 26 2018...
VALID TODAY AS OF 0400 PM LOCAL TIME.

CLIMATE NORMAL PERIOD 1981 TO 2010
CLIMATE RECORD PERIOD 1903 TO 2018


WEATHER ITEM   OBSERVED TIME   RECORD YEAR NORMAL DEPARTURE LAST
                VALUE   (LST)  VALUE       VALUE  FROM      YEAR
                                                  NORMAL
..................................................................
TEMPERATURE (F)
 TODAY
  MAXIMUM         83   1127 AM  96    1911  85     -2       86
  MINIMUM         67    441 AM  47    1925  65      2       62
  AVERAGE         75                        75      0       74

PRECIPITATION (IN)
  TODAY            0.00          2.80 1974   0.13  -0.13     0.00
  MONTH TO DATE    1.52                      4.32  -2.80     1.12
  SINCE MAR 1     12.09                     13.68  -1.59     7.78
  SINCE JAN 1     25.08                     23.67   1.41    15.81

SNOWFALL (IN)
  TODAY            0.0

DEGREE DAYS
 HEATING
  TODAY            0                         0      0        0
  MONTH TO DATE    0                        10    -10       20
  SINCE MAR 1    464                       462      2      297
  SINCE JUL 1   2677                      2771    -94     1830

 COOLING
  TODAY           10                        10      0        9
  MONTH TO DATE  301                       185    116      148
  SINCE MAR 1    337                       266     71      314
  SINCE JAN 1    359                       271     88      343
..................................................................


WIND (MPH)
  HIGHEST WIND SPEED    16   HIGHEST WIND DIRECTION    SE (150)
  HIGHEST GUST SPEED    24   HIGHEST GUST DIRECTION    SE (150)
  AVERAGE WIND SPEED     5.4


SKY COVER
  POSSIBLE SUNSHINE  MM
  AVERAGE SKY COVER 0.5


WEATHER CONDITIONS
 THE FOLLOWING WEATHER WAS RECORDED TODAY.
  FOG


RELATIVE HUMIDITY (PERCENT)
 HIGHEST    93           400 AM
 LOWEST     74          1100 AM
 AVERAGE    84

..........................................................


THE GREENVILLE CLIMATE NORMALS FOR TOMORROW
                         NORMAL    RECORD    YEAR
 MAXIMUM TEMPERATURE (F)   85        98      1911
 MINIMUM TEMPERATURE (F)   65        43      1961


SUNRISE AND SUNSET
MAY 26 2018...........SUNRISE   557 AM CDT   SUNSET   805 PM CDT
MAY 27 2018...........SUNRISE   557 AM CDT   SUNSET   806 PM CDT


-  INDICATES NEGATIVE NUMBERS.
R  INDICATES RECORD WAS SET OR TIED.
MM INDICATES DATA IS MISSING.
T  INDICATES TRACE AMOUNT.




$$
