000
CDUS44 KJAN 242109
CLIGLH


CLIMATE REPORT
NATIONAL WEATHER SERVICE JACKSON MS
408 PM CDT FRI MAY 24 2019


...................................

...THE GREENVILLE CLIMATE SUMMARY FOR MAY 24 2019...
VALID TODAY AS OF 0400 PM LOCAL TIME.

CLIMATE NORMAL PERIOD 1981 TO 2010
CLIMATE RECORD PERIOD 1903 TO 2019


WEATHER ITEM   OBSERVED TIME   RECORD YEAR NORMAL DEPARTURE LAST
                VALUE   (LST)  VALUE       VALUE  FROM      YEAR
                                                  NORMAL
..................................................................
TEMPERATURE (F)
 TODAY
  MAXIMUM         92    259 PM  94    2005  84      8       89
                                      1996
                                      1972
  MINIMUM         71    308 AM  46    1931  64      7       67
  AVERAGE         82                        74      8       78

PRECIPITATION (IN)
  TODAY            0.00          2.63 1955   0.14  -0.14     0.00
  MONTH TO DATE   12.98                      4.05   8.93     1.47
  SINCE MAR 1     25.31                     13.41  11.90    12.04
  SINCE JAN 1     42.82                     23.40  19.42    25.03

SNOWFALL (IN)
  TODAY            0.0

DEGREE DAYS
 HEATING
  TODAY            0                         0      0        0
  MONTH TO DATE    0                        10    -10        0
  SINCE MAR 1    466                       462      4      464
  SINCE JUL 1   2617                      2771   -154     2677

 COOLING
  TODAY           17                         9      8       13
  MONTH TO DATE  204                       165     39      278
  SINCE MAR 1    274                       246     28      314
  SINCE JAN 1    285                       251     34      336
..................................................................


WIND (MPH)
  HIGHEST WIND SPEED    15   HIGHEST WIND DIRECTION    SE (150)
  HIGHEST GUST SPEED    20   HIGHEST GUST DIRECTION    SE (130)
  AVERAGE WIND SPEED     5.0


SKY COVER
  POSSIBLE SUNSHINE  MM
  AVERAGE SKY COVER 0.1


WEATHER CONDITIONS
 THE FOLLOWING WEATHER WAS RECORDED TODAY.
  NO SIGNIFICANT WEATHER WAS OBSERVED.


RELATIVE HUMIDITY (PERCENT)
 HIGHEST    90           500 AM
 LOWEST     36           200 PM
 AVERAGE    63

..........................................................


THE GREENVILLE CLIMATE NORMALS FOR TOMORROW
                         NORMAL    RECORD    YEAR
 MAXIMUM TEMPERATURE (F)   84        95      1911
 MINIMUM TEMPERATURE (F)   65        49      2017
                                             1925


SUNRISE AND SUNSET
MAY 24 2019...........SUNRISE   558 AM CDT   SUNSET   804 PM CDT
MAY 25 2019...........SUNRISE   558 AM CDT   SUNSET   804 PM CDT


-  INDICATES NEGATIVE NUMBERS.
R  INDICATES RECORD WAS SET OR TIED.
MM INDICATES DATA IS MISSING.
T  INDICATES TRACE AMOUNT.




$$
