992
CDUS44 KHGX 190732
CLIGLS


CLIMATE REPORT
NATIONAL WEATHER SERVICE HOUSTON/GALVESTON TX
232 AM CDT THU APR 19 2018


...................................

...THE GALVESTON CLIMATE SUMMARY FOR APRIL 18 2018...

CLIMATE NORMAL PERIOD 1981 TO 2010
CLIMATE RECORD PERIOD 1875 TO 2018


WEATHER ITEM   OBSERVED TIME   RECORD YEAR NORMAL DEPARTURE LAST
                VALUE   (LST)  VALUE       VALUE  FROM      YEAR
                                                  NORMAL
..................................................................
TEMPERATURE (F)
 YESTERDAY
  MAXIMUM         79    204 PM  85    1988  76      3       77
  MINIMUM         70   1159 PM  44    1901  65      5       68
  AVERAGE         75                        71      4       73

PRECIPITATION (IN)
  YESTERDAY        0.00          3.80 1938   0.12  -0.12     0.51
  MONTH TO DATE    0.35                      1.95  -1.60     1.15
  SINCE MAR 1      1.69                      5.11  -3.42     2.42
  SINCE JAN 1      5.85                     11.88  -6.03     6.69

SNOWFALL (IN)
  YESTERDAY        0.0          MM      MM  MM     MM        0.0
  MONTH TO DATE    0.0                      MM     MM        0.0
  SINCE MAR 1      0.0                      MM     MM        0.0
  SINCE JUL 1      T                         0.0    0.0      0.0
  SNOW DEPTH       0

DEGREE DAYS
 HEATING
  YESTERDAY        0                         0      0        0
  MONTH TO DATE   18                        16      2        0
  SINCE MAR 1     38                       119    -81       18
  SINCE JUL 1    815                      1007   -192      328

 COOLING
  YESTERDAY       10                         6      4        8
  MONTH TO DATE   88                        84      4      177
  SINCE MAR 1    255                       137    118      375
  SINCE JAN 1    356                       154    202      553
..................................................................


WIND (MPH)
  RESULTANT WIND SPEED  13   RESULTANT WIND DIRECTION   S (190)
  HIGHEST WIND SPEED    25   HIGHEST WIND DIRECTION     S (180)
  HIGHEST GUST SPEED    32   HIGHEST GUST DIRECTION     S (200)
  AVERAGE WIND SPEED    12.7


SKY COVER
  AVERAGE SKY COVER 0.8


WEATHER CONDITIONS
 THE FOLLOWING WEATHER WAS RECORDED YESTERDAY.
  NO SIGNIFICANT WEATHER WAS OBSERVED.


RELATIVE HUMIDITY (PERCENT)
 HIGHEST    93
 LOWEST     62
 AVERAGE    78

..........................................................


THE GALVESTON CLIMATE NORMALS FOR TODAY
                         NORMAL    RECORD    YEAR
 MAXIMUM TEMPERATURE (F)   77        83      2017
                                             2011
                                             1965
 MINIMUM TEMPERATURE (F)   65        48      1953


SUNRISE AND SUNSET
APRIL 19 2018.........SUNRISE   649 AM CDT   SUNSET   748 PM CDT
APRIL 20 2018.........SUNRISE   648 AM CDT   SUNSET   749 PM CDT


-  INDICATES NEGATIVE NUMBERS.
R  INDICATES RECORD WAS SET OR TIED.
MM INDICATES DATA IS MISSING.
T  INDICATES TRACE AMOUNT.




$$
