000
CDUS44 KHGX 210727
CLIGLS


CLIMATE REPORT
NATIONAL WEATHER SERVICE HOUSTON/GALVESTON TX
223 AM CDT THU MAR 21 2019


...................................

...THE GALVESTON CLIMATE SUMMARY FOR MARCH 20 2019...

CLIMATE NORMAL PERIOD 1981 TO 2010
CLIMATE RECORD PERIOD 1875 TO 2019


WEATHER ITEM   OBSERVED TIME   RECORD YEAR NORMAL DEPARTURE LAST
                VALUE   (LST)  VALUE       VALUE  FROM      YEAR
                                                  NORMAL
..................................................................
TEMPERATURE (F)
 YESTERDAY
  MAXIMUM         70   1208 PM  80    2006  71     -1       76
                                      1909
  MINIMUM         53    602 AM  32    1965  58     -5       59
                                      1923
  AVERAGE         62                        64     -2       68

PRECIPITATION (IN)
  YESTERDAY        0.00          2.37 1985   0.10  -0.10     0.00
  MONTH TO DATE    0.42                      2.23  -1.81     0.31
  SINCE MAR 1      0.42                      2.23  -1.81     0.31
  SINCE JAN 1      7.30                      9.00  -1.70     4.47

SNOWFALL (IN)
  YESTERDAY        0.0
  MONTH TO DATE    0.0
  SINCE JUL 1      0

DEGREE DAYS
 HEATING
  YESTERDAY        3                         3      0        0
  MONTH TO DATE  104                        81     23       19
  SINCE MAR 1    104                        81     23       19
  SINCE JUL 1    932                       969    -37      796

 COOLING
  YESTERDAY        0                         2     -2        3
  MONTH TO DATE   36                        25     11      103
  SINCE MAR 1     36                        25     11      103
  SINCE JAN 1     54                        42     12      204
..................................................................


WIND (MPH)
  RESULTANT WIND SPEED   1   RESULTANT WIND DIRECTION  SE (120)
  HIGHEST WIND SPEED    13   HIGHEST WIND DIRECTION     S (170)
  HIGHEST GUST SPEED    15   HIGHEST GUST DIRECTION     S (170)
  AVERAGE WIND SPEED     6.4


SKY COVER
  AVERAGE SKY COVER 0.2


WEATHER CONDITIONS
 THE FOLLOWING WEATHER WAS RECORDED YESTERDAY.
  FOG


RELATIVE HUMIDITY (PERCENT)
 HIGHEST    93
 LOWEST     42
 AVERAGE    68

..........................................................


THE GALVESTON CLIMATE NORMALS FOR TODAY
                         NORMAL    RECORD    YEAR
 MAXIMUM TEMPERATURE (F)   71        82      1955
 MINIMUM TEMPERATURE (F)   58        38      2010
                                             1996
                                             1876


SUNRISE AND SUNSET
MARCH 21 2019.........SUNRISE   722 AM CDT   SUNSET   731 PM CDT
MARCH 22 2019.........SUNRISE   721 AM CDT   SUNSET   732 PM CDT


-  INDICATES NEGATIVE NUMBERS.
R  INDICATES RECORD WAS SET OR TIED.
MM INDICATES DATA IS MISSING.
T  INDICATES TRACE AMOUNT.




$$
