000
CDUS44 KHGX 192116
CLIGLS


CLIMATE REPORT
NATIONAL WEATHER SERVICE HOUSTON/GALVESTON TX
415 PM CDT SUN MAY 19 2019


...................................

...THE GALVESTON CLIMATE SUMMARY FOR MAY 19 2019...
VALID TODAY AS OF 400 PM LOCAL TIME.

CLIMATE NORMAL PERIOD 1981 TO 2010
CLIMATE RECORD PERIOD 1875 TO 2019


WEATHER ITEM   OBSERVED TIME   RECORD YEAR NORMAL DEPARTURE LAST
                VALUE   (LST)  VALUE       VALUE  FROM      YEAR
                                                  NORMAL
..................................................................
TEMPERATURE (F)
 TODAY
  MAXIMUM         85    222 PM  87    2018  84      1       87
                                      2017
                                      2008
  MINIMUM         79    737 AM  56    2002  73      6       78
  AVERAGE         82                        78      4       83

PRECIPITATION (IN)
  TODAY            T             4.04 1984   0.10  -0.10     0.00
  MONTH TO DATE    6.70                      2.11   4.59     0.24
  SINCE MAR 1      9.22                      8.32   0.90     3.47
  SINCE JAN 1     16.10                     15.09   1.01     7.63

SNOWFALL (IN)
  TODAY            0.0
  MONTH TO DATE    0.0
  SINCE JUL 1      T

DEGREE DAYS
 HEATING
  TODAY            0                         0      0        0
  MONTH TO DATE    0                         0      0        0
  SINCE MAR 1    145                       121     24       39
  SINCE JUL 1    973                      1009    -36      816

 COOLING
  TODAY           17                        13      4       18
  MONTH TO DATE  220                       215      5      270
  SINCE MAR 1    466                       441     25      589
  SINCE JAN 1    484                       458     26      690
..................................................................


WIND (MPH)
  RESULTANT WIND SPEED  13   RESULTANT WIND DIRECTION   S (170)
  HIGHEST WIND SPEED    20   HIGHEST WIND DIRECTION     S (170)
  HIGHEST GUST SPEED    24   HIGHEST GUST DIRECTION     S (160)
  AVERAGE WIND SPEED    13.1


SKY COVER
  AVERAGE SKY COVER 0.8


WEATHER CONDITIONS
 THE FOLLOWING WEATHER WAS RECORDED TODAY.
  LIGHT RAIN
  FOG
  HAZE


RELATIVE HUMIDITY (PERCENT)
 HIGHEST    97          1200 AM
 LOWEST     80           100 PM
 AVERAGE    89

..........................................................


THE GALVESTON CLIMATE NORMALS FOR TOMORROW
                         NORMAL    RECORD    YEAR
 MAXIMUM TEMPERATURE (F)   84        91      2003
 MINIMUM TEMPERATURE (F)   73        59      1981


SUNRISE AND SUNSET
MAY 19 2019...........SUNRISE   625 AM CDT   SUNSET   807 PM CDT
MAY 20 2019...........SUNRISE   625 AM CDT   SUNSET   807 PM CDT


-  INDICATES NEGATIVE NUMBERS.
R  INDICATES RECORD WAS SET OR TIED.
MM INDICATES DATA IS MISSING.
T  INDICATES TRACE AMOUNT.




$$
