000
CDUS42 KJAX 262128
CLIGNV


CLIMATE REPORT
NATIONAL WEATHER SERVICE JACKSONVILLE FL
527 PM EDT SUN MAY 26 2019


...................................

...THE GAINESVILLE CLIMATE SUMMARY FOR MAY 26 2019...
VALID TODAY AS OF 0500 PM LOCAL TIME.

CLIMATE NORMAL PERIOD 1981 TO 2010
CLIMATE RECORD PERIOD 1890 TO 2019


WEATHER ITEM   OBSERVED TIME   RECORD YEAR NORMAL DEPARTURE LAST
                VALUE   (LST)  VALUE       VALUE  FROM      YEAR
                                                  NORMAL
..................................................................
TEMPERATURE (F)
 TODAY
  MAXIMUM        100R   344 PM 100    1953  89     11       87
  MINIMUM         69    557 AM  46    1979  65      4       70
  AVERAGE         85                        77      8       79

PRECIPITATION (IN)
  TODAY            0.00          2.04 1938   0.10  -0.10      T
  MONTH TO DATE    2.35                      1.90   0.45     5.38
  SINCE MAR 1      6.64                      8.90  -2.26    15.28
  SINCE JAN 1     13.07                     15.41  -2.34    21.18

SNOWFALL (IN)
  TODAY            0.0           0.0    MM   0.0    0.0      0.0
  MONTH TO DATE    0.0                       0.0    0.0      0.0
  SINCE MAR 1      0.0                       0.0    0.0      0.0
  SINCE JUL 1      0.0                       0.0    0.0      0.0
  SNOW DEPTH       0

DEGREE DAYS
 HEATING
  TODAY            0                         0      0        0
  MONTH TO DATE    0                         0      0        0
  SINCE MAR 1     81                       180    -99      201
  SINCE JUL 1    763                      1214   -451     1104

 COOLING
  TODAY           20                        12      8       14
  MONTH TO DATE  389                       241    148      273
  SINCE MAR 1    708                       416    292      478
  SINCE JAN 1    863                       448    415      606
..................................................................


WIND (MPH)
  HIGHEST WIND SPEED    13   HIGHEST WIND DIRECTION    SE (140)
  HIGHEST GUST SPEED    18   HIGHEST GUST DIRECTION     E (110)
  AVERAGE WIND SPEED     3.9


SKY COVER
  POSSIBLE SUNSHINE  MM
  AVERAGE SKY COVER 0.0


WEATHER CONDITIONS
 THE FOLLOWING WEATHER WAS RECORDED TODAY.
  FOG
  HAZE


RELATIVE HUMIDITY (PERCENT)
 HIGHEST    84           300 AM
 LOWEST     29           400 PM
 AVERAGE    57

..........................................................


THE GAINESVILLE CLIMATE NORMALS FOR TOMORROW
                         NORMAL    RECORD    YEAR
 MAXIMUM TEMPERATURE (F)   89       100      1953
 MINIMUM TEMPERATURE (F)   66        49      1979


SUNRISE AND SUNSET
MAY 26 2019...........SUNRISE   631 AM EDT   SUNSET   821 PM EDT
MAY 27 2019...........SUNRISE   631 AM EDT   SUNSET   822 PM EDT


-  INDICATES NEGATIVE NUMBERS.
R  INDICATES RECORD WAS SET OR TIED.
MM INDICATES DATA IS MISSING.
T  INDICATES TRACE AMOUNT.




$$
