000
CDUS42 KJAX 192127
CLIGNV


CLIMATE REPORT
NATIONAL WEATHER SERVICE JACKSONVILLE FL
526 PM EDT TUE MAR 19 2019


...................................

...THE GAINESVILLE CLIMATE SUMMARY FOR MARCH 19 2019...
VALID TODAY AS OF 0500 PM LOCAL TIME.

CLIMATE NORMAL PERIOD 1981 TO 2010
CLIMATE RECORD PERIOD 1890 TO 2019


WEATHER ITEM   OBSERVED TIME   RECORD YEAR NORMAL DEPARTURE LAST
                VALUE   (LST)  VALUE       VALUE  FROM      YEAR
                                                  NORMAL
..................................................................
TEMPERATURE (F)
 TODAY
  MAXIMUM         72   1201 PM  89    1963  75     -3       74
                                      1943
                                      1921
  MINIMUM         54    203 AM  32    1985  51      3       63
                                      1962
  AVERAGE         63                        63      0       69

PRECIPITATION (IN)
  TODAY            0.00          2.03 2018   0.14  -0.14     2.03
  MONTH TO DATE    1.52                      2.79  -1.27     2.21
  SINCE MAR 1      1.52                      2.79  -1.27     2.21
  SINCE JAN 1      7.95                      9.30  -1.35     8.11

SNOWFALL (IN)
  TODAY            0.0           0.0    MM   0.0    0.0      0.0
  MONTH TO DATE    0.0                       0.0    0.0      0.0
  SINCE MAR 1      0.0                       0.0    0.0      0.0
  SINCE JUL 1      0.0                       0.0    0.0      0.0
  SNOW DEPTH       0

DEGREE DAYS
 HEATING
  TODAY            2                         4     -2        0
  MONTH TO DATE   53                        99    -46      149
  SINCE MAR 1     53                        99    -46      149
  SINCE JUL 1    735                      1133   -398     1052

 COOLING
  TODAY            0                         2     -2        4
  MONTH TO DATE   80                        32     48       22
  SINCE MAR 1     80                        32     48       22
  SINCE JAN 1    235                        64    171      150
..................................................................


WIND (MPH)
  HIGHEST WIND SPEED    23   HIGHEST WIND DIRECTION    NE (40)
  HIGHEST GUST SPEED    30   HIGHEST GUST DIRECTION    NE (40)
  AVERAGE WIND SPEED     9.7


SKY COVER
  POSSIBLE SUNSHINE  MM
  AVERAGE SKY COVER 0.3


WEATHER CONDITIONS
 THE FOLLOWING WEATHER WAS RECORDED TODAY.
  NO SIGNIFICANT WEATHER WAS OBSERVED.


RELATIVE HUMIDITY (PERCENT)
 HIGHEST    71           100 AM
 LOWEST     43           500 AM
 AVERAGE    57

..........................................................


THE GAINESVILLE CLIMATE NORMALS FOR TOMORROW
                         NORMAL    RECORD    YEAR
 MAXIMUM TEMPERATURE (F)   75        89      1948
                                             1921
 MINIMUM TEMPERATURE (F)   51        36      2017
                                             1923


SUNRISE AND SUNSET
MARCH 19 2019.........SUNRISE   734 AM EDT   SUNSET   740 PM EDT
MARCH 20 2019.........SUNRISE   733 AM EDT   SUNSET   740 PM EDT


-  INDICATES NEGATIVE NUMBERS.
R  INDICATES RECORD WAS SET OR TIED.
MM INDICATES DATA IS MISSING.
T  INDICATES TRACE AMOUNT.




$$
