000
CDUS45 KMSO 230738
CLIGPI


CLIMATE REPORT
NATIONAL WEATHER SERVICE MISSOULA, MT
138 AM MDT SAT MAR 23 2019


...................................

...THE KALISPELL MT CLIMATE SUMMARY FOR MARCH 22 2019...

CLIMATE NORMAL PERIOD 1981 TO 2010
CLIMATE RECORD PERIOD 1894 TO 2019


WEATHER ITEM   OBSERVED TIME   RECORD YEAR NORMAL DEPARTURE LAST
                VALUE   (LST)  VALUE       VALUE  FROM      YEAR
                                                  NORMAL
..................................................................
TEMPERATURE (F)
 YESTERDAY
  MAXIMUM         51    519 PM  66    1972  48      3       49
  MINIMUM         20    714 AM   4    2002  27     -7       34
                                      1965
  AVERAGE         36                        38     -2       42

PRECIPITATION (IN)
  YESTERDAY        0.00          0.50 1910   0.04  -0.04     0.12
  MONTH TO DATE    0.46                      0.77  -0.31     0.73
  SINCE OCT 1      6.81                      7.07  -0.26     8.86
  SINCE JAN 1      3.43                      3.07   0.36     3.71

SNOWFALL (IN)
  YESTERDAY        0.0
  MONTH TO DATE    7.6
  SINCE JAN 1     56.3
  SINCE JUL 1     67.4
  SNOW DEPTH       5

DEGREE DAYS
 HEATING
  YESTERDAY       29                        27      2       23
  MONTH TO DATE  942                       686    256      735
  SINCE MAR 1    942                       686    256      735
  SINCE JUL 1   6949                      6538    411     6391

 COOLING
  YESTERDAY        0                         0      0        0
  MONTH TO DATE    0                         0      0        0
  SINCE MAR 1      0                         0      0        0
  SINCE JAN 1      0                         0      0        0
..................................................................


WIND (MPH)
  HIGHEST WIND SPEED     9   HIGHEST WIND DIRECTION     S (170)
  HIGHEST GUST SPEED    12   HIGHEST GUST DIRECTION     S (160)
  AVERAGE WIND SPEED     1.6


SKY COVER
  POSSIBLE SUNSHINE  MM
  AVERAGE SKY COVER 0.0


WEATHER CONDITIONS
 THE FOLLOWING WEATHER WAS RECORDED YESTERDAY.
  FOG
  HAZE


RELATIVE HUMIDITY (PERCENT)
 HIGHEST    92           300 AM
 LOWEST     42           400 PM
 AVERAGE    67

..........................................................


THE KALISPELL MT CLIMATE NORMALS FOR TODAY
                         NORMAL    RECORD    YEAR
 MAXIMUM TEMPERATURE (F)   48        63      1940
 MINIMUM TEMPERATURE (F)   27        -3      1964


SUNRISE AND SUNSET
MARCH 23 2019.........SUNRISE   734 AM MDT   SUNSET   754 PM MDT
MARCH 24 2019.........SUNRISE   732 AM MDT   SUNSET   756 PM MDT


-  INDICATES NEGATIVE NUMBERS.
R  INDICATES RECORD WAS SET OR TIED.
MM INDICATES DATA IS MISSING.
T  INDICATES TRACE AMOUNT.




$$
