000
CDUS43 KGRB 250638
CLIGRB

CLIMATE REPORT
NATIONAL WEATHER SERVICE GREEN BAY
136 AM CDT MON MAR 25 2019

...................................

...THE GREEN BAY WI CLIMATE SUMMARY FOR MARCH 24 2019...

CLIMATE NORMAL PERIOD 1981 TO 2010
CLIMATE RECORD PERIOD 1886 TO 2019

WEATHER ITEM   OBSERVED TIME   RECORD YEAR NORMAL DEPARTURE LAST
                VALUE   (LST)  VALUE       VALUE  FROM      YEAR
                                                  NORMAL
..................................................................
TEMPERATURE (F)
 YESTERDAY
  MAXIMUM         49    956 AM  72    1910  43      6       37
  MINIMUM         28   1159 PM  -4    1974  25      3       21
                                      1888
  AVERAGE         39                        34      5       29

PRECIPITATION (IN)
  YESTERDAY        0.00          0.80 2009   0.06  -0.06     0.00
  MONTH TO DATE    1.75                      1.38   0.37     0.31
  SINCE MAR 1      1.75                      1.38   0.37     0.31
  SINCE JAN 1      6.80                      3.62   3.18     2.81

SNOWFALL (IN)
  YESTERDAY        0.0           6.0  2016   0.2   -0.2      0.0
  MONTH TO DATE    6.5                       6.9   -0.4      5.5
  SINCE MAR 1      6.5                       6.9   -0.4      5.5
  SINCE JUL 1     69.5                      47.1   22.4     29.9
  SNOW DEPTH       0

DEGREE DAYS
 HEATING
  YESTERDAY       26                        31     -5       36
  MONTH TO DATE  909                       856     53      828
  SINCE MAR 1    909                       856     53      828
  SINCE JUL 1   6535                      6696   -161     6282

COOLING
  YESTERDAY        0                         0      0        0
  MONTH TO DATE    0                         0      0        0
  SINCE MAR 1      0                         0      0        0
  SINCE JAN 1      0                         0      0        0
..................................................................

WIND (MPH)
  HIGHEST WIND SPEED    25   HIGHEST WIND DIRECTION    NE (40)
  HIGHEST GUST SPEED    29   HIGHEST GUST DIRECTION    NE (30)
  AVERAGE WIND SPEED    11.8

SKY COVER
  POSSIBLE SUNSHINE  MM
  AVERAGE SKY COVER 0.3

WEATHER CONDITIONS
 THE FOLLOWING WEATHER WAS RECORDED YESTERDAY.
  NO SIGNIFICANT WEATHER WAS OBSERVED.

RELATIVE HUMIDITY (PERCENT)
 HIGHEST    89           500 AM
 LOWEST     36          1100 PM
 AVERAGE    63
..........................................................

THE GREEN BAY WI CLIMATE NORMALS FOR TODAY
                         NORMAL    RECORD    YEAR
 MAXIMUM TEMPERATURE (F)   43        73      2007
 MINIMUM TEMPERATURE (F)   26         0      1960

SUNRISE AND SUNSET
MARCH 25 2019.........SUNRISE   647 AM CDT   SUNSET   711 PM CDT
MARCH 26 2019.........SUNRISE   645 AM CDT   SUNSET   712 PM CDT

-  INDICATES NEGATIVE NUMBERS.
R  INDICATES RECORD WAS SET OR TIED.
MM INDICATES DATA IS MISSING.
T  INDICATES TRACE AMOUNT.

$$
