000
CDUS43 KGRB 222139
CLIGRB


CLIMATE REPORT
NATIONAL WEATHER SERVICE GREEN BAY
438 PM CDT WED MAY 22 2019


...................................

...THE GREEN BAY WI CLIMATE SUMMARY FOR MAY 22 2019...
VALID TODAY AS OF 0400 PM LOCAL TIME.

CLIMATE NORMAL PERIOD 1981 TO 2010
CLIMATE RECORD PERIOD 1886 TO 2019


WEATHER ITEM   OBSERVED TIME   RECORD YEAR NORMAL DEPARTURE LAST
                VALUE   (LST)  VALUE       VALUE  FROM      YEAR
                                                  NORMAL
..................................................................
TEMPERATURE (F)
 TODAY
  MAXIMUM         66    254 PM  91    1921  68     -2       76
  MINIMUM         48    627 AM  29    1967  46      2       51
  AVERAGE         57                        57      0       64

PRECIPITATION (IN)
  TODAY            0.23          1.54 1970   0.10   0.13      T
  MONTH TO DATE    2.87                      1.94   0.93     3.53
  SINCE MAR 1      8.44                      6.42   2.02     9.39
  SINCE JAN 1     13.49                      8.66   4.83    11.89

SNOWFALL (IN)
  TODAY            0.0           0.0    MM   0.0    0.0      0.0
  MONTH TO DATE    0.0                       0.2   -0.2       T
  SINCE MAR 1     11.0                      11.2   -0.2     43.7
  SINCE JUL 1     74.0                      51.4   22.6     68.1
  SNOW DEPTH       0

DEGREE DAYS
 HEATING
  TODAY            8                         9     -1        1
  MONTH TO DATE  302                       259     43      170
  SINCE MAR 1   2021                      1956     65     2088
  SINCE JUL 1   7647                      7796   -149     7542

 COOLING
  TODAY            0                         1     -1        0
  MONTH TO DATE    1                         5     -4        6
  SINCE MAR 1      1                         7     -6        6
  SINCE JAN 1      1                         7     -6        6
..................................................................


WIND (MPH)
  HIGHEST WIND SPEED    37   HIGHEST WIND DIRECTION     E (100)
  HIGHEST GUST SPEED    54   HIGHEST GUST DIRECTION     E (100)
  AVERAGE WIND SPEED    12.9


SKY COVER
  POSSIBLE SUNSHINE  MM
  AVERAGE SKY COVER 0.8


WEATHER CONDITIONS
 THE FOLLOWING WEATHER WAS RECORDED TODAY.
  RAIN
  LIGHT RAIN
  FOG


RELATIVE HUMIDITY (PERCENT)
 HIGHEST    93           400 AM
 LOWEST     59           100 AM
 AVERAGE    76

..........................................................


THE GREEN BAY WI CLIMATE NORMALS FOR TOMORROW
                         NORMAL    RECORD    YEAR
 MAXIMUM TEMPERATURE (F)   68        88      2010
 MINIMUM TEMPERATURE (F)   46        29      1963
                                             1958


SUNRISE AND SUNSET
MAY 22 2019...........SUNRISE   518 AM CDT   SUNSET   821 PM CDT
MAY 23 2019...........SUNRISE   517 AM CDT   SUNSET   822 PM CDT


-  INDICATES NEGATIVE NUMBERS.
R  INDICATES RECORD WAS SET OR TIED.
MM INDICATES DATA IS MISSING.
T  INDICATES TRACE AMOUNT.




$$
