386
CDUS43 KGID 262224
CLIGRI


CLIMATE REPORT
NATIONAL WEATHER SERVICE HASTINGS NE
523 PM CDT SUN MAY 26 2019


...................................

...THE GRAND ISLAND NE CLIMATE SUMMARY FOR MAY 26 2019...
VALID TODAY AS OF 0500 PM LOCAL TIME.

CLIMATE NORMAL PERIOD 1981 TO 2010
CLIMATE RECORD PERIOD 1895 TO 2019


WEATHER ITEM   OBSERVED TIME   RECORD YEAR NORMAL DEPARTURE LAST
                VALUE   (LST)  VALUE       VALUE  FROM      YEAR
                                                  NORMAL
..................................................................
TEMPERATURE (F)
 TODAY
  MAXIMUM         82    220 PM 100    2018  76      6      100
                                      2012
  MINIMUM         53    508 AM  34    1901  53      0       63
  AVERAGE         68                        64      4       82

PRECIPITATION (IN)
  TODAY            0.00          2.56 1996   0.15  -0.15     0.00
  MONTH TO DATE    3.46                      3.66  -0.20     3.49
  SINCE MAR 1      8.16                      7.99   0.17     6.01
  SINCE JAN 1      9.11                      9.20  -0.09     7.84

SNOWFALL (IN)
  TODAY            0.0           T    1953   0.0    0.0      0.0
  MONTH TO DATE    0.0                       0.1   -0.1      0.0
  SINCE MAR 1      9.2                       7.0    2.2      4.5
  SINCE JUL 1     35.3                      29.1    6.2     33.6
  SNOW DEPTH       0

DEGREE DAYS
 HEATING
  TODAY            0                         3     -3        0
  MONTH TO DATE  236                       159     77       81
  SINCE MAR 1   1572                      1400    172     1502
  SINCE JUL 1   6593                      6161    432     6277

 COOLING
  TODAY            3                         3      0       17
  MONTH TO DATE   39                        39      0       97
  SINCE MAR 1     49                        50     -1      105
  SINCE JAN 1     49                        50     -1      105
..................................................................


WIND (MPH)
  HIGHEST WIND SPEED    22   HIGHEST WIND DIRECTION     S (160)
  HIGHEST GUST SPEED    31   HIGHEST GUST DIRECTION     S (160)
  AVERAGE WIND SPEED    10.8


SKY COVER
  POSSIBLE SUNSHINE  MM
  AVERAGE SKY COVER 0.1


WEATHER CONDITIONS
 THE FOLLOWING WEATHER WAS RECORDED TODAY.
  NO SIGNIFICANT WEATHER WAS OBSERVED.


RELATIVE HUMIDITY (PERCENT)
 HIGHEST    93           400 AM
 LOWEST     51           300 PM
 AVERAGE    72

..........................................................


THE GRAND ISLAND NE CLIMATE NORMALS FOR TOMORROW
                         NORMAL    RECORD    YEAR
 MAXIMUM TEMPERATURE (F)   76        98      2018
 MINIMUM TEMPERATURE (F)   53        37      1918
                                             1906


SUNRISE AND SUNSET
MAY 26 2019...........SUNRISE   607 AM CDT   SUNSET   854 PM CDT
MAY 27 2019...........SUNRISE   606 AM CDT   SUNSET   855 PM CDT


-  INDICATES NEGATIVE NUMBERS.
R  INDICATES RECORD WAS SET OR TIED.
MM INDICATES DATA IS MISSING.
T  INDICATES TRACE AMOUNT.




$$
