047
CDUS43 KGID 192242
CLIGRI


CLIMATE REPORT
NATIONAL WEATHER SERVICE HASTINGS NE
541 PM CDT TUE MAR 19 2019


...................................

...THE GRAND ISLAND NE CLIMATE SUMMARY FOR MARCH 19 2019...
VALID TODAY AS OF 0500 PM LOCAL TIME.

CLIMATE NORMAL PERIOD 1981 TO 2010
CLIMATE RECORD PERIOD 1895 TO 2019


WEATHER ITEM   OBSERVED TIME   RECORD YEAR NORMAL DEPARTURE LAST
                VALUE   (LST)  VALUE       VALUE  FROM      YEAR
                                                  NORMAL
..................................................................
TEMPERATURE (F)
 TODAY
  MAXIMUM         43    300 PM  86    1921  53    -10       38
  MINIMUM         34        MM  -9    1923  29      5       34
  AVERAGE         39                        40     -1       36

PRECIPITATION (IN)
  TODAY            0.66          1.45 1922   0.06   0.60     0.12
  MONTH TO DATE    2.98                      0.97   2.01     0.40
  SINCE MAR 1      2.98                      0.97   2.01     0.40
  SINCE JAN 1      3.93                      2.18   1.75     2.23

SNOWFALL (IN)
  TODAY            0.0          12.1  1977   0.1   -0.1       T
  MONTH TO DATE    7.3                       3.5    3.8      0.4
  SINCE MAR 1      7.3                       3.5    3.8      0.4
  SINCE JUL 1     33.4                      25.6    7.8     29.5
  SNOW DEPTH       0

DEGREE DAYS
 HEATING
  TODAY           26                        24      2       29
  MONTH TO DATE  711                       530    181      484
  SINCE MAR 1    711                       530    181      484
  SINCE JUL 1   5732                      5291    441     5259

 COOLING
  TODAY            0                         0      0        0
  MONTH TO DATE    0                         0      0        0
  SINCE MAR 1      0                         0      0        0
  SINCE JAN 1      0                         0      0        0
..................................................................


WIND (MPH)
  HIGHEST WIND SPEED     8   HIGHEST WIND DIRECTION     S (170)
  HIGHEST GUST SPEED    MM   HIGHEST GUST DIRECTION    MM
  AVERAGE WIND SPEED     5.0


SKY COVER
  POSSIBLE SUNSHINE  MM
  AVERAGE SKY COVER 1.0


WEATHER CONDITIONS
 THE FOLLOWING WEATHER WAS RECORDED TODAY.
  RAIN
  LIGHT RAIN
  FOG


RELATIVE HUMIDITY (PERCENT)
 HIGHEST   100           600 AM
 LOWEST     59          1200 AM
 AVERAGE    80

..........................................................


THE GRAND ISLAND NE CLIMATE NORMALS FOR TOMORROW
                         NORMAL    RECORD    YEAR
 MAXIMUM TEMPERATURE (F)   53        84      1921
 MINIMUM TEMPERATURE (F)   29        -3      1906


SUNRISE AND SUNSET
MARCH 19 2019.........SUNRISE   739 AM CDT   SUNSET   744 PM CDT
MARCH 20 2019.........SUNRISE   737 AM CDT   SUNSET   745 PM CDT


-  INDICATES NEGATIVE NUMBERS.
R  INDICATES RECORD WAS SET OR TIED.
MM INDICATES DATA IS MISSING.
T  INDICATES TRACE AMOUNT.




$$

Thies
