000
CDUS43 KGRR 222131
CLIGRR


CLIMATE REPORT
NATIONAL WEATHER SERVICE GRAND RAPIDS, MI
529 PM EDT FRI MAR 22 2019


...................................

...THE GRAND RAPIDS MI CLIMATE SUMMARY FOR MARCH 22 2019...
VALID TODAY AS OF 0500 PM LOCAL TIME.

CLIMATE NORMAL PERIOD 1981 TO 2010
CLIMATE RECORD PERIOD 1892 TO 2019


WEATHER ITEM   OBSERVED TIME   RECORD YEAR NORMAL DEPARTURE LAST
                VALUE   (LST)  VALUE       VALUE  FROM      YEAR
                                                  NORMAL
..................................................................
TEMPERATURE (F)
 TODAY
  MAXIMUM         43    142 PM  85    2012  47     -4       47
  MINIMUM         33    321 AM   6    1906  29      4       24
  AVERAGE         38                        38      0       36

PRECIPITATION (IN)
  TODAY            T             0.79 1955   0.08  -0.08     0.00
  MONTH TO DATE    1.94                      1.61   0.33     0.51
  SINCE MAR 1      1.94                      1.61   0.33     0.51
  SINCE JAN 1      8.27                      5.49   2.78     7.56

SNOWFALL (IN)
  TODAY            T             6.3  1965   0.2   -0.2      0.0
  MONTH TO DATE    7.9                       6.9    1.0      4.9
  SINCE MAR 1      7.9                       6.9    1.0      4.9
  SINCE JUL 1     76.4                      71.7    4.7     71.7
  SNOW DEPTH       0

DEGREE DAYS
 HEATING
  TODAY           27                        27      0       29
  MONTH TO DATE  775                       684     91      709
  SINCE MAR 1    775                       684     91      709
  SINCE JUL 1   5679                      5461    218     5365

 COOLING
  TODAY            0                         0      0        0
  MONTH TO DATE    0                         0      0        0
  SINCE MAR 1      0                         0      0        0
  SINCE JAN 1      0                         0      0        0
..................................................................


WIND (MPH)
  RESULTANT WIND SPEED  13   RESULTANT WIND DIRECTION  NW (310)
  HIGHEST WIND SPEED    23   HIGHEST WIND DIRECTION     N (360)
  HIGHEST GUST SPEED    30   HIGHEST GUST DIRECTION     N (360)
  AVERAGE WIND SPEED    14.5


SKY COVER
  AVERAGE SKY COVER 0.5


WEATHER CONDITIONS
 THE FOLLOWING WEATHER WAS RECORDED TODAY.
  FOG
  HAZE


RELATIVE HUMIDITY (PERCENT)
 HIGHEST    89           100 AM
 LOWEST     49           300 PM
 AVERAGE    69

..........................................................


THE GRAND RAPIDS MI CLIMATE NORMALS FOR TOMORROW
                         NORMAL    RECORD    YEAR
 MAXIMUM TEMPERATURE (F)   48        74      1907
 MINIMUM TEMPERATURE (F)   29         4      1983


SUNRISE AND SUNSET
MARCH 22 2019.........SUNRISE   742 AM EDT   SUNSET   756 PM EDT
MARCH 23 2019.........SUNRISE   740 AM EDT   SUNSET   758 PM EDT


-  INDICATES NEGATIVE NUMBERS.
R  INDICATES RECORD WAS SET OR TIED.
MM INDICATES DATA IS MISSING.
T  INDICATES TRACE AMOUNT.




$$
