000
CDUS43 KGRR 220527
CLIGRR


CLIMATE REPORT
NATIONAL WEATHER SERVICE GRAND RAPIDS, MI
126 AM EDT WED MAY 22 2019


...................................

...THE GRAND RAPIDS MI CLIMATE SUMMARY FOR MAY 21 2019...

CLIMATE NORMAL PERIOD 1981 TO 2010
CLIMATE RECORD PERIOD 1892 TO 2019


WEATHER ITEM   OBSERVED TIME   RECORD YEAR NORMAL DEPARTURE LAST
                VALUE   (LST)  VALUE       VALUE  FROM      YEAR
                                                  NORMAL
..................................................................
TEMPERATURE (F)
 YESTERDAY
  MAXIMUM         63    458 PM  91    1977  71     -8       58
  MINIMUM         39    434 AM  31    1969  49    -10       50
  AVERAGE         51                        60     -9       54

PRECIPITATION (IN)
  YESTERDAY        0.00          2.46 2004   0.14  -0.14     0.73
  MONTH TO DATE    3.56                      2.68   0.88     4.17
  SINCE MAR 1      9.84                      8.40   1.44     8.18
  SINCE JAN 1     16.17                     12.28   3.89    15.23

SNOWFALL (IN)
  YESTERDAY        0.0           T    2004   0.0    0.0      0.0
  MONTH TO DATE    0.0                       0.0    0.0      0.0
  SINCE MAR 1     12.8                      10.1    2.7     10.9
  SINCE JUL 1     81.3                      74.9    6.4     77.7
  SNOW DEPTH       0

DEGREE DAYS
 HEATING
  YESTERDAY       14                         6      8       11
  MONTH TO DATE  223                       185     38       97
  SINCE MAR 1   1744                      1613    131     1780
  SINCE JUL 1   6648                      6390    258     6436

 COOLING
  YESTERDAY        0                         1     -1        0
  MONTH TO DATE    0                        17    -17       20
  SINCE MAR 1      0                        25    -25       20
  SINCE JAN 1      0                        25    -25       20
..................................................................


WIND (MPH)
  RESULTANT WIND SPEED  10   RESULTANT WIND DIRECTION   E (100)
  HIGHEST WIND SPEED    23   HIGHEST WIND DIRECTION     E (100)
  HIGHEST GUST SPEED    27   HIGHEST GUST DIRECTION     E (90)
  AVERAGE WIND SPEED    10.7


SKY COVER
  POSSIBLE SUNSHINE  24 PERCENT
  AVERAGE SKY COVER 0.7


WEATHER CONDITIONS
 THE FOLLOWING WEATHER WAS RECORDED YESTERDAY.
  NO SIGNIFICANT WEATHER WAS OBSERVED.


RELATIVE HUMIDITY (PERCENT)
 HIGHEST    92           500 AM
 LOWEST     46           700 PM
 AVERAGE    69

..........................................................


THE GRAND RAPIDS MI CLIMATE NORMALS FOR TODAY
                         NORMAL    RECORD    YEAR
 MAXIMUM TEMPERATURE (F)   71        91      1925
 MINIMUM TEMPERATURE (F)   50        34      1917


SUNRISE AND SUNSET
MAY 22 2019...........SUNRISE   613 AM EDT   SUNSET   905 PM EDT
MAY 23 2019...........SUNRISE   612 AM EDT   SUNSET   906 PM EDT


-  INDICATES NEGATIVE NUMBERS.
R  INDICATES RECORD WAS SET OR TIED.
MM INDICATES DATA IS MISSING.
T  INDICATES TRACE AMOUNT.




$$
