000
CDUS42 KRAH 232043
CLIGSO


CLIMATE REPORT
NATIONAL WEATHER SERVICE RALEIGH NC
441 PM EDT SAT MAR 23 2019


...................................

...THE PIEDMONT TRIAD INTL AIRPORT NC CLIMATE SUMMARY FOR MARCH 23 2019...
VALID TODAY AS OF 0441 PM LOCAL TIME.

CLIMATE NORMAL PERIOD 1981 TO 2010
CLIMATE RECORD PERIOD 1903 TO 2019


WEATHER ITEM   OBSERVED TIME   RECORD YEAR NORMAL DEPARTURE LAST
                VALUE   (LST)  VALUE       VALUE  FROM      YEAR
                                                  NORMAL
..................................................................
TEMPERATURE (F)
 TODAY
  MAXIMUM         63    335 PM  89    1907  63      0       55
  MINIMUM         32    616 AM  23    2004  41     -9       29
                                      1963
  AVERAGE         48                        52     -4       42

PRECIPITATION (IN)
  TODAY            0.00          1.72 1903   0.12  -0.12     0.00
  MONTH TO DATE    3.01                      2.75   0.26     3.46
  SINCE MAR 1      3.01                      2.75   0.26     3.46
  SINCE JAN 1     12.91                      8.77   4.14     9.67

SNOWFALL (IN)
  TODAY            0.0           4.6  1981   0.0    0.0      0.0
  MONTH TO DATE    T                         0.7   -0.7      3.8
  SINCE MAR 1      T                         0.7   -0.7      3.8
  SINCE JUL 1     12.8                       7.4    5.4     13.5
  SNOW DEPTH       0

DEGREE DAYS
 HEATING
  TODAY           17                        13      4       23
  MONTH TO DATE  427                       374     53      486
  SINCE MAR 1    427                       374     53      486
  SINCE JUL 1   3137                      3229    -92     3185

 COOLING
  TODAY            0                         0      0        0
  MONTH TO DATE    0                         0      0        0
  SINCE MAR 1      0                         0      0        0
  SINCE JAN 1      6                         0      6        8
..................................................................


WIND (MPH)
  HIGHEST WIND SPEED    18   HIGHEST WIND DIRECTION    NW (320)
  HIGHEST GUST SPEED    27   HIGHEST GUST DIRECTION    NW (310)
  AVERAGE WIND SPEED     9.9


SKY COVER
  POSSIBLE SUNSHINE  MM
  AVERAGE SKY COVER 0.1


WEATHER CONDITIONS
 THE FOLLOWING WEATHER WAS RECORDED TODAY.
  NO SIGNIFICANT WEATHER WAS OBSERVED.


RELATIVE HUMIDITY (PERCENT)
 HIGHEST    64           600 AM
 LOWEST     14           300 PM
 AVERAGE    39

..........................................................


THE PIEDMONT TRIAD INTL AIRPORT NC CLIMATE NORMALS FOR TOMORROW
                         NORMAL    RECORD    YEAR
 MAXIMUM TEMPERATURE (F)   64        91      1907
 MINIMUM TEMPERATURE (F)   41        19      1940


SUNRISE AND SUNSET
MARCH 23 2019.........SUNRISE   719 AM EDT   SUNSET   734 PM EDT
MARCH 24 2019.........SUNRISE   718 AM EDT   SUNSET   735 PM EDT


-  INDICATES NEGATIVE NUMBERS.
R  INDICATES RECORD WAS SET OR TIED.
MM INDICATES DATA IS MISSING.
T  INDICATES TRACE AMOUNT.




$$
