000
CDUS42 KRAH 260850
CLIGSO


CLIMATE REPORT
NATIONAL WEATHER SERVICE RALEIGH NC
450 AM EDT SUN MAY 26 2019


...................................

...THE PIEDMONT TRIAD INTL AIRPORT NC CLIMATE SUMMARY FOR MAY 25 2019...

CLIMATE NORMAL PERIOD 1981 TO 2010
CLIMATE RECORD PERIOD 1903 TO 2019


WEATHER ITEM   OBSERVED TIME   RECORD YEAR NORMAL DEPARTURE LAST
                VALUE   (LST)  VALUE       VALUE  FROM      YEAR
                                                  NORMAL
..................................................................
TEMPERATURE (F)
 YESTERDAY
  MAXIMUM         90    510 PM  96    1926  80     10       82
  MINIMUM         70    524 AM  43    2013  59     11       67
                                      1956
                                      1935
  AVERAGE         80                        69     11       75

PRECIPITATION (IN)
  YESTERDAY        0.00          1.38 2003   0.12  -0.12      T
  MONTH TO DATE    2.38                      2.65  -0.27     2.83
  SINCE MAR 1      9.73                      9.95  -0.22    11.58
  SINCE JAN 1     19.63                     15.97   3.66    17.79

SNOWFALL (IN)
  YESTERDAY        0.0           0.0  2002   0.0    0.0      0.0
                                      2001
  MONTH TO DATE    0.0                       0.0    0.0      0.0
  SINCE MAR 1      T                         0.8   -0.8      5.0
  SINCE JUL 1     12.8                       7.5    5.3     14.7
  SNOW DEPTH       0

DEGREE DAYS
 HEATING
  YESTERDAY        0                         1     -1        0
  MONTH TO DATE   15                        61    -46        3
  SINCE MAR 1    670                       752    -82      866
  SINCE JUL 1   3380                      3607   -227     3565

 COOLING
  YESTERDAY       15                         5     10       10
  MONTH TO DATE  173                        84     89      201
  SINCE MAR 1    213                       122     91      214
  SINCE JAN 1    219                       122     97      222
..................................................................


WIND (MPH)
  HIGHEST WIND SPEED    16   HIGHEST WIND DIRECTION     S (170)
  HIGHEST GUST SPEED    19   HIGHEST GUST DIRECTION     S (180)
  AVERAGE WIND SPEED     6.4


SKY COVER
  POSSIBLE SUNSHINE  MM
  AVERAGE SKY COVER 0.4


WEATHER CONDITIONS
 THE FOLLOWING WEATHER WAS RECORDED YESTERDAY.
  THUNDERSTORM


RELATIVE HUMIDITY (PERCENT)
 HIGHEST    93           600 AM
 LOWEST     51          1100 AM
 AVERAGE    72

..........................................................


THE PIEDMONT TRIAD INTL AIRPORT NC CLIMATE NORMALS FOR TODAY
                         NORMAL    RECORD    YEAR
 MAXIMUM TEMPERATURE (F)   80        95      1926
                                             1914
                                             1911
 MINIMUM TEMPERATURE (F)   59        42      1930
                                             1925


SUNRISE AND SUNSET
MAY 26 2019...........SUNRISE   607 AM EDT   SUNSET   827 PM EDT
MAY 27 2019...........SUNRISE   606 AM EDT   SUNSET   828 PM EDT


-  INDICATES NEGATIVE NUMBERS.
R  INDICATES RECORD WAS SET OR TIED.
MM INDICATES DATA IS MISSING.
T  INDICATES TRACE AMOUNT.




$$
