000
CDUS42 KGSP 220634
CLIGSP

CLIMATE REPORT
NATIONAL WEATHER SERVICE GREENVILLE-SPARTANBURG SC
234 AM EDT WED MAY 22 2019


...................................

...THE GREENVILLE-SPARTANBURG SC CLIMATE SUMMARY FOR MAY 21 2019...

CLIMATE NORMAL PERIOD 1981 TO 2010
CLIMATE RECORD PERIOD 1884 TO 2019


WEATHER ITEM   OBSERVED TIME   RECORD YEAR NORMAL DEPARTURE LAST
                VALUE   (LST)  VALUE       VALUE  FROM      YEAR
                                                  NORMAL
..................................................................
TEMPERATURE (F)
 YESTERDAY
  MAXIMUM         88    344 PM  96    1941  81      7       84
  MINIMUM         63    548 AM  40    1993  59      4       66
  AVERAGE         76                        70      6       75

PRECIPITATION (IN)
  YESTERDAY        0.00          2.07 1979   0.12  -0.12     0.00
  MONTH TO DATE    1.77                      2.55  -0.78     2.57
  SINCE MAR 1      8.79                     10.43  -1.64    11.71
  SINCE JAN 1     21.04                     18.22   2.82    19.98

SNOWFALL (IN)
  YESTERDAY        0.0           0.0    MM   0.0    0.0      0.0
  MONTH TO DATE    0.0                       0.0    0.0      0.0
  SINCE MAR 1      T                         0.9   -0.9      0.0
  SINCE JUL 1      4.3                       4.7   -0.4      4.7
  SNOW DEPTH       0

DEGREE DAYS
 HEATING
  YESTERDAY        0                         1     -1        0
  MONTH TO DATE    8                        34    -26        1
  SINCE MAR 1    535                       591    -56      645
  SINCE JUL 1   2864                      3040   -176     2916

 COOLING
  YESTERDAY       11                         6      5       10
  MONTH TO DATE  139                        82     57      152
  SINCE MAR 1    195                       130     65      165
  SINCE JAN 1    200                       130     70      185
..................................................................


WIND (MPH)
  HIGHEST WIND SPEED    10   HIGHEST WIND DIRECTION    SE (140)
  HIGHEST GUST SPEED    15   HIGHEST GUST DIRECTION     S (160)
  AVERAGE WIND SPEED     3.6


SKY COVER
  POSSIBLE SUNSHINE  MM
  AVERAGE SKY COVER 0.0


WEATHER CONDITIONS
 THE FOLLOWING WEATHER WAS RECORDED YESTERDAY.
  HAZE


RELATIVE HUMIDITY (PERCENT)
 HIGHEST    73           400 AM
 LOWEST     32           500 PM
 AVERAGE    53

..........................................................


THE GREENVILLE-SPARTANBURG SC CLIMATE NORMALS FOR TODAY
                         NORMAL    RECORD    YEAR
 MAXIMUM TEMPERATURE (F)   82        98      1941
 MINIMUM TEMPERATURE (F)   59        40      1993


SUNRISE AND SUNSET
MAY 22 2019...........SUNRISE   621 AM EDT   SUNSET   830 PM EDT
MAY 23 2019...........SUNRISE   620 AM EDT   SUNSET   831 PM EDT


-  INDICATES NEGATIVE NUMBERS.
R  INDICATES RECORD WAS SET OR TIED.
MM INDICATES DATA IS MISSING.
T  INDICATES TRACE AMOUNT.




$$
