000
CDUS45 KTFX 230733
CLIGTF


CLIMATE REPORT
NATIONAL WEATHER SERVICE GREAT FALLS MT
130 AM MDT THU MAY 23 2019


...................................

...THE GREAT FALLS MT CLIMATE SUMMARY FOR MAY 22 2019...

CLIMATE NORMAL PERIOD 1981 TO 2010
CLIMATE RECORD PERIOD 1886 TO 2019


WEATHER ITEM   OBSERVED TIME   RECORD YEAR NORMAL DEPARTURE LAST
                VALUE   (LST)  VALUE       VALUE  FROM      YEAR
                                                  NORMAL
..................................................................
TEMPERATURE (F)
 YESTERDAY
  MAXIMUM         64    449 PM  97    1919  66     -2       70
  MINIMUM         39    331 AM  29    1992  41     -2       56
  AVERAGE         52                        53     -1       63

PRECIPITATION (IN)
  YESTERDAY        T             1.27 1968   0.10  -0.10     0.01
  MONTH TO DATE    1.21                      1.51  -0.30     2.62
  SINCE OCT 1      8.93                      6.82   2.11     9.71
  SINCE JAN 1      7.25                      4.82   2.43     6.85

SNOWFALL (IN)
  YESTERDAY        0.0           1.4  2002   0.1   -0.1      0.0
  MONTH TO DATE    1.9                       2.3   -0.4      0.0
  SINCE MAR 1     11.5                      22.8  -11.3     32.6
  SINCE JUL 1     76.4                      62.8   13.6    104.9
  SNOW DEPTH       0

DEGREE DAYS
 HEATING
  YESTERDAY       13                        12      1        2
  MONTH TO DATE  376                       323     53      208
  SINCE MAR 1   2291                      1935    356     2095
  SINCE JUL 1   8323                      7440    883     7984

 COOLING
  YESTERDAY        0                         0      0        0
  MONTH TO DATE    0                         0      0        2
  SINCE MAR 1      0                         1     -1        2
  SINCE JAN 1      0                         1     -1        2
..................................................................


WIND (MPH)
  HIGHEST WIND SPEED    18   HIGHEST WIND DIRECTION     N (20)
  HIGHEST GUST SPEED    27   HIGHEST GUST DIRECTION     N (340)
  AVERAGE WIND SPEED    10.2


SKY COVER
  AVERAGE SKY COVER 0.8


WEATHER CONDITIONS
 THE FOLLOWING WEATHER WAS RECORDED YESTERDAY.
  LIGHT RAIN


RELATIVE HUMIDITY (PERCENT)
 HIGHEST   100           200 AM
 LOWEST     30           500 PM
 AVERAGE    65

..........................................................


THE GREAT FALLS MT CLIMATE NORMALS FOR TODAY
                         NORMAL    RECORD    YEAR
 MAXIMUM TEMPERATURE (F)   67        88      1988
                                             1929
                                             1919
 MINIMUM TEMPERATURE (F)   41        30      1949


SUNRISE AND SUNSET
MAY 23 2019...........SUNRISE   540 AM MDT   SUNSET   905 PM MDT
MAY 24 2019...........SUNRISE   539 AM MDT   SUNSET   906 PM MDT


-  INDICATES NEGATIVE NUMBERS.
R  INDICATES RECORD WAS SET OR TIED.
MM INDICATES DATA IS MISSING.
T  INDICATES TRACE AMOUNT.




$$
