000
CDUS44 KJAN 220703
CLIGWO


CLIMATE REPORT
NATIONAL WEATHER SERVICE JACKSON MS
200 AM CDT FRI MAR 22 2019


...................................

...THE GREENWOOD CLIMATE SUMMARY FOR MARCH 21 2019...

CLIMATE NORMAL PERIOD 1981 TO 2010
CLIMATE RECORD PERIOD 1948 TO 2019


WEATHER ITEM   OBSERVED TIME   RECORD YEAR NORMAL DEPARTURE LAST
                VALUE   (LST)  VALUE       VALUE  FROM      YEAR
                                                  NORMAL
..................................................................
TEMPERATURE (F)
 YESTERDAY
  MAXIMUM         67    403 PM  87    2017  69     -2       60
  MINIMUM         38    621 AM  23    1965  45     -7       38
  AVERAGE         53                        57     -4       49

PRECIPITATION (IN)
  YESTERDAY        0.00          6.83 1955   0.13  -0.13     0.00
  MONTH TO DATE    1.97                      2.82  -0.85     4.05
  SINCE MAR 1      1.97                      2.82  -0.85     4.05
  SINCE JAN 1     17.76                     11.76   6.00    20.65

SNOWFALL (IN)
  YESTERDAY        0.0

DEGREE DAYS
 HEATING
  YESTERDAY       12                         9      3       16
  MONTH TO DATE  289                       239     50      236
  SINCE MAR 1    289                       239     50      236
  SINCE JUL 1   2282                      2470   -188     2290

 COOLING
  YESTERDAY        0                         1     -1        0
  MONTH TO DATE    9                        15     -6       10
  SINCE MAR 1      9                        15     -6       10
  SINCE JAN 1     24                        20      4       49
..................................................................


WIND (MPH)
  HIGHEST WIND SPEED    16   HIGHEST WIND DIRECTION    NW (330)
  HIGHEST GUST SPEED    24   HIGHEST GUST DIRECTION     N (350)
  AVERAGE WIND SPEED     4.9


SKY COVER
  POSSIBLE SUNSHINE  MM
  AVERAGE SKY COVER 0.1


WEATHER CONDITIONS
 THE FOLLOWING WEATHER WAS RECORDED YESTERDAY.
  FOG
  FOG W/VISIBILITY <= 1/4 MILE


RELATIVE HUMIDITY (PERCENT)
 HIGHEST   100          1200 AM
 LOWEST     31           500 PM
 AVERAGE    66

..........................................................


THE GREENWOOD CLIMATE NORMALS FOR TODAY
                         NORMAL    RECORD    YEAR
 MAXIMUM TEMPERATURE (F)   69        85      1995
 MINIMUM TEMPERATURE (F)   45        24      1986


SUNRISE AND SUNSET
MARCH 22 2019.........SUNRISE   702 AM CDT   SUNSET   713 PM CDT
MARCH 23 2019.........SUNRISE   700 AM CDT   SUNSET   714 PM CDT


-  INDICATES NEGATIVE NUMBERS.
R  INDICATES RECORD WAS SET OR TIED.
MM INDICATES DATA IS MISSING.
T  INDICATES TRACE AMOUNT.




$$
