000
CDUS44 KJAN 270735
CLIGWO


CLIMATE REPORT
NATIONAL WEATHER SERVICE JACKSON MS
232 AM CDT MON MAY 27 2019


...................................

...THE GREENWOOD CLIMATE SUMMARY FOR MAY 26 2019...

CLIMATE NORMAL PERIOD 1981 TO 2010
CLIMATE RECORD PERIOD 1948 TO 2019


WEATHER ITEM   OBSERVED TIME   RECORD YEAR NORMAL DEPARTURE LAST
                VALUE   (LST)  VALUE       VALUE  FROM      YEAR
                                                  NORMAL
..................................................................
TEMPERATURE (F)
 YESTERDAY
  MAXIMUM         92    338 PM  96    1953  85      7       80
  MINIMUM         67    519 AM  48    1988  64      3       69
  AVERAGE         80                        75      5       75

PRECIPITATION (IN)
  YESTERDAY        0.00          1.18 1974   0.15  -0.15     0.39
  MONTH TO DATE    7.42                      4.23   3.19     5.13
  SINCE MAR 1     19.19                     13.67   5.52    16.47
  SINCE JAN 1     34.98                     22.61  12.37    33.07

SNOWFALL (IN)
  YESTERDAY        0.0

DEGREE DAYS
 HEATING
  YESTERDAY        0                         0      0        0
  MONTH TO DATE    0                        15    -15        0
  SINCE MAR 1    459                       455      4      447
  SINCE JUL 1   2452                      2686   -234     2501

 COOLING
  YESTERDAY       15                        10      5       10
  MONTH TO DATE  232                       176     56      301
  SINCE MAR 1    314                       273     41      347
  SINCE JAN 1    329                       278     51      386
..................................................................


WIND (MPH)
  HIGHEST WIND SPEED    15   HIGHEST WIND DIRECTION     S (190)
  HIGHEST GUST SPEED    20   HIGHEST GUST DIRECTION     S (180)
  AVERAGE WIND SPEED     4.0


SKY COVER
  POSSIBLE SUNSHINE  MM
  AVERAGE SKY COVER 0.0


WEATHER CONDITIONS
 THE FOLLOWING WEATHER WAS RECORDED YESTERDAY.
  NO SIGNIFICANT WEATHER WAS OBSERVED.


RELATIVE HUMIDITY (PERCENT)
 HIGHEST    93           400 AM
 LOWEST     44           100 PM
 AVERAGE    69

..........................................................


THE GREENWOOD CLIMATE NORMALS FOR TODAY
                         NORMAL    RECORD    YEAR
 MAXIMUM TEMPERATURE (F)   86        98      1953
 MINIMUM TEMPERATURE (F)   64        46      1961


SUNRISE AND SUNSET
MAY 27 2019...........SUNRISE   553 AM CDT   SUNSET   802 PM CDT
MAY 28 2019...........SUNRISE   553 AM CDT   SUNSET   803 PM CDT


-  INDICATES NEGATIVE NUMBERS.
R  INDICATES RECORD WAS SET OR TIED.
MM INDICATES DATA IS MISSING.
T  INDICATES TRACE AMOUNT.




$$
