000
CDUS41 KGYX 190807
CLIGYX


CLIMATE REPORT
NATIONAL WEATHER SERVICE GRAY ME
406 AM EDT TUE MAR 19 2019


...................................

...THE GRAY ME CLIMATE SUMMARY FOR MARCH 18 2019...

CLIMATE NORMAL PERIOD 1981 TO 2010
CLIMATE RECORD PERIOD 1995 TO 2019


WEATHER ITEM   OBSERVED TIME   RECORD YEAR NORMAL DEPARTURE LAST
                VALUE   (LST)  VALUE       VALUE  FROM      YEAR
                                                  NORMAL
..................................................................
TEMPERATURE (F)
 YESTERDAY
  MAXIMUM         36        MM  MM      MM  42     -6       25
  MINIMUM         16        MM  MM      MM  24     -8       10
  AVERAGE         26                        33     -7       18

PRECIPITATION (IN)
  YESTERDAY        0.00         MM      MM   0.14  -0.14     0.00
  MONTH TO DATE    1.37                      2.37  -1.00     2.23
  SINCE MAR 1      1.37                      2.37  -1.00     2.23
  SINCE JAN 1      9.38                      9.21   0.17     9.40

SNOWFALL (IN)
  YESTERDAY        0.0          MM      MM   0.6   -0.6      0.0
  MONTH TO DATE   13.0                      13.3   -0.3     24.5
  SINCE MAR 1     13.0                      13.3   -0.3     24.5
  SINCE JUL 1     73.7                      72.4    1.3     94.4
  SNOW DEPTH      14

DEGREE DAYS
 HEATING
  YESTERDAY       39                        32      7       47
  MONTH TO DATE  672                       612     60      608
  SINCE MAR 1    672                       612     60      608
  SINCE JUL 1   6073                      5770    303     5499

 COOLING
  YESTERDAY        0                         0      0        0
  MONTH TO DATE    0                         0      0        0
  SINCE MAR 1      0                         0      0        0
  SINCE JAN 1      0                         0      0        0
..................................................................







THE GRAY ME CLIMATE NORMALS FOR TODAY
                         NORMAL
 MAXIMUM TEMPERATURE (F)   43
 MINIMUM TEMPERATURE (F)   25


SUNRISE AND SUNSET
MARCH 19 2019.........SUNRISE   647 AM EDT   SUNSET   652 PM EDT
MARCH 20 2019.........SUNRISE   645 AM EDT   SUNSET   653 PM EDT


-  INDICATES NEGATIVE NUMBERS.
R  INDICATES RECORD WAS SET OR TIED.
MM INDICATES DATA IS MISSING.
T  INDICATES TRACE AMOUNT.




$$
