000
CDUS41 KGYX 260833
CLIGYX


CLIMATE REPORT
NATIONAL WEATHER SERVICE GRAY ME
423 AM EDT THU APR 26 2018


...................................

...THE GRAY ME CLIMATE SUMMARY FOR APRIL 25 2018...

CLIMATE NORMAL PERIOD 1981 TO 2010
CLIMATE RECORD PERIOD 1995 TO 2018


WEATHER ITEM   OBSERVED TIME   RECORD YEAR NORMAL DEPARTURE LAST
                VALUE   (LST)  VALUE       VALUE  FROM      YEAR
                                                  NORMAL
..................................................................
TEMPERATURE (F)
 YESTERDAY
  MAXIMUM         53        MM  MM      MM  58     -5       49
  MINIMUM         45        MM  MM      MM  39      6       39
  AVERAGE         49                        48      1       44

PRECIPITATION (IN)
  YESTERDAY        1.35         MM      MM   0.14   1.21     0.38
  MONTH TO DATE    4.46                      3.65   0.81     3.81
  SINCE MAR 1      6.98                      7.82  -0.84     6.63
  SINCE JAN 1     14.15                     14.66  -0.51    13.31

SNOWFALL (IN)
  YESTERDAY        0.0          MM      MM   0.0    0.0      0.0
  MONTH TO DATE    2.4                       4.6   -2.2     11.0
  SINCE MAR 1     27.0                      24.5    2.5     34.1
  SINCE JUL 1     96.9                      83.6   13.3    123.9
  SNOW DEPTH       0

DEGREE DAYS
 HEATING
  YESTERDAY       16                        17     -1       21
  MONTH TO DATE  643                       544     99      491
  SINCE MAR 1   1629                      1537     92     1654
  SINCE JUL 1   6520                      6695   -175     6348

 COOLING
  YESTERDAY        0                         0      0        0
  MONTH TO DATE    0                         0      0        2
  SINCE MAR 1      0                         0      0        2
  SINCE JAN 1      0                         0      0        2
..................................................................







THE GRAY ME CLIMATE NORMALS FOR TODAY
                         NORMAL
 MAXIMUM TEMPERATURE (F)   58
 MINIMUM TEMPERATURE (F)   39


SUNRISE AND SUNSET
APRIL 26 2018.........SUNRISE   540 AM EDT   SUNSET   738 PM EDT
APRIL 27 2018.........SUNRISE   539 AM EDT   SUNSET   739 PM EDT


-  INDICATES NEGATIVE NUMBERS.
R  INDICATES RECORD WAS SET OR TIED.
MM INDICATES DATA IS MISSING.
T  INDICATES TRACE AMOUNT.




$$
