000
CDUS41 KGYX 260805
CLIGYX


CLIMATE REPORT
NATIONAL WEATHER SERVICE GRAY ME
405 AM EDT SUN MAY 26 2019


...................................

...THE GRAY ME CLIMATE SUMMARY FOR MAY 25 2019...

CLIMATE NORMAL PERIOD 1981 TO 2010
CLIMATE RECORD PERIOD 1995 TO 2019


WEATHER ITEM   OBSERVED TIME   RECORD YEAR NORMAL DEPARTURE LAST
                VALUE   (LST)  VALUE       VALUE  FROM      YEAR
                                                  NORMAL
..................................................................
TEMPERATURE (F)
 YESTERDAY
  MAXIMUM         72        MM  91    2007  68      4       88
  MINIMUM         48        MM  MM      MM  47      1       47
  AVERAGE         60                        58      2       68

PRECIPITATION (IN)
  YESTERDAY        0.08         MM      MM   0.13  -0.05      T
  MONTH TO DATE    3.64                      3.10   0.54     0.79
  SINCE MAR 1     11.33                     11.65  -0.32     8.41
  SINCE JAN 1     19.35                     18.49   0.86    15.58

SNOWFALL (IN)
  YESTERDAY        0.0          MM      MM   0.0    0.0      0.0
  MONTH TO DATE    0.0                       0.2   -0.2      0.0
  SINCE MAR 1     18.4                      24.9   -6.5     27.0
  SINCE JUL 1     79.1                      84.0   -4.9     96.9
  SNOW DEPTH       0

DEGREE DAYS
 HEATING
  YESTERDAY        5                         8     -3        0
  MONTH TO DATE  340                       280     60      206
  SINCE MAR 1   2032                      1897    135     1909
  SINCE JUL 1   7433                      7055    378     6800

 COOLING
  YESTERDAY        0                         1     -1        3
  MONTH TO DATE    0                         1     -1        6
  SINCE MAR 1      0                         2     -2        6
  SINCE JAN 1      0                         2     -2        6
..................................................................







THE GRAY ME CLIMATE NORMALS FOR TODAY
                         NORMAL
 MAXIMUM TEMPERATURE (F)   68
 MINIMUM TEMPERATURE (F)   47


SUNRISE AND SUNSET
MAY 26 2019...........SUNRISE   506 AM EDT   SUNSET   811 PM EDT
MAY 27 2019...........SUNRISE   505 AM EDT   SUNSET   812 PM EDT


-  INDICATES NEGATIVE NUMBERS.
R  INDICATES RECORD WAS SET OR TIED.
MM INDICATES DATA IS MISSING.
T  INDICATES TRACE AMOUNT.




$$
