000
CDUS44 KJAN 230704
CLIHBG


CLIMATE REPORT
NATIONAL WEATHER SERVICE JACKSON MS
201 AM CDT MON APR 23 2018


...................................

...THE HATTIESBURG CLIMATE SUMMARY FOR APRIL 22 2018...

CLIMATE NORMAL PERIOD 1981 TO 2010
CLIMATE RECORD PERIOD 1948 TO 2018


WEATHER ITEM   OBSERVED TIME   RECORD YEAR NORMAL DEPARTURE LAST
                VALUE   (LST)  VALUE       VALUE  FROM      YEAR
                                                  NORMAL
..................................................................
TEMPERATURE (F)
 YESTERDAY
  MAXIMUM         76    148 PM  93    1987  80     -4       85
  MINIMUM         59   1051 PM  42    1993  54      5       58
  AVERAGE         68                        67      1       72

PRECIPITATION (IN)
  YESTERDAY        0.34          3.95 1977   0.18   0.16     1.24
  MONTH TO DATE    6.15                      3.85   2.30     4.28
  SINCE MAR 1     10.66                      9.35   1.31     7.42
  SINCE JAN 1     23.09                     20.48   2.61    19.02

SNOWFALL (IN)
  YESTERDAY        0.0

DEGREE DAYS
 HEATING
  YESTERDAY        0                         2     -2        0
  MONTH TO DATE   93                        75     18       28
  SINCE MAR 1    301                       292      9      171
  SINCE JUL 1   1876                      1970    -94     1138

 COOLING
  YESTERDAY        3                         4     -1        7
  MONTH TO DATE   25                        57    -32       95
  SINCE MAR 1     72                        90    -18      183
  SINCE JAN 1    154                       105     49      252
..................................................................


WIND (MPH)
  HIGHEST WIND SPEED    23   HIGHEST WIND DIRECTION     W (250)
  HIGHEST GUST SPEED    32   HIGHEST GUST DIRECTION     W (280)
  AVERAGE WIND SPEED     7.3


SKY COVER
  POSSIBLE SUNSHINE  MM
  AVERAGE SKY COVER 0.7


WEATHER CONDITIONS
 THE FOLLOWING WEATHER WAS RECORDED YESTERDAY.
  RAIN
  LIGHT RAIN
  FOG


RELATIVE HUMIDITY (PERCENT)
 HIGHEST   100           100 AM
 LOWEST     73           500 PM
 AVERAGE    87

..........................................................


THE HATTIESBURG CLIMATE NORMALS FOR TODAY
                         NORMAL    RECORD    YEAR
 MAXIMUM TEMPERATURE (F)   80        90      2008
 MINIMUM TEMPERATURE (F)   55        41      1959


SUNRISE AND SUNSET
APRIL 23 2018.........SUNRISE   620 AM CDT   SUNSET   731 PM CDT
APRIL 24 2018.........SUNRISE   619 AM CDT   SUNSET   732 PM CDT


-  INDICATES NEGATIVE NUMBERS.
R  INDICATES RECORD WAS SET OR TIED.
MM INDICATES DATA IS MISSING.
T  INDICATES TRACE AMOUNT.




$$
