323
CDUS44 KJAN 192226
CLIHBG


CLIMATE REPORT
NATIONAL WEATHER SERVICE JACKSON MS
526 PM CDT SUN MAY 19 2019


...................................

...THE HATTIESBURG CLIMATE SUMMARY FOR MAY 19 2019...
VALID AS OF 0500 PM LOCAL TIME.

CLIMATE NORMAL PERIOD 1981 TO 2010
CLIMATE RECORD PERIOD 1948 TO 2019


WEATHER ITEM   OBSERVED TIME   RECORD YEAR NORMAL DEPARTURE LAST
                VALUE   (LST)  VALUE       VALUE  FROM      YEAR
                                                  NORMAL
..................................................................
TEMPERATURE (F)
 TODAY
  MAXIMUM         79    350 PM  95    1951  86     -7       94
  MINIMUM         68   1214 PM  45    1976  63      5       67
  AVERAGE         74                        75     -1       81

PRECIPITATION (IN)
  TODAY            0.45          2.61 1958   0.15   0.30     0.00
  MONTH TO DATE    5.65                      2.99   2.66     0.02
  SINCE MAR 1     17.45                     13.42   4.03    10.92
  SINCE JAN 1     28.73                     24.55   4.18    23.35

SNOWFALL (IN)
  TODAY            0.0

DEGREE DAYS
 HEATING
  TODAY            0                         0      0        0
  MONTH TO DATE    0                         5     -5        0
  SINCE MAR 1    317                       305     12      313
  SINCE JUL 1   1734                      1983   -249     1888

 COOLING
  TODAY            9                        10     -1       16
  MONTH TO DATE  163                       144     19      199
  SINCE MAR 1    296                       269     27      273
  SINCE JAN 1    337                       284     53      355
..................................................................


WIND (MPH)
  HIGHEST WIND SPEED    16   HIGHEST WIND DIRECTION     W (290)
  HIGHEST GUST SPEED    22   HIGHEST GUST DIRECTION     W (280)
  AVERAGE WIND SPEED     4.7


SKY COVER
  POSSIBLE SUNSHINE  MM
  AVERAGE SKY COVER 0.4


WEATHER CONDITIONS
 THE FOLLOWING WEATHER WAS RECORDED TODAY.
  THUNDERSTORM
  HEAVY RAIN
  LIGHT RAIN
  FOG


RELATIVE HUMIDITY (PERCENT)
 HIGHEST   100           500 AM
 LOWEST     67           300 PM
 AVERAGE    84

..........................................................


THE HATTIESBURG CLIMATE NORMALS FOR TOMORROW
                         NORMAL    RECORD    YEAR
 MAXIMUM TEMPERATURE (F)   87        95      1962
                                             1948
                                             1937
 MINIMUM TEMPERATURE (F)   63        44      1894


SUNRISE AND SUNSET
MAY 19 2019...........SUNRISE   559 AM CDT   SUNSET   748 PM CDT
MAY 20 2019...........SUNRISE   558 AM CDT   SUNSET   749 PM CDT


-  INDICATES NEGATIVE NUMBERS.
R  INDICATES RECORD WAS SET OR TIED.
MM INDICATES DATA IS MISSING.
T  INDICATES TRACE AMOUNT.




$$
