131
CDUS44 KJAN 210841
CLIHBG


CLIMATE REPORT
NATIONAL WEATHER SERVICE JACKSON MS
338 AM CDT THU MAR 21 2019


...................................

...THE HATTIESBURG CLIMATE SUMMARY FOR MARCH 20 2019...

CLIMATE NORMAL PERIOD 1981 TO 2010
CLIMATE RECORD PERIOD 1948 TO 2019


WEATHER ITEM   OBSERVED TIME   RECORD YEAR NORMAL DEPARTURE LAST
                VALUE   (LST)  VALUE       VALUE  FROM      YEAR
                                                  NORMAL
..................................................................
TEMPERATURE (F)
 YESTERDAY
  MAXIMUM         71    323 PM  99    1907  72     -1       69
  MINIMUM         34    627 AM  26    1923  48    -14       45
  AVERAGE         53                        60     -7       57

PRECIPITATION (IN)
  YESTERDAY        0.00          3.90 1943   0.17  -0.17     0.00
  MONTH TO DATE    3.03                      3.58  -0.55     3.22
  SINCE MAR 1      3.03                      3.58  -0.55     3.22
  SINCE JAN 1     14.31                     14.71  -0.40    15.65

SNOWFALL (IN)
  YESTERDAY        0.0

DEGREE DAYS
 HEATING
  YESTERDAY       12                         6      6        8
  MONTH TO DATE  174                       158     16      170
  SINCE MAR 1    174                       158     16      170
  SINCE JUL 1   1591                      1836   -245     1745

 COOLING
  YESTERDAY        0                         1     -1        0
  MONTH TO DATE   31                        20     11       19
  SINCE MAR 1     31                        20     11       19
  SINCE JAN 1     72                        35     37      101
..................................................................


WIND (MPH)
  HIGHEST WIND SPEED    13   HIGHEST WIND DIRECTION     N (340)
  HIGHEST GUST SPEED    16   HIGHEST GUST DIRECTION    NW (330)
  AVERAGE WIND SPEED     2.2


SKY COVER
  POSSIBLE SUNSHINE  MM
  AVERAGE SKY COVER 0.0


WEATHER CONDITIONS
 THE FOLLOWING WEATHER WAS RECORDED YESTERDAY.
  NO SIGNIFICANT WEATHER WAS OBSERVED.


RELATIVE HUMIDITY (PERCENT)
 HIGHEST    96           600 AM
 LOWEST     22           300 PM
 AVERAGE    59

..........................................................


THE HATTIESBURG CLIMATE NORMALS FOR TODAY
                         NORMAL    RECORD    YEAR
 MAXIMUM TEMPERATURE (F)   73        91      1907
 MINIMUM TEMPERATURE (F)   48        26      1965


SUNRISE AND SUNSET
MARCH 21 2019.........SUNRISE   700 AM CDT   SUNSET   709 PM CDT
MARCH 22 2019.........SUNRISE   659 AM CDT   SUNSET   710 PM CDT


-  INDICATES NEGATIVE NUMBERS.
R  INDICATES RECORD WAS SET OR TIED.
MM INDICATES DATA IS MISSING.
T  INDICATES TRACE AMOUNT.




$$
