000
CDUS41 KLWX 270525
CLIHGR


CLIMATE REPORT
NATIONAL WEATHER SERVICE BALTIMORE MD/WASHINGTON DC
124 AM EDT MON MAY 27 2019


...................................

...THE HAGERSTOWN MD CLIMATE SUMMARY FOR MAY 26 2019...

CLIMATE NORMAL PERIOD 1981 TO 2010
CLIMATE RECORD PERIOD 1998 TO 2019


WEATHER ITEM   OBSERVED TIME   NORMAL DEPARTURE LAST
                VALUE   (LST)  VALUE  FROM      YEAR
                                      NORMAL
......................................................
TEMPERATURE (F)
 YESTERDAY
  MAXIMUM         86    437 PM  75     11       91
  MINIMUM         66    446 AM  55     11       72
  AVERAGE         76            65     11       82

PRECIPITATION (IN)
  YESTERDAY        0.05          0.14  -0.09     0.70
  MONTH TO DATE    5.23          3.31   1.92     4.39
  SINCE MAR 1     12.58         10.25   2.33    10.47
  SINCE JAN 1     18.98         15.48   3.50    16.97

DEGREE DAYS
 HEATING
  YESTERDAY        0             3     -3        0
  MONTH TO DATE   59           141    -82       28
  SINCE MAR 1    994          1252   -258     1293
  SINCE JUL 1   4557          5155   -598     4706

 COOLING
  YESTERDAY       11             3      8       17
  MONTH TO DATE  112            42     70      128
  SINCE MAR 1    125            57     68      143
  SINCE JAN 1    125            57     68      148
......................................................


WIND (MPH)
  HIGHEST WIND SPEED    21   HIGHEST WIND DIRECTION    SW (220)
  HIGHEST GUST SPEED    21   HIGHEST GUST DIRECTION    SW (220)
  AVERAGE WIND SPEED     6.1


SKY COVER
  POSSIBLE SUNSHINE  MM
  AVERAGE SKY COVER 0.2


WEATHER CONDITIONS
 THE FOLLOWING WEATHER WAS RECORDED YESTERDAY.
  THUNDERSTORM
  LIGHT RAIN
  FOG
  FOG W/VISIBILITY <= 1/4 MILE


RELATIVE HUMIDITY (PERCENT)
 HIGHEST    93           400 AM
 LOWEST     51           600 PM
 AVERAGE    72

..........................................................


THE HAGERSTOWN MD CLIMATE NORMALS FOR TODAY
                         NORMAL    RECORD    YEAR
 MAXIMUM TEMPERATURE (F)   75        MM        MM
 MINIMUM TEMPERATURE (F)   55        MM        MM


SUNRISE AND SUNSET
MAY 27 2019...........SUNRISE   548 AM EDT   SUNSET   829 PM EDT
MAY 28 2019...........SUNRISE   547 AM EDT   SUNSET   830 PM EDT


-  INDICATES NEGATIVE NUMBERS.
R  INDICATES RECORD WAS SET OR TIED.
MM INDICATES DATA IS MISSING.
T  INDICATES TRACE AMOUNT.




$$
