000
CDUS46 KPQR 200221
CLIHIO


CLIMATE REPORT
NATIONAL WEATHER SERVICE PORTLAND OREGON
721 PM PDT SUN MAY 19 2019


...................................

...THE HILLSBORO OR CLIMATE SUMMARY FOR MAY 19 2019...
VALID TODAY AS OF 0700 PM LOCAL TIME.

CLIMATE NORMAL PERIOD 1981 TO 2010
CLIMATE RECORD PERIOD 1929 TO 2019


WEATHER ITEM   OBSERVED TIME   RECORD YEAR NORMAL DEPARTURE LAST
                VALUE   (LST)  VALUE       VALUE  FROM      YEAR
                                                  NORMAL
..................................................................
TEMPERATURE (F)
 TODAY
  MAXIMUM         62    303 PM  88    1963  68     -6       72
  MINIMUM         50    527 AM  34    1941  45      5       48
  AVERAGE         56                        57     -1       60

PRECIPITATION (IN)
  TODAY            0.34                      0.06   0.28     0.00
  MONTH TO DATE    0.95                      1.52  -0.57     0.10
  SINCE OCT 1     24.30                     35.12 -10.82    25.83
  SINCE JAN 1     13.62                     18.73  -5.11    13.53

DEGREE DAYS
 HEATING
  TODAY            9                                         5
  MONTH TO DATE  126                                        96
  SINCE MAR 1   1146                                      1120
  SINCE JUL 1   4504                                      4346

 COOLING
  TODAY            0                                         0
  MONTH TO DATE    5                                         8
  SINCE MAR 1      5                                        12
  SINCE JAN 1      5                                        12
..................................................................


WIND (MPH)
  HIGHEST WIND SPEED    13   HIGHEST WIND DIRECTION    NW (310)
  HIGHEST GUST SPEED    15   HIGHEST GUST DIRECTION    NW (300)
  AVERAGE WIND SPEED     4.0


SKY COVER
  POSSIBLE SUNSHINE  MM
  AVERAGE SKY COVER 1.0


WEATHER CONDITIONS
 THE FOLLOWING WEATHER WAS RECORDED TODAY.
  HEAVY RAIN
  RAIN
  LIGHT RAIN
  FOG


RELATIVE HUMIDITY (PERCENT)
 HIGHEST   100           100 AM
 LOWEST     64          1200 PM
 AVERAGE    82

..........................................................


THE HILLSBORO OR CLIMATE NORMALS FOR TOMORROW
                         NORMAL    RECORD    YEAR
 MAXIMUM TEMPERATURE (F)   69        92      1963
 MINIMUM TEMPERATURE (F)   45        30      1975


SUNRISE AND SUNSET
MAY 19 2019...........SUNRISE   537 AM PDT   SUNSET   840 PM PDT
MAY 20 2019...........SUNRISE   536 AM PDT   SUNSET   841 PM PDT


-  INDICATES NEGATIVE NUMBERS.
R  INDICATES RECORD WAS SET OR TIED.
MM INDICATES DATA IS MISSING.
T  INDICATES TRACE AMOUNT.




$$
