311
CDUS46 KPQR 231148
CLIHIO


CLIMATE REPORT
NATIONAL WEATHER SERVICE PORTLAND OREGON
448 AM PDT WED MAY 23 2018


...................................

...THE HILLSBORO OR CLIMATE SUMMARY FOR MAY 22 2018...

CLIMATE NORMAL PERIOD 1981 TO 2010
CLIMATE RECORD PERIOD 1929 TO 2018


WEATHER ITEM   OBSERVED TIME   RECORD YEAR NORMAL DEPARTURE LAST
                VALUE   (LST)  VALUE       VALUE  FROM      YEAR
                                                  NORMAL
..................................................................
TEMPERATURE (F)
 YESTERDAY
  MAXIMUM         87    417 PM  94    2001  69     18       91
  MINIMUM         47    504 AM  32    1960  45      2       55
  AVERAGE         67                        57     10       73

PRECIPITATION (IN)
  YESTERDAY        0.00          1.00 2013   0.06  -0.06
  MONTH TO DATE    0.10                      1.70  -1.60
  SINCE OCT 1     25.83                     35.30  -9.47
  SINCE JAN 1     13.53                     18.91  -5.38

SNOWFALL (IN)
  YESTERDAY        0.0
  MONTH TO DATE    0.0
  SINCE MAR 1      0.0
  SINCE JUL 1      0.0
  SNOW DEPTH       0

DEGREE DAYS
 HEATING
  YESTERDAY        0                         8     -8
  MONTH TO DATE  107                       220   -113
  SINCE JUL 1   4357                      4782   -425

 COOLING
  YESTERDAY        2                         0      2
  MONTH TO DATE   10                         0     10
  SINCE JAN 1     14                         0     14
..................................................................


WIND (MPH)
  HIGHEST WIND SPEED    14   HIGHEST WIND DIRECTION    NW (300)
  HIGHEST GUST SPEED    17   HIGHEST GUST DIRECTION     W (290)
  AVERAGE WIND SPEED     4.1


SKY COVER
  POSSIBLE SUNSHINE  MM
  AVERAGE SKY COVER 0.0


WEATHER CONDITIONS
 THE FOLLOWING WEATHER WAS RECORDED YESTERDAY.
  NO SIGNIFICANT WEATHER WAS OBSERVED.


RELATIVE HUMIDITY (PERCENT)
 HIGHEST    75           700 AM
 LOWEST     35           400 PM
 AVERAGE    55

..........................................................


THE HILLSBORO OR CLIMATE NORMALS FOR TODAY
                         NORMAL    RECORD    YEAR
 MAXIMUM TEMPERATURE (F)   69        91      1999
 MINIMUM TEMPERATURE (F)   46        32      1964


SUNRISE AND SUNSET
MAY 23 2018...........SUNRISE   533 AM PDT   SUNSET   845 PM PDT
MAY 24 2018...........SUNRISE   532 AM PDT   SUNSET   846 PM PDT


-  INDICATES NEGATIVE NUMBERS.
R  INDICATES RECORD WAS SET OR TIED.
MM INDICATES DATA IS MISSING.
T  INDICATES TRACE AMOUNT.




$$
