000
CDUS46 KHNX 230027
CLIHJO


CLIMATE REPORT
NATIONAL WEATHER SERVICE SAN JOAQUIN VALLEY, CA
527 PM PDT WED MAY 22 2019


...................................

...THE HANFORD CA CLIMATE SUMMARY FOR MAY 22 2019...
VALID AS OF 0500 PM LOCAL TIME.

CLIMATE NORMAL PERIOD 1981 TO 2010
CLIMATE RECORD PERIOD 1998 TO 2019


WEATHER ITEM   OBSERVED TIME   RECORD YEAR NORMAL DEPARTURE LAST
                VALUE   (LST)  VALUE       VALUE  FROM      YEAR
                                                  NORMAL
..................................................................
TEMPERATURE (F)
 TODAY
  MAXIMUM         71    356 PM 102    2001  86    -15       87
  MINIMUM         52    520 AM  47    2010  55     -3       55
  AVERAGE         62                        70     -8       71

PRECIPITATION (IN)
  TODAY            T             0.02 2006   0.01  -0.01     0.00
  MONTH TO DATE    1.03                      0.33   0.70     0.00
  SINCE OCT 1      8.70                      9.65  -0.95     4.70
  SINCE JAN 1      6.83                      6.52   0.31     4.29

SNOWFALL (IN)
  TODAY            0.0
  MONTH TO DATE    0.0
  SINCE MAR 1      0.0
  SINCE JUL 1      0.0
  SNOW DEPTH       0

DEGREE DAYS
 HEATING
  TODAY            3                                         0
  MONTH TO DATE   32                                         7
  SINCE MAR 1    365                                       372
  SINCE JUL 1   2103                                      2042

 COOLING
  TODAY            0                                         6
  MONTH TO DATE   69                                       116
  SINCE MAR 1    160                                       185
  SINCE JAN 1    160                                       185
..................................................................


WIND (MPH)
  HIGHEST WIND SPEED    16   HIGHEST WIND DIRECTION    NW (310)
  HIGHEST GUST SPEED    19   HIGHEST GUST DIRECTION    NW (320)
  AVERAGE WIND SPEED     6.6




RELATIVE HUMIDITY (PERCENT)
 HIGHEST    89
 LOWEST     40
 AVERAGE    65

..........................................................


THE HANFORD CA CLIMATE NORMALS FOR TOMORROW
                         NORMAL    RECORD    YEAR
 MAXIMUM TEMPERATURE (F)   86       102      2017
 MINIMUM TEMPERATURE (F)   55        44      2010


SUNRISE AND SUNSET
MAY 22 2019...........SUNRISE   547 AM PDT   SUNSET   804 PM PDT
MAY 23 2019...........SUNRISE   547 AM PDT   SUNSET   804 PM PDT


-  INDICATES NEGATIVE NUMBERS.
R  INDICATES RECORD WAS SET OR TIED.
MM INDICATES DATA IS MISSING.
T  INDICATES TRACE AMOUNT.




$$
