000
CDUS46 KHNX 250826
CLIHJO


CLIMATE REPORT
NATIONAL WEATHER SERVICE SAN JOAQUIN VALLEY, CA
125 AM PDT MON MAR 25 2019


...................................

...THE HANFORD CA AIRPORT CLIMATE SUMMARY FOR MARCH 24 2019...

CLIMATE NORMAL PERIOD 1981 TO 2010
CLIMATE RECORD PERIOD 1998 TO 2019


WEATHER ITEM   OBSERVED TIME   RECORD YEAR NORMAL DEPARTURE LAST
                VALUE   (LST)  VALUE       VALUE  FROM      YEAR
                                                  NORMAL
..................................................................
TEMPERATURE (F)
 YESTERDAY
  MAXIMUM         70    405 PM  83    2014  69      1
  MINIMUM         40    624 AM  34    2009  43     -3
  AVERAGE         55                        56     -1       54

PRECIPITATION (IN)
  YESTERDAY        0.00          0.83 1998   0.04  -0.04
  MONTH TO DATE    1.13                      1.34  -0.21
  SINCE OCT 1      7.32                      8.24  -0.92
  SINCE JAN 1      5.45                      5.11   0.34

SNOWFALL (IN)
  YESTERDAY        0.0
  MONTH TO DATE    0.0
  SINCE MAR 1      0.0
  SINCE JUL 1      0.0
  SNOW DEPTH       0

DEGREE DAYS
 HEATING
  YESTERDAY       10
  MONTH TO DATE  237
  SINCE MAR 1    237
  SINCE JUL 1   1975

 COOLING
  YESTERDAY        0
  MONTH TO DATE    0
  SINCE MAR 1      0
  SINCE JAN 1      0
..................................................................


WIND (MPH)
  HIGHEST WIND SPEED    12   HIGHEST WIND DIRECTION    NW (310)
  HIGHEST GUST SPEED    15   HIGHEST GUST DIRECTION    NW (300)
  AVERAGE WIND SPEED     3.9




RELATIVE HUMIDITY (PERCENT)
 HIGHEST   100
 LOWEST     33
 AVERAGE    67

..........................................................


THE HANFORD CA AIRPORT CLIMATE NORMALS FOR TODAY
                         NORMAL    RECORD    YEAR
 MAXIMUM TEMPERATURE (F)   70        79      2015
                                             2014
                                             1998
 MINIMUM TEMPERATURE (F)   44        37      2009


SUNRISE AND SUNSET
MARCH 25 2019.........SUNRISE   655 AM PDT   SUNSET   715 PM PDT
MARCH 26 2019.........SUNRISE   654 AM PDT   SUNSET   715 PM PDT


-  INDICATES NEGATIVE NUMBERS.
R  INDICATES RECORD WAS SET OR TIED.
MM INDICATES DATA IS MISSING.
T  INDICATES TRACE AMOUNT.




$$
